{"id":1273,"date":"2023-04-27T16:23:06","date_gmt":"2023-04-27T20:23:06","guid":{"rendered":"https:\/\/www.contrataciones.gov.py\/dncp\/?page_id=1273"},"modified":"2025-03-04T08:42:03","modified_gmt":"2025-03-04T11:42:03","slug":"guia-de-carga-de-pbc-electronico","status":"publish","type":"page","link":"https:\/\/www.contrataciones.gov.py\/dncp\/guia-de-carga-de-pbc-electronico\/guia-de-carga-de-pbc-electronico\/","title":{"rendered":"Gu\u00eda de carga de PBC Electr\u00f3nico"},"content":{"rendered":"\n<figure class=\"wp-block-image size-full\"><img loading=\"lazy\" decoding=\"async\" width=\"1920\" height=\"406\" src=\"https:\/\/www.contrataciones.gov.py\/dncp\/wp-content\/uploads\/2025\/03\/Pliego-electronico.jpg\" alt=\"\" class=\"wp-image-17140\" srcset=\"https:\/\/www.contrataciones.gov.py\/dncp\/wp-content\/uploads\/2025\/03\/Pliego-electronico.jpg 1920w, https:\/\/www.contrataciones.gov.py\/dncp\/wp-content\/uploads\/2025\/03\/Pliego-electronico-300x63.jpg 300w, https:\/\/www.contrataciones.gov.py\/dncp\/wp-content\/uploads\/2025\/03\/Pliego-electronico-1024x217.jpg 1024w, https:\/\/www.contrataciones.gov.py\/dncp\/wp-content\/uploads\/2025\/03\/Pliego-electronico-768x162.jpg 768w, https:\/\/www.contrataciones.gov.py\/dncp\/wp-content\/uploads\/2025\/03\/Pliego-electronico-1536x325.jpg 1536w\" sizes=\"auto, (max-width: 1920px) 100vw, 1920px\" \/><\/figure>\n\n\n\n<p>Esta gu\u00eda est\u00e1 dirigida a las Unidades Operativas de Contrataci\u00f3n (UOC) y tiene por objetivo brindar un instrumento orientador y din\u00e1mico que exponga en forma clara y pr\u00e1ctica la creaci\u00f3n de pliegos electr\u00f3nicos a trav\u00e9s del SICP, optimizando de esta manera el proceso de carga del llamado.<\/p>\n\n\n\n<p><strong>GLOSARIO<\/strong><\/p>\n\n\n\n<p><strong>Opcional:<\/strong>&nbsp;Significa que la Convocante puede prescindir de esa cl\u00e1usula, quedando bajo su facultad el establecer si aplica o no para el llamado.<\/p>\n\n\n\n<p><strong>Requerido:<\/strong>&nbsp;Este t\u00e9rmino hace referencia a que las cl\u00e1usulas obligatoriamente deben estar definidas por la Convocante.<\/p>\n\n\n\n<p><strong>Falta Definici\u00f3n:<\/strong>&nbsp;Si aparece esta alerta, es porque algunas de las cl\u00e1usulas \u200brequieren determinaci\u00f3n al solicitar la revisi\u00f3n correspondiente, ya que si alguna de ellas queda sin definici\u00f3n, la Convocante no podr\u00e1 confirmar el pliego.<\/p>\n\n\n\n<p><strong>Requiere Revisi\u00f3n:<\/strong>&nbsp;Si aparece esta alerta, es porque algunas de las cl\u00e1usulas requieren alguna verificaci\u00f3n al solicitar la revisi\u00f3n correspondiente.<\/p>\n\n\n\n<p><strong>Definida:<\/strong>&nbsp;Esto significa que la cl\u00e1usula ya se encuentra completa y firme.<\/p>\n\n\n\n<p><strong>Pesta\u00f1as:<\/strong>&nbsp;Estas pesta\u00f1as sirven como filtro en caso de que la Convocante desee ver solo las cl\u00e1usulas requeridas, o solo aquellas a las que les falta definici\u00f3n, o solo las opcionales, etc., debiendo hacer click sobre dichas pesta\u00f1as.<\/p>\n\n\n\n<figure class=\"wp-block-image size-large\"><img decoding=\"async\" src=\"https:\/\/static.dncp.gov.py\/PublishingImages\/Lists\/GuiasElectronicas\/AllItems\/pliego001.jpg\" alt=\"\"\/><\/figure>\n\n\n\n<p><strong>No Aplica:<\/strong>&nbsp;Se visualizar\u00e1 en algunas secciones dentro de las cl\u00e1usulas la opci\u00f3n de \u201cno aplica\u00bb, en caso que la Convocante opte por no aplicar dicho requerimiento, ya sea como ejemplo \u201cautorizaci\u00f3n del fabricante\u00bb entonces deber\u00e1 tildar esta opci\u00f3n. Al generar el PDF, aparecer\u00e1 el t\u00edtulo de la cl\u00e1usula pero con la aclaraci\u00f3n expresa de que la misma no aplica para ese proceso.<\/p>\n\n\n\n<figure class=\"wp-block-image size-large\"><img decoding=\"async\" src=\"https:\/\/static.dncp.gov.py\/PublishingImages\/Lists\/GuiasElectronicas\/AllItems\/pliego002.jpg\" alt=\"\"\/><\/figure>\n\n\n\n<p><strong>Excluir cl\u00e1usula:<\/strong>&nbsp;Se visualizar\u00e1 en algunas secciones la opci\u00f3n de \u201cExcluir\u00bb la cl\u00e1usula, en caso de que la Convocante opte por excluir dicha cl\u00e1usula, deber\u00e1 tildar esta opci\u00f3n y directamente ya no aparecer\u00e1 en el documento electr\u00f3nico ni a la vista del potencial oferente.<\/p>\n\n\n\n<figure class=\"wp-block-image size-large\"><img decoding=\"async\" src=\"https:\/\/static.dncp.gov.py\/PublishingImages\/Lists\/GuiasElectronicas\/AllItems\/pliego003.jpg\" alt=\"\"\/><\/figure>\n\n\n\n<p><strong>Pre Informaci\u00f3n<\/strong>,<br><\/p>\n\n\n\n<p><strong>Ayuda y Post Informaci\u00f3n:<\/strong>&nbsp;Es importante destacar que cada cl\u00e1usula editable contiene una<br><strong>Pre Informaci\u00f3n<\/strong>, que ser\u00eda un t\u00edtulo introductorio al texto seguido de una<br><strong>Ayuda&nbsp;<\/strong>que la Convocante deber\u00e1 leer antes de completar con los datos, puesto que la misma puede contribuir al mejor entendimiento de lo que se debe escribir; y, por \u00faltimo, la<br><strong>Post Informaci\u00f3n<\/strong>&nbsp;que se encuentra al final como cierre de la cl\u00e1usula.<\/p>\n\n\n\n<p>La pre y post informaci\u00f3n aparecer\u00e1n en el documento final, mientras que la ayuda no ser\u00e1 visible para el proveedor.<\/p>\n\n\n\n<figure class=\"wp-block-image size-large\"><img decoding=\"async\" src=\"https:\/\/static.dncp.gov.py\/PublishingImages\/Lists\/GuiasElectronicas\/AllItems\/pliego004.jpg\" alt=\"\"\/><\/figure>\n\n\n\n<p class=\"has-text-align-center\"><strong>PASOS A SEGUIR EN LA CARGA DEL PLIEGO ELECTR\u00d3NICO<\/strong><\/p>\n\n\n\n<p>1.&nbsp;&nbsp;&nbsp;&nbsp;&nbsp;&nbsp; En primer lugar, la Convocante debe ingresar al Sistema de Informaci\u00f3n de Contrataciones P\u00fablicas (SICP) con su usuario y contrase\u00f1a, a fin de crear el llamado, teniendo en cuenta que al seleccionarse el objeto del llamado, el sistema vincular\u00e1 al tipo de pliego que corresponda seg\u00fan el objeto de la contrataci\u00f3n.<\/p>\n\n\n\n<p>2.&nbsp;&nbsp;&nbsp;&nbsp;&nbsp;&nbsp; Posteriormente, deben ir a la pesta\u00f1a de<br><strong>\u201cInvitados\/Documentos\u00bb,<\/strong>&nbsp;donde posteriormente se visualizar\u00e1 la opci\u00f3n de<br><strong>\u201cCrear Pliego\u00bb,<\/strong>&nbsp;por el cual deben seleccionar la pesta\u00f1a de<br><strong>\u201cCrear\u00bb<\/strong>&nbsp;para comenzar la carga del mismo por secciones<em>.<\/em><\/p>\n\n\n\n<figure class=\"wp-block-image size-large\"><img decoding=\"async\" src=\"https:\/\/static.dncp.gov.py\/PublishingImages\/Lists\/GuiasElectronicas\/AllItems\/pliego005.jpg\" alt=\"\"\/><\/figure>\n\n\n\n<figure class=\"wp-block-image size-large\"><img decoding=\"async\" src=\"https:\/\/static.dncp.gov.py\/PublishingImages\/Lists\/GuiasElectronicas\/AllItems\/pliego006.jpg\" alt=\"\"\/><\/figure>\n\n\n\n<figure class=\"wp-block-image size-large\"><img decoding=\"async\" src=\"https:\/\/static.dncp.gov.py\/PublishingImages\/Lists\/GuiasElectronicas\/AllItems\/pliego007.jpg\" alt=\"\"\/><\/figure>\n\n\n\n<p>3.&nbsp;&nbsp;&nbsp;&nbsp;&nbsp;&nbsp; Seguidamente pasaran a realizar las cargas de todas las secciones establecidas para el PBC Electr\u00f3nico.<\/p>\n\n\n\n<figure class=\"wp-block-image size-large\"><img decoding=\"async\" src=\"https:\/\/static.dncp.gov.py\/PublishingImages\/Lists\/GuiasElectronicas\/AllItems\/pliego008.jpg\" alt=\"\"\/><\/figure>\n\n\n\n<p>4.&nbsp;&nbsp;&nbsp;&nbsp;&nbsp;&nbsp; En esta figura se ejemplifique la carga de la cl\u00e1usula de Idioma de la Oferta correspondiente a la Secci\u00f3n de Datos de la Licitaci\u00f3n, en la cual la Convocante requerir\u00e1 la presentaci\u00f3n de documentos complementarios con idioma diferente al castellano en caso que aplique. Caso contrario debe tildar la opci\u00f3n no aplica sin necesidad de completar el texto.<\/p>\n\n\n\n<figure class=\"wp-block-image size-large\"><img decoding=\"async\" src=\"https:\/\/static.dncp.gov.py\/PublishingImages\/Lists\/GuiasElectronicas\/AllItems\/pliego009.jpg\" alt=\"\"\/><\/figure>\n\n\n\n<p>5.&nbsp;&nbsp;&nbsp;&nbsp;&nbsp;&nbsp; Al completar las cl\u00e1usulas de cada secci\u00f3n, se recomienda ir a la pesta\u00f1a de<br><strong>\u201cGrabar\u00bb<\/strong>&nbsp;a modo de asegurar que la carga realizada en dichas secciones hayan sido almacenadas correctamente. &nbsp;Al finalizar la totalidad de las mismas se generar\u00e1 la primera versi\u00f3n del pliego.<\/p>\n\n\n\n<figure class=\"wp-block-image size-large\"><img decoding=\"async\" src=\"https:\/\/static.dncp.gov.py\/PublishingImages\/Lists\/GuiasElectronicas\/AllItems\/pliego010.jpg\" alt=\"\"\/><\/figure>\n\n\n\n<p>6.&nbsp;&nbsp;&nbsp;&nbsp;&nbsp;&nbsp; Al finalizar la carga de la totalidad de las secciones y haberlas grabado, el pliego quedar\u00e1 en estado de<br><strong>Borrador<\/strong>, pudiendo la Convocante obtener una<br><strong>Vista Preliminar<\/strong>&nbsp;del mismo y si desea introducir alg\u00fan cambio en cualquiera de las cl\u00e1usulas, podr\u00e1 Modificar el pliego y volver a grabar.<\/p>\n\n\n\n<figure class=\"wp-block-image size-large\"><img decoding=\"async\" src=\"https:\/\/static.dncp.gov.py\/PublishingImages\/Lists\/GuiasElectronicas\/AllItems\/pliego011.jpg\" alt=\"\"\/><\/figure>\n\n\n\n<p>7.&nbsp;&nbsp;&nbsp;&nbsp;&nbsp;&nbsp; Una vez que el pliego quede establecido, la Convocante deber\u00e1 seleccionar la opci\u00f3n de<br><strong>Confirmar<\/strong>&nbsp;y posteriormente se generar\u00e1 un<br><strong>\u201cResumen de la versi\u00f3n\u00bb,<\/strong>&nbsp;en donde se indicar\u00e1n las cl\u00e1usulas a las cuales les falta definici\u00f3n o que requieren de revisi\u00f3n, cu\u00e1les se encuentran definidas, adem\u00e1s de aquellas que la Convocante configur\u00f3 como no aplica, las cl\u00e1usulas excluidas y las modificadas.<\/p>\n\n\n\n<figure class=\"wp-block-image size-large\"><img decoding=\"async\" src=\"https:\/\/static.dncp.gov.py\/PublishingImages\/Lists\/GuiasElectronicas\/AllItems\/pliego012.jpg\" alt=\"\"\/><\/figure>\n\n\n\n<figure class=\"wp-block-image size-large\"><img decoding=\"async\" src=\"https:\/\/static.dncp.gov.py\/PublishingImages\/Lists\/GuiasElectronicas\/AllItems\/pliego013.jpg\" alt=\"\"\/><\/figure>\n\n\n\n<p>8.&nbsp;&nbsp;&nbsp;&nbsp;&nbsp;&nbsp; En caso que aparezca la alerta que se observa en la siguiente figura, significa que alguna de las clausulas qued\u00f3 &nbsp;sin definir y que obligatoriamente la Convocante debe completar para poder confirmar el pliego.<\/p>\n\n\n\n<p>Posteriormente cuando todas las clausulas sean definidas se habilitar\u00e1 la pesta\u00f1a de<br><strong>\u201cConfirmar esta versi\u00f3n\u00bb,<\/strong>&nbsp;cre\u00e1ndose de esta forma la primera versi\u00f3n del pliego.<\/p>\n\n\n\n<figure class=\"wp-block-image size-large\"><img decoding=\"async\" src=\"https:\/\/static.dncp.gov.py\/PublishingImages\/Lists\/GuiasElectronicas\/AllItems\/pliego014.jpg\" alt=\"\"\/><\/figure>\n\n\n\n<figure class=\"wp-block-image size-large\"><img decoding=\"async\" src=\"https:\/\/static.dncp.gov.py\/PublishingImages\/Lists\/GuiasElectronicas\/AllItems\/pliego015.jpg\" alt=\"\"\/><\/figure>\n\n\n\n<p>9.&nbsp;&nbsp;&nbsp;&nbsp;&nbsp;&nbsp; Si posterior a la confirmaci\u00f3n del pliego, la Convocante desea modificar la versi\u00f3n 1 del mismo, deber\u00e1 hacer click en la pesta\u00f1a de<br><strong>Desconfirmar y la versi\u00f3n del pliego volver\u00e1 a estado borrador,&nbsp;<\/strong>gener\u00e1ndose de esta forma la versi\u00f3n 2, 3 y as\u00ed sucesivamente correspondiente a las adendas del pliego.<\/p>\n\n\n\n<figure class=\"wp-block-image size-large\"><img decoding=\"async\" src=\"https:\/\/static.dncp.gov.py\/PublishingImages\/Lists\/GuiasElectronicas\/AllItems\/pliego016.jpg\" alt=\"\"\/><\/figure>\n\n\n\n<figure class=\"wp-block-image size-large\"><img decoding=\"async\" src=\"https:\/\/static.dncp.gov.py\/PublishingImages\/Lists\/GuiasElectronicas\/AllItems\/pliego017.jpg\" alt=\"\"\/><\/figure>\n\n\n\n<p>10.&nbsp;&nbsp; El proveedor tendr\u00e1 la posibilidad de ver el documento<br><strong>\u00edntegramente&nbsp;<\/strong>con todas las cl\u00e1usulas de todas las secciones, siendo siempre la \u00faltima versi\u00f3n, el pliego vigente.<\/p>\n\n\n\n<p>Al generarse la segunda o m\u00e1s versiones del pliego, aparecer\u00e1 el comparador, en la cual, se podr\u00e1n visualizar las cl\u00e1usulas que fueron modificadas, contrastando una versi\u00f3n con otra.<\/p>\n\n\n\n<p>Para ello, deber\u00e1 seleccionar la opci\u00f3n<br><strong>\u201cconsultar versiones\u00bb<\/strong>, luego marcar dos versiones de pliegos para realizar la comparaci\u00f3n en caso de que tenga varias versiones. En el ejemplo se seleccionaron las versiones 1 y 2.<\/p>\n\n\n\n<figure class=\"wp-block-image size-large\"><img decoding=\"async\" src=\"https:\/\/static.dncp.gov.py\/PublishingImages\/Lists\/GuiasElectronicas\/AllItems\/pliego018.jpg\" alt=\"\"\/><\/figure>\n\n\n\n<figure class=\"wp-block-image size-large\"><img decoding=\"async\" src=\"https:\/\/static.dncp.gov.py\/PublishingImages\/Lists\/GuiasElectronicas\/AllItems\/pliego019.jpg\" alt=\"\"\/><\/figure>\n\n\n\n<figure class=\"wp-block-image size-large\"><img decoding=\"async\" src=\"https:\/\/static.dncp.gov.py\/PublishingImages\/Lists\/GuiasElectronicas\/AllItems\/pliego020.jpg\" alt=\"\"\/><\/figure>\n","protected":false},"excerpt":{"rendered":"Esta gu\u00eda est\u00e1 dirigida a las Unidades Operativas de Contrataci\u00f3n (UOC) y tiene por objetivo brindar un instrumento orientador y din\u00e1mico que exponga en forma clara y pr\u00e1ctica la creaci\u00f3n de pliegos electr\u00f3nicos a trav\u00e9s del SICP, optimizando de esta manera el proceso de carga del llamado. GLOSARIO Opcional:&nbsp;Significa que la Convocante puede prescindir de [&hellip;]","protected":false},"author":13,"featured_media":0,"parent":1270,"menu_order":0,"comment_status":"closed","ping_status":"closed","template":"","meta":{"footnotes":""},"class_list":["post-1273","page","type-page","status-publish","hentry"],"_links":{"self":[{"href":"https:\/\/www.contrataciones.gov.py\/dncp\/wp-json\/wp\/v2\/pages\/1273","targetHints":{"allow":["GET"]}}],"collection":[{"href":"https:\/\/www.contrataciones.gov.py\/dncp\/wp-json\/wp\/v2\/pages"}],"about":[{"href":"https:\/\/www.contrataciones.gov.py\/dncp\/wp-json\/wp\/v2\/types\/page"}],"author":[{"embeddable":true,"href":"https:\/\/www.contrataciones.gov.py\/dncp\/wp-json\/wp\/v2\/users\/13"}],"replies":[{"embeddable":true,"href":"https:\/\/www.contrataciones.gov.py\/dncp\/wp-json\/wp\/v2\/comments?post=1273"}],"version-history":[{"count":29,"href":"https:\/\/www.contrataciones.gov.py\/dncp\/wp-json\/wp\/v2\/pages\/1273\/revisions"}],"predecessor-version":[{"id":17144,"href":"https:\/\/www.contrataciones.gov.py\/dncp\/wp-json\/wp\/v2\/pages\/1273\/revisions\/17144"}],"up":[{"embeddable":true,"href":"https:\/\/www.contrataciones.gov.py\/dncp\/wp-json\/wp\/v2\/pages\/1270"}],"wp:attachment":[{"href":"https:\/\/www.contrataciones.gov.py\/dncp\/wp-json\/wp\/v2\/media?parent=1273"}],"curies":[{"name":"wp","href":"https:\/\/api.w.org\/{rel}","templated":true}]}}