{"id":13951,"date":"2025-02-03T08:27:28","date_gmt":"2025-02-03T11:27:28","guid":{"rendered":"https:\/\/www.contrataciones.gov.py\/dncp\/?page_id=13951"},"modified":"2025-03-04T08:39:07","modified_gmt":"2025-03-04T11:39:07","slug":"guia-para-descarga-de-planilla-de-items-de-adjudicaciones","status":"publish","type":"page","link":"https:\/\/www.contrataciones.gov.py\/dncp\/guia-para-importacion-de-items-adjudicados\/guia-para-descarga-de-planilla-de-items-de-adjudicaciones\/","title":{"rendered":"Gu\u00eda para descarga de planilla de \u00edtems de adjudicaciones"},"content":{"rendered":"\n<figure class=\"wp-block-image size-full\"><img loading=\"lazy\" decoding=\"async\" width=\"1920\" height=\"406\" src=\"https:\/\/www.contrataciones.gov.py\/dncp\/wp-content\/uploads\/2025\/03\/Descarga-de-planilla-de-items-de-adjudicaciones.jpg\" alt=\"\" class=\"wp-image-17116\" srcset=\"https:\/\/www.contrataciones.gov.py\/dncp\/wp-content\/uploads\/2025\/03\/Descarga-de-planilla-de-items-de-adjudicaciones.jpg 1920w, https:\/\/www.contrataciones.gov.py\/dncp\/wp-content\/uploads\/2025\/03\/Descarga-de-planilla-de-items-de-adjudicaciones-300x63.jpg 300w, https:\/\/www.contrataciones.gov.py\/dncp\/wp-content\/uploads\/2025\/03\/Descarga-de-planilla-de-items-de-adjudicaciones-1024x217.jpg 1024w, https:\/\/www.contrataciones.gov.py\/dncp\/wp-content\/uploads\/2025\/03\/Descarga-de-planilla-de-items-de-adjudicaciones-768x162.jpg 768w, https:\/\/www.contrataciones.gov.py\/dncp\/wp-content\/uploads\/2025\/03\/Descarga-de-planilla-de-items-de-adjudicaciones-1536x325.jpg 1536w\" sizes=\"auto, (max-width: 1920px) 100vw, 1920px\" \/><\/figure>\n\n\n\n<p>1- En el men\u00fa desplegable, el usuario debe seleccionar la opci\u00f3n <strong>Licitaciones<\/strong> y luego hacer clic en <strong>Listado de Licitaciones<\/strong>.<br><\/p>\n\n\n\n<figure class=\"wp-block-image size-full\"><img loading=\"lazy\" decoding=\"async\" width=\"940\" height=\"508\" src=\"https:\/\/www.contrataciones.gov.py\/dncp\/wp-content\/uploads\/2025\/01\/image.png\" alt=\"\" class=\"wp-image-13955\" srcset=\"https:\/\/www.contrataciones.gov.py\/dncp\/wp-content\/uploads\/2025\/01\/image.png 940w, https:\/\/www.contrataciones.gov.py\/dncp\/wp-content\/uploads\/2025\/01\/image-300x162.png 300w, https:\/\/www.contrataciones.gov.py\/dncp\/wp-content\/uploads\/2025\/01\/image-768x415.png 768w\" sizes=\"auto, (max-width: 940px) 100vw, 940px\" \/><\/figure>\n\n\n\n<p>2-  A continuaci\u00f3n, se debe buscar la Licitaci\u00f3n en convocatoria aun en estado de <strong>borrador<\/strong> y hacer clic en <strong>Convocatoria<\/strong>.<br><\/p>\n\n\n\n<figure class=\"wp-block-image size-full\"><img loading=\"lazy\" decoding=\"async\" width=\"940\" height=\"475\" src=\"https:\/\/www.contrataciones.gov.py\/dncp\/wp-content\/uploads\/2025\/01\/image-1.png\" alt=\"\" class=\"wp-image-13959\" srcset=\"https:\/\/www.contrataciones.gov.py\/dncp\/wp-content\/uploads\/2025\/01\/image-1.png 940w, https:\/\/www.contrataciones.gov.py\/dncp\/wp-content\/uploads\/2025\/01\/image-1-300x152.png 300w, https:\/\/www.contrataciones.gov.py\/dncp\/wp-content\/uploads\/2025\/01\/image-1-768x388.png 768w\" sizes=\"auto, (max-width: 940px) 100vw, 940px\" \/><\/figure>\n\n\n\n<p>3- Una vez dentro de los datos de la convocatoria, se debe acceder a la pesta\u00f1a <strong>Productos\/Bienes\/Servicios<\/strong>.<br><\/p>\n\n\n\n<figure class=\"wp-block-image size-full\"><img loading=\"lazy\" decoding=\"async\" width=\"940\" height=\"496\" src=\"https:\/\/www.contrataciones.gov.py\/dncp\/wp-content\/uploads\/2025\/01\/image-2.png\" alt=\"\" class=\"wp-image-13963\" srcset=\"https:\/\/www.contrataciones.gov.py\/dncp\/wp-content\/uploads\/2025\/01\/image-2.png 940w, https:\/\/www.contrataciones.gov.py\/dncp\/wp-content\/uploads\/2025\/01\/image-2-300x158.png 300w, https:\/\/www.contrataciones.gov.py\/dncp\/wp-content\/uploads\/2025\/01\/image-2-768x405.png 768w\" sizes=\"auto, (max-width: 940px) 100vw, 940px\" \/><\/figure>\n\n\n\n<p>4- Dependiendo del sistema de adjudicaci\u00f3n utilizado, la lista de \u00edtems se visualizar\u00e1 de la siguiente manera:<br><\/p>\n\n\n\n<p><strong>Por total<\/strong>: Los \u00edtems se muestran directamente en la pesta\u00f1a principal.<br><\/p>\n\n\n\n<figure class=\"wp-block-image size-full\"><img loading=\"lazy\" decoding=\"async\" width=\"940\" height=\"485\" src=\"https:\/\/www.contrataciones.gov.py\/dncp\/wp-content\/uploads\/2025\/01\/image-3.png\" alt=\"\" class=\"wp-image-13967\" srcset=\"https:\/\/www.contrataciones.gov.py\/dncp\/wp-content\/uploads\/2025\/01\/image-3.png 940w, https:\/\/www.contrataciones.gov.py\/dncp\/wp-content\/uploads\/2025\/01\/image-3-300x155.png 300w, https:\/\/www.contrataciones.gov.py\/dncp\/wp-content\/uploads\/2025\/01\/image-3-768x396.png 768w\" sizes=\"auto, (max-width: 940px) 100vw, 940px\" \/><\/figure>\n\n\n\n<p><strong>Por \u00edtem<\/strong>: Tambi\u00e9n se presentan en la pesta\u00f1a principal.<br><\/p>\n\n\n\n<figure class=\"wp-block-image size-full\"><img loading=\"lazy\" decoding=\"async\" width=\"944\" height=\"365\" src=\"https:\/\/www.contrataciones.gov.py\/dncp\/wp-content\/uploads\/2025\/01\/image-4.png\" alt=\"\" class=\"wp-image-13971\" srcset=\"https:\/\/www.contrataciones.gov.py\/dncp\/wp-content\/uploads\/2025\/01\/image-4.png 944w, https:\/\/www.contrataciones.gov.py\/dncp\/wp-content\/uploads\/2025\/01\/image-4-300x116.png 300w, https:\/\/www.contrataciones.gov.py\/dncp\/wp-content\/uploads\/2025\/01\/image-4-768x297.png 768w\" sizes=\"auto, (max-width: 944px) 100vw, 944px\" \/><\/figure>\n\n\n\n<p><strong>Por lote<\/strong>: Se debe hacer clic en el \u00edcono de <strong>Visualizar<\/strong> (representado por un ojo) para acceder a los datos del lote. Dentro de esta vista, se debe hacer clic en <strong>Grupos<\/strong> para visualizar los \u00edtems correspondientes.<br><\/p>\n\n\n\n<figure class=\"wp-block-image size-full\"><img loading=\"lazy\" decoding=\"async\" width=\"925\" height=\"369\" src=\"https:\/\/www.contrataciones.gov.py\/dncp\/wp-content\/uploads\/2025\/01\/image-5.png\" alt=\"\" class=\"wp-image-13975\" srcset=\"https:\/\/www.contrataciones.gov.py\/dncp\/wp-content\/uploads\/2025\/01\/image-5.png 925w, https:\/\/www.contrataciones.gov.py\/dncp\/wp-content\/uploads\/2025\/01\/image-5-300x120.png 300w, https:\/\/www.contrataciones.gov.py\/dncp\/wp-content\/uploads\/2025\/01\/image-5-768x306.png 768w\" sizes=\"auto, (max-width: 925px) 100vw, 925px\" \/><\/figure>\n\n\n\n<figure class=\"wp-block-image size-full\"><img loading=\"lazy\" decoding=\"async\" width=\"930\" height=\"372\" src=\"https:\/\/www.contrataciones.gov.py\/dncp\/wp-content\/uploads\/2025\/01\/image-6.png\" alt=\"\" class=\"wp-image-13979\" srcset=\"https:\/\/www.contrataciones.gov.py\/dncp\/wp-content\/uploads\/2025\/01\/image-6.png 930w, https:\/\/www.contrataciones.gov.py\/dncp\/wp-content\/uploads\/2025\/01\/image-6-300x120.png 300w, https:\/\/www.contrataciones.gov.py\/dncp\/wp-content\/uploads\/2025\/01\/image-6-768x307.png 768w\" sizes=\"auto, (max-width: 930px) 100vw, 930px\" \/><\/figure>\n\n\n\n<figure class=\"wp-block-image size-full\"><img loading=\"lazy\" decoding=\"async\" width=\"920\" height=\"392\" src=\"https:\/\/www.contrataciones.gov.py\/dncp\/wp-content\/uploads\/2025\/01\/image-7.png\" alt=\"\" class=\"wp-image-13983\" srcset=\"https:\/\/www.contrataciones.gov.py\/dncp\/wp-content\/uploads\/2025\/01\/image-7.png 920w, https:\/\/www.contrataciones.gov.py\/dncp\/wp-content\/uploads\/2025\/01\/image-7-300x128.png 300w, https:\/\/www.contrataciones.gov.py\/dncp\/wp-content\/uploads\/2025\/01\/image-7-768x327.png 768w\" sizes=\"auto, (max-width: 920px) 100vw, 920px\" \/><\/figure>\n\n\n\n<p>5- En la pesta\u00f1a correspondiente a los \u00edtems, se encuentran los siguientes botones con sus respectivas funcionalidades:<br><\/p>\n\n\n\n<ul class=\"wp-block-list\">\n<li><strong>Agregar \u00cdtem<\/strong>: Este bot\u00f3n permite a\u00f1adir nuevos \u00edtems a la adjudicaci\u00f3n de manera manual<\/li>\n\n\n\n<li><strong>Descargar Modelo (.csv)<\/strong>: Esta opci\u00f3n descarga una plantilla en formato CSV que sirve como modelo para la importaci\u00f3n.<\/li>\n\n\n\n<li><strong>Importar Modelo<\/strong>: Permite cargar el archivo CSV previamente completado con los \u00edtems, siguiendo el formato del modelo descargado.<\/li>\n\n\n\n<li><strong>Descargar \u00cdtems (.csv)<\/strong>: Descarga un archivo CSV que contiene los \u00edtems ya cargados en el sistema.<\/li>\n<\/ul>\n\n\n\n<p>Para descargar o importar los archivos mencionados, el usuario debe hacer clic en los botones correspondientes.<br><\/p>\n\n\n\n<ol class=\"wp-block-list\">\n<li><strong>Modelo de Importaci\u00f3n (Descargar Modelo .csv)<\/strong><br><br><\/li>\n<\/ol>\n\n\n\n<figure class=\"wp-block-image size-full\"><img loading=\"lazy\" decoding=\"async\" width=\"945\" height=\"294\" src=\"https:\/\/www.contrataciones.gov.py\/dncp\/wp-content\/uploads\/2025\/01\/image-9.png\" alt=\"\" class=\"wp-image-13995\" srcset=\"https:\/\/www.contrataciones.gov.py\/dncp\/wp-content\/uploads\/2025\/01\/image-9.png 945w, https:\/\/www.contrataciones.gov.py\/dncp\/wp-content\/uploads\/2025\/01\/image-9-300x93.png 300w, https:\/\/www.contrataciones.gov.py\/dncp\/wp-content\/uploads\/2025\/01\/image-9-768x239.png 768w\" sizes=\"auto, (max-width: 945px) 100vw, 945px\" \/><\/figure>\n\n\n\n<p>   <strong> <\/strong>2. <strong>Planilla de \u00cdtems Cargados (Descargar \u00cdtems .csv)<\/strong><br><\/p>\n\n\n\n<figure class=\"wp-block-image size-full\"><img loading=\"lazy\" decoding=\"async\" width=\"941\" height=\"510\" src=\"https:\/\/www.contrataciones.gov.py\/dncp\/wp-content\/uploads\/2025\/01\/image-10.png\" alt=\"\" class=\"wp-image-13999\" srcset=\"https:\/\/www.contrataciones.gov.py\/dncp\/wp-content\/uploads\/2025\/01\/image-10.png 941w, https:\/\/www.contrataciones.gov.py\/dncp\/wp-content\/uploads\/2025\/01\/image-10-300x163.png 300w, https:\/\/www.contrataciones.gov.py\/dncp\/wp-content\/uploads\/2025\/01\/image-10-768x416.png 768w\" sizes=\"auto, (max-width: 941px) 100vw, 941px\" \/><\/figure>\n","protected":false},"excerpt":{"rendered":"1- En el men\u00fa desplegable, el usuario debe seleccionar la opci\u00f3n Licitaciones y luego hacer clic en Listado de Licitaciones. 2- A continuaci\u00f3n, se debe buscar la Licitaci\u00f3n en convocatoria aun en estado de borrador y hacer clic en Convocatoria. 3- Una vez dentro de los datos de la convocatoria, se debe acceder a la [&hellip;]","protected":false},"author":26,"featured_media":0,"parent":14052,"menu_order":0,"comment_status":"closed","ping_status":"closed","template":"","meta":{"footnotes":""},"class_list":["post-13951","page","type-page","status-publish","hentry"],"_links":{"self":[{"href":"https:\/\/www.contrataciones.gov.py\/dncp\/wp-json\/wp\/v2\/pages\/13951","targetHints":{"allow":["GET"]}}],"collection":[{"href":"https:\/\/www.contrataciones.gov.py\/dncp\/wp-json\/wp\/v2\/pages"}],"about":[{"href":"https:\/\/www.contrataciones.gov.py\/dncp\/wp-json\/wp\/v2\/types\/page"}],"author":[{"embeddable":true,"href":"https:\/\/www.contrataciones.gov.py\/dncp\/wp-json\/wp\/v2\/users\/26"}],"replies":[{"embeddable":true,"href":"https:\/\/www.contrataciones.gov.py\/dncp\/wp-json\/wp\/v2\/comments?post=13951"}],"version-history":[{"count":3,"href":"https:\/\/www.contrataciones.gov.py\/dncp\/wp-json\/wp\/v2\/pages\/13951\/revisions"}],"predecessor-version":[{"id":17120,"href":"https:\/\/www.contrataciones.gov.py\/dncp\/wp-json\/wp\/v2\/pages\/13951\/revisions\/17120"}],"up":[{"embeddable":true,"href":"https:\/\/www.contrataciones.gov.py\/dncp\/wp-json\/wp\/v2\/pages\/14052"}],"wp:attachment":[{"href":"https:\/\/www.contrataciones.gov.py\/dncp\/wp-json\/wp\/v2\/media?parent=13951"}],"curies":[{"name":"wp","href":"https:\/\/api.w.org\/{rel}","templated":true}]}}