{"id":17800,"date":"2025-03-10T12:52:43","date_gmt":"2025-03-10T15:52:43","guid":{"rendered":"https:\/\/www.contrataciones.gov.py\/dncp\/?page_id=17800"},"modified":"2025-03-11T08:41:32","modified_gmt":"2025-03-11T11:41:32","slug":"planificacion-y-registro-de-id","status":"publish","type":"page","link":"https:\/\/www.contrataciones.gov.py\/dncp\/guia-de-procedimientos-de-contratacion\/planificacion-y-registro-de-id\/","title":{"rendered":"Planificaci\u00f3n y Registro de ID"},"content":{"rendered":"\n<figure class=\"wp-block-image size-full\"><img loading=\"lazy\" decoding=\"async\" width=\"1920\" height=\"406\" src=\"https:\/\/www.contrataciones.gov.py\/dncp\/wp-content\/uploads\/2025\/03\/Planificacion-y-registro-de-ID.jpg\" alt=\"\" class=\"wp-image-17804\" srcset=\"https:\/\/www.contrataciones.gov.py\/dncp\/wp-content\/uploads\/2025\/03\/Planificacion-y-registro-de-ID.jpg 1920w, https:\/\/www.contrataciones.gov.py\/dncp\/wp-content\/uploads\/2025\/03\/Planificacion-y-registro-de-ID-300x63.jpg 300w, https:\/\/www.contrataciones.gov.py\/dncp\/wp-content\/uploads\/2025\/03\/Planificacion-y-registro-de-ID-1024x217.jpg 1024w, https:\/\/www.contrataciones.gov.py\/dncp\/wp-content\/uploads\/2025\/03\/Planificacion-y-registro-de-ID-768x162.jpg 768w, https:\/\/www.contrataciones.gov.py\/dncp\/wp-content\/uploads\/2025\/03\/Planificacion-y-registro-de-ID-1536x325.jpg 1536w\" sizes=\"auto, (max-width: 1920px) 100vw, 1920px\" \/><\/figure>\n\n\n\n<blockquote class=\"wp-block-quote is-layout-flow wp-block-quote-is-layout-flow\">\n<p><strong><em>Art\u00edculo 21. Elaboraci\u00f3n de PAC.<\/em> <em>Para la elaboraci\u00f3n del PAC, las convocantes deber\u00e1n tener como base lo establecido en el Proyecto Anual de Contrataciones o Pre-Pac, teniendo en cuenta las disposiciones en materia de MIPYMES y dem\u00e1s normativas legales vigentes, de acuerdo a lo establecido en la Gu\u00eda de procedimientos de contrataci\u00f3n<\/em><\/strong>. <strong><em>En casos excepcionales, el PAC podr\u00e1 no coincidir con el Pre-Pac cuando las mismas se deban a modificaciones presupuestarias, surgimiento de nuevas necesidades, cambio de prioridades o ajuste de las condiciones del mercado, requiriendo este \u00faltimo la actualizaci\u00f3n del estudio del mercado. En todos los casos, la convocante deber\u00e1 remitir la justificaci\u00f3n respectiva con la aprobaci\u00f3n del PAC.<\/em><\/strong><\/p>\n<\/blockquote>\n\n\n\n<h2 class=\"wp-block-heading has-text-align-center\"><strong>COMUNICACI\u00d3N DEL PAC<\/strong><\/h2>\n\n\n\n<p>La comunicaci\u00f3n del PAC se realizar\u00e1 a trav\u00e9s del M\u00f3dulo de Planificaci\u00f3n del SICP, teniendo como base lo establecido en el Pre-PAC de conformidad a los lineamientos emitidos por el MEF, para el efecto, los Programas operativos institucionales, necesidades de las dependencias de la instituci\u00f3n, as\u00ed como aquellos an\u00e1lisis previos para el estudio del mercado y dem\u00e1s requerimientos a ser considerados para la elaboraci\u00f3n de los mismos.<\/p>\n\n\n\n<p>Para los casos excepcionales en que el PAC no coincida con el Pre-Pac cuando se deban a:<\/p>\n\n\n\n<ul class=\"wp-block-list\">\n<li>Modificaciones Presupuestarias;<\/li>\n\n\n\n<li>Surgimiento de nuevas necesidades;<\/li>\n\n\n\n<li>Cambio de prioridades;<\/li>\n\n\n\n<li>Ajuste de las condiciones del mercado.<\/li>\n<\/ul>\n\n\n\n<p>La convocante deber\u00e1 adjuntar en el Registro de ID respectivo la justificaci\u00f3n pertinente, ingresando en \u201cDocumentos\u201d, y en acciones \u201cSubir Documento\u201d.<\/p>\n\n\n\n<figure class=\"wp-block-image size-full\"><img loading=\"lazy\" decoding=\"async\" width=\"763\" height=\"486\" src=\"https:\/\/www.contrataciones.gov.py\/dncp\/wp-content\/uploads\/2025\/03\/image-5.png\" alt=\"\" class=\"wp-image-17868\" srcset=\"https:\/\/www.contrataciones.gov.py\/dncp\/wp-content\/uploads\/2025\/03\/image-5.png 763w, https:\/\/www.contrataciones.gov.py\/dncp\/wp-content\/uploads\/2025\/03\/image-5-300x191.png 300w\" sizes=\"auto, (max-width: 763px) 100vw, 763px\" \/><\/figure>\n\n\n\n<blockquote class=\"wp-block-quote is-layout-flow wp-block-quote-is-layout-flow\">\n<p><strong><em>Cuando la modificaci\u00f3n se deba a ajustes en las condiciones del mercado, se deber\u00e1 adjuntar la actualizaci\u00f3n del estudio del mercado en el campo respectivo.<\/em><\/strong><\/p>\n<\/blockquote>\n\n\n\n<p>Adem\u00e1s, se deber\u00e1 adjuntar la Resoluci\u00f3n de la M\u00e1xima Autoridad Institucional por la cual se aprueba el PAC, se deber\u00e1 tener en cuenta la fecha tope de comunicaci\u00f3n establecida en el Art. 23 de la Res. DNCP N\u00ba 230\/25.<\/p>\n\n\n\n<blockquote class=\"wp-block-quote is-layout-flow wp-block-quote-is-layout-flow\">\n<p><strong><em>La convocante podr\u00e1 realizar modificaciones al registro de lD o PAC a trav\u00e9s del m\u00f3dulo del SICP, hasta la fecha tope prevista para la comunicaci\u00f3n del PAC o hasta que se haya comunicado una convocatoria, lo que suceda rimero.<\/em><\/strong><\/p>\n<\/blockquote>\n\n\n\n<p>Una vez que el Registro de ID cuente con una convocatoria comunicada, precluye la etapa de planificaci\u00f3n de dicho procedimiento. En caso de contar con una convocatoria publicada, a\u00fan cuando no se haya cumplido la fecha tope de comunicaci\u00f3n de PAC \u2013 31 de marzo \u2013 el sistema arrojar\u00e1 el siguiente mensaje <em>\u201cNo se puede editar una planificaci\u00f3n publicada cuando ya se cuenta con convocatoria\u201d.<\/em><\/p>\n\n\n\n<figure class=\"wp-block-image size-full\"><img loading=\"lazy\" decoding=\"async\" width=\"1018\" height=\"437\" src=\"https:\/\/www.contrataciones.gov.py\/dncp\/wp-content\/uploads\/2025\/03\/image-6.png\" alt=\"\" class=\"wp-image-17884\" srcset=\"https:\/\/www.contrataciones.gov.py\/dncp\/wp-content\/uploads\/2025\/03\/image-6.png 1018w, https:\/\/www.contrataciones.gov.py\/dncp\/wp-content\/uploads\/2025\/03\/image-6-300x129.png 300w, https:\/\/www.contrataciones.gov.py\/dncp\/wp-content\/uploads\/2025\/03\/image-6-768x330.png 768w\" sizes=\"auto, (max-width: 1018px) 100vw, 1018px\" \/><\/figure>\n\n\n\n<h2 class=\"wp-block-heading\">Modificaci\u00f3n al Registro de ID planificado:<\/h2>\n\n\n\n<p>Las entidades conectadas al SIAF solo podr\u00e1n realizar modificaciones al Registro de ID planificado, ser\u00e1n realizadas a trav\u00e9s del Formulario de PAC en el SIAF, los cuales se reflejar\u00e1n en los Certificados de Disponibilidad Presupuestaria que ser\u00e1n comunicados en la etapa del procedimiento que correspondiente.<\/p>\n\n\n\n<figure class=\"wp-block-image size-full\"><img loading=\"lazy\" decoding=\"async\" width=\"745\" height=\"576\" src=\"https:\/\/www.contrataciones.gov.py\/dncp\/wp-content\/uploads\/2025\/03\/image-7.png\" alt=\"\" class=\"wp-image-17892\" srcset=\"https:\/\/www.contrataciones.gov.py\/dncp\/wp-content\/uploads\/2025\/03\/image-7.png 745w, https:\/\/www.contrataciones.gov.py\/dncp\/wp-content\/uploads\/2025\/03\/image-7-300x232.png 300w\" sizes=\"auto, (max-width: 745px) 100vw, 745px\" \/><\/figure>\n\n\n\n<blockquote class=\"wp-block-quote is-layout-flow wp-block-quote-is-layout-flow\">\n<p><strong><em>Las modificaciones en el SIAF, seg\u00fan corresponda, podr\u00e1n ser introducidas hasta antes de la suscripci\u00f3n del contrato.<\/em><\/strong><\/p>\n<\/blockquote>\n\n\n\n<p>Las entidades no conectadas al SIAF, deber\u00e1n realizar las modificaciones en el CDP manual y comunicar a trav\u00e9s del SICP.<\/p>\n\n\n\n<p>El Anexo B-02-04 se encuentra disponible en el marco legal del Portal P\u00fablico, facilitando la b\u00fasqueda estableciendo en el campo \u201cNro\/Texto\u201d, las siglas \u201cCDP\u201d.<\/p>\n\n\n\n<figure class=\"wp-block-image size-full\"><img loading=\"lazy\" decoding=\"async\" width=\"889\" height=\"350\" src=\"https:\/\/www.contrataciones.gov.py\/dncp\/wp-content\/uploads\/2025\/03\/image-8.png\" alt=\"\" class=\"wp-image-17904\" srcset=\"https:\/\/www.contrataciones.gov.py\/dncp\/wp-content\/uploads\/2025\/03\/image-8.png 889w, https:\/\/www.contrataciones.gov.py\/dncp\/wp-content\/uploads\/2025\/03\/image-8-300x118.png 300w, https:\/\/www.contrataciones.gov.py\/dncp\/wp-content\/uploads\/2025\/03\/image-8-768x302.png 768w\" sizes=\"auto, (max-width: 889px) 100vw, 889px\" \/><\/figure>\n\n\n\n<blockquote class=\"wp-block-quote is-layout-flow wp-block-quote-is-layout-flow\">\n<p><strong><em>En todos los casos, la convocante deber\u00e1 remitir la justificaci\u00f3n respectiva de las modificaciones introducidas en la etapa del procedimiento en el que se encuentre, a trav\u00e9s de una nota firmada por el encargado de UOC.<\/em><\/strong><\/p>\n<\/blockquote>\n\n\n\n<h2 class=\"wp-block-heading has-text-align-center\">CAMBIO DEL TIPO DE MODALIDAD O TIPO DE PROCEDIMIENTO<\/h2>\n\n\n\n<p>En la etapa de convocatoria, cuando la modificaci\u00f3n implique el cambio de tipo de modalidad o tipo de procedimiento, podr\u00e1n ser realizadas hasta antes de la publicaci\u00f3n de la convocatoria, para el efecto, deber\u00e1n gestionar la cancelaci\u00f3n interna del proceso en el SICP, pudiendo utilizar el mismo Registro de ID para la nueva modalidad del procedimiento.<\/p>\n\n\n\n<h2 class=\"wp-block-heading has-text-align-center\">MIGRACI\u00d3N DE PAC<\/h2>\n\n\n\n<p>Cuando el procedimiento de contrataci\u00f3n requiera de la migraci\u00f3n del PAC, de conformidad con las disposiciones que la DNCP emita para el efecto, la misma deber\u00e1 realizarse directamente a trav\u00e9s del SICP, ingresando desde su usuario al men\u00fa de Licitaciones, buscando el registro de ID del ejercicio fiscal anterior, e ingresando en la opci\u00f3n \u201cMigrar convocatoria\u201d.<\/p>\n\n\n\n<figure class=\"wp-block-image size-large\"><img loading=\"lazy\" decoding=\"async\" width=\"1024\" height=\"218\" src=\"https:\/\/www.contrataciones.gov.py\/dncp\/wp-content\/uploads\/2025\/03\/image-9-1024x218.png\" alt=\"\" class=\"wp-image-17920\" srcset=\"https:\/\/www.contrataciones.gov.py\/dncp\/wp-content\/uploads\/2025\/03\/image-9-1024x218.png 1024w, https:\/\/www.contrataciones.gov.py\/dncp\/wp-content\/uploads\/2025\/03\/image-9-300x64.png 300w, https:\/\/www.contrataciones.gov.py\/dncp\/wp-content\/uploads\/2025\/03\/image-9-768x164.png 768w, https:\/\/www.contrataciones.gov.py\/dncp\/wp-content\/uploads\/2025\/03\/image-9.png 1174w\" sizes=\"auto, (max-width: 1024px) 100vw, 1024px\" \/><\/figure>\n\n\n\n<p><strong>Una vez migrada la convocatoria, el SICP mostrar\u00e1 el siguiente mensaje:<\/strong><\/p>\n\n\n\n<figure class=\"wp-block-image size-large\"><img loading=\"lazy\" decoding=\"async\" width=\"1024\" height=\"282\" src=\"https:\/\/www.contrataciones.gov.py\/dncp\/wp-content\/uploads\/2025\/03\/image-10-1024x282.png\" alt=\"\" class=\"wp-image-17924\" srcset=\"https:\/\/www.contrataciones.gov.py\/dncp\/wp-content\/uploads\/2025\/03\/image-10-1024x282.png 1024w, https:\/\/www.contrataciones.gov.py\/dncp\/wp-content\/uploads\/2025\/03\/image-10-300x83.png 300w, https:\/\/www.contrataciones.gov.py\/dncp\/wp-content\/uploads\/2025\/03\/image-10-768x212.png 768w, https:\/\/www.contrataciones.gov.py\/dncp\/wp-content\/uploads\/2025\/03\/image-10.png 1169w\" sizes=\"auto, (max-width: 1024px) 100vw, 1024px\" \/><\/figure>\n\n\n\n<p>No se podr\u00e1 realizar la migraci\u00f3n del PAC de los procedimientos que se encuentren en estado Planificado.<\/p>\n","protected":false},"excerpt":{"rendered":"Art\u00edculo 21. Elaboraci\u00f3n de PAC. Para la elaboraci\u00f3n del PAC, las convocantes deber\u00e1n tener como base lo establecido en el Proyecto Anual de Contrataciones o Pre-Pac, teniendo en cuenta las disposiciones en materia de MIPYMES y dem\u00e1s normativas legales vigentes, de acuerdo a lo establecido en la Gu\u00eda de procedimientos de contrataci\u00f3n. En casos excepcionales, [&hellip;]","protected":false},"author":43,"featured_media":0,"parent":17488,"menu_order":3,"comment_status":"closed","ping_status":"closed","template":"","meta":{"footnotes":""},"class_list":["post-17800","page","type-page","status-publish","hentry"],"_links":{"self":[{"href":"https:\/\/www.contrataciones.gov.py\/dncp\/wp-json\/wp\/v2\/pages\/17800","targetHints":{"allow":["GET"]}}],"collection":[{"href":"https:\/\/www.contrataciones.gov.py\/dncp\/wp-json\/wp\/v2\/pages"}],"about":[{"href":"https:\/\/www.contrataciones.gov.py\/dncp\/wp-json\/wp\/v2\/types\/page"}],"author":[{"embeddable":true,"href":"https:\/\/www.contrataciones.gov.py\/dncp\/wp-json\/wp\/v2\/users\/43"}],"replies":[{"embeddable":true,"href":"https:\/\/www.contrataciones.gov.py\/dncp\/wp-json\/wp\/v2\/comments?post=17800"}],"version-history":[{"count":13,"href":"https:\/\/www.contrataciones.gov.py\/dncp\/wp-json\/wp\/v2\/pages\/17800\/revisions"}],"predecessor-version":[{"id":17948,"href":"https:\/\/www.contrataciones.gov.py\/dncp\/wp-json\/wp\/v2\/pages\/17800\/revisions\/17948"}],"up":[{"embeddable":true,"href":"https:\/\/www.contrataciones.gov.py\/dncp\/wp-json\/wp\/v2\/pages\/17488"}],"wp:attachment":[{"href":"https:\/\/www.contrataciones.gov.py\/dncp\/wp-json\/wp\/v2\/media?parent=17800"}],"curies":[{"name":"wp","href":"https:\/\/api.w.org\/{rel}","templated":true}]}}

Planificación y Registro de ID

<figure class="wp-block-image size-full"><img loading="lazy" decoding="async" width="1920" height="406" src="https://www.contrataciones.gov.py/dncp/wp-content/uploads/2025/03/Planificacion-y-registro-de-ID.jpg" alt="" class="wp-image-17804" srcset="https://www.contrataciones.gov.py/dncp/wp-content/uploads/2025/03/Planificacion-y-registro-de-ID.jpg 1920w, https://www.contrataciones.gov.py/dncp/wp-content/uploads/2025/03/Planificacion-y-registro-de-ID-300x63.jpg 300w, https://www.contrataciones.gov.py/dncp/wp-content/uploads/2025/03/Planificacion-y-registro-de-ID-1024x217.jpg 1024w, https://www.contrataciones.gov.py/dncp/wp-content/uploads/2025/03/Planificacion-y-registro-de-ID-768x162.jpg 768w, https://www.contrataciones.gov.py/dncp/wp-content/uploads/2025/03/Planificacion-y-registro-de-ID-1536x325.jpg 1536w" sizes="auto, (max-width: 1920px) 100vw, 1920px" /></figure>



<blockquote class="wp-block-quote is-layout-flow wp-block-quote-is-layout-flow">
<p><strong><em>Artículo 21. Elaboración de PAC.</em> <em>Para la elaboración del PAC, las convocantes deberán tener como base lo establecido en el Proyecto Anual de Contrataciones o Pre-Pac, teniendo en cuenta las disposiciones en materia de MIPYMES y demás normativas legales vigentes, de acuerdo a lo establecido en la Guía de procedimientos de contratación</em></strong>. <strong><em>En casos excepcionales, el PAC podrá no coincidir con el Pre-Pac cuando las mismas se deban a modificaciones presupuestarias, surgimiento de nuevas necesidades, cambio de prioridades o ajuste de las condiciones del mercado, requiriendo este último la actualización del estudio del mercado. En todos los casos, la convocante deberá remitir la justificación respectiva con la aprobación del PAC.</em></strong></p>
</blockquote>



<h2 class="wp-block-heading has-text-align-center"><strong>COMUNICACIÓN DEL PAC</strong></h2>



<p>La comunicación del PAC se realizará a través del Módulo de Planificación del SICP, teniendo como base lo establecido en el Pre-PAC de conformidad a los lineamientos emitidos por el MEF, para el efecto, los Programas operativos institucionales, necesidades de las dependencias de la institución, así como aquellos análisis previos para el estudio del mercado y demás requerimientos a ser considerados para la elaboración de los mismos.</p>



<p>Para los casos excepcionales en que el PAC no coincida con el Pre-Pac cuando se deban a:</p>



<ul class="wp-block-list">
<li>Modificaciones Presupuestarias;</li>



<li>Surgimiento de nuevas necesidades;</li>



<li>Cambio de prioridades;</li>



<li>Ajuste de las condiciones del mercado.</li>
</ul>



<p>La convocante deberá adjuntar en el Registro de ID respectivo la justificación pertinente, ingresando en “Documentos”, y en acciones “Subir Documento”.</p>



<figure class="wp-block-image size-full"><img loading="lazy" decoding="async" width="763" height="486" src="https://www.contrataciones.gov.py/dncp/wp-content/uploads/2025/03/image-5.png" alt="" class="wp-image-17868" srcset="https://www.contrataciones.gov.py/dncp/wp-content/uploads/2025/03/image-5.png 763w, https://www.contrataciones.gov.py/dncp/wp-content/uploads/2025/03/image-5-300x191.png 300w" sizes="auto, (max-width: 763px) 100vw, 763px" /></figure>



<blockquote class="wp-block-quote is-layout-flow wp-block-quote-is-layout-flow">
<p><strong><em>Cuando la modificación se deba a ajustes en las condiciones del mercado, se deberá adjuntar la actualización del estudio del mercado en el campo respectivo.</em></strong></p>
</blockquote>



<p>Además, se deberá adjuntar la Resolución de la Máxima Autoridad Institucional por la cual se aprueba el PAC, se deberá tener en cuenta la fecha tope de comunicación establecida en el Art. 23 de la Res. DNCP Nº 230/25.</p>



<blockquote class="wp-block-quote is-layout-flow wp-block-quote-is-layout-flow">
<p><strong><em>La convocante podrá realizar modificaciones al registro de lD o PAC a través del módulo del SICP, hasta la fecha tope prevista para la comunicación del PAC o hasta que se haya comunicado una convocatoria, lo que suceda rimero.</em></strong></p>
</blockquote>



<p>Una vez que el Registro de ID cuente con una convocatoria comunicada, precluye la etapa de planificación de dicho procedimiento. En caso de contar con una convocatoria publicada, aún cuando no se haya cumplido la fecha tope de comunicación de PAC – 31 de marzo – el sistema arrojará el siguiente mensaje <em>“No se puede editar una planificación publicada cuando ya se cuenta con convocatoria”.</em></p>



<figure class="wp-block-image size-full"><img loading="lazy" decoding="async" width="1018" height="437" src="https://www.contrataciones.gov.py/dncp/wp-content/uploads/2025/03/image-6.png" alt="" class="wp-image-17884" srcset="https://www.contrataciones.gov.py/dncp/wp-content/uploads/2025/03/image-6.png 1018w, https://www.contrataciones.gov.py/dncp/wp-content/uploads/2025/03/image-6-300x129.png 300w, https://www.contrataciones.gov.py/dncp/wp-content/uploads/2025/03/image-6-768x330.png 768w" sizes="auto, (max-width: 1018px) 100vw, 1018px" /></figure>



<h2 class="wp-block-heading">Modificación al Registro de ID planificado:</h2>



<p>Las entidades conectadas al SIAF solo podrán realizar modificaciones al Registro de ID planificado, serán realizadas a través del Formulario de PAC en el SIAF, los cuales se reflejarán en los Certificados de Disponibilidad Presupuestaria que serán comunicados en la etapa del procedimiento que correspondiente.</p>



<figure class="wp-block-image size-full"><img loading="lazy" decoding="async" width="745" height="576" src="https://www.contrataciones.gov.py/dncp/wp-content/uploads/2025/03/image-7.png" alt="" class="wp-image-17892" srcset="https://www.contrataciones.gov.py/dncp/wp-content/uploads/2025/03/image-7.png 745w, https://www.contrataciones.gov.py/dncp/wp-content/uploads/2025/03/image-7-300x232.png 300w" sizes="auto, (max-width: 745px) 100vw, 745px" /></figure>



<blockquote class="wp-block-quote is-layout-flow wp-block-quote-is-layout-flow">
<p><strong><em>Las modificaciones en el SIAF, según corresponda, podrán ser introducidas hasta antes de la suscripción del contrato.</em></strong></p>
</blockquote>



<p>Las entidades no conectadas al SIAF, deberán realizar las modificaciones en el CDP manual y comunicar a través del SICP.</p>



<p>El Anexo B-02-04 se encuentra disponible en el marco legal del Portal Público, facilitando la búsqueda estableciendo en el campo “Nro/Texto”, las siglas “CDP”.</p>



<figure class="wp-block-image size-full"><img loading="lazy" decoding="async" width="889" height="350" src="https://www.contrataciones.gov.py/dncp/wp-content/uploads/2025/03/image-8.png" alt="" class="wp-image-17904" srcset="https://www.contrataciones.gov.py/dncp/wp-content/uploads/2025/03/image-8.png 889w, https://www.contrataciones.gov.py/dncp/wp-content/uploads/2025/03/image-8-300x118.png 300w, https://www.contrataciones.gov.py/dncp/wp-content/uploads/2025/03/image-8-768x302.png 768w" sizes="auto, (max-width: 889px) 100vw, 889px" /></figure>



<blockquote class="wp-block-quote is-layout-flow wp-block-quote-is-layout-flow">
<p><strong><em>En todos los casos, la convocante deberá remitir la justificación respectiva de las modificaciones introducidas en la etapa del procedimiento en el que se encuentre, a través de una nota firmada por el encargado de UOC.</em></strong></p>
</blockquote>



<h2 class="wp-block-heading has-text-align-center">CAMBIO DEL TIPO DE MODALIDAD O TIPO DE PROCEDIMIENTO</h2>



<p>En la etapa de convocatoria, cuando la modificación implique el cambio de tipo de modalidad o tipo de procedimiento, podrán ser realizadas hasta antes de la publicación de la convocatoria, para el efecto, deberán gestionar la cancelación interna del proceso en el SICP, pudiendo utilizar el mismo Registro de ID para la nueva modalidad del procedimiento.</p>



<h2 class="wp-block-heading has-text-align-center">MIGRACIÓN DE PAC</h2>



<p>Cuando el procedimiento de contratación requiera de la migración del PAC, de conformidad con las disposiciones que la DNCP emita para el efecto, la misma deberá realizarse directamente a través del SICP, ingresando desde su usuario al menú de Licitaciones, buscando el registro de ID del ejercicio fiscal anterior, e ingresando en la opción “Migrar convocatoria”.</p>



<figure class="wp-block-image size-large"><img loading="lazy" decoding="async" width="1024" height="218" src="https://www.contrataciones.gov.py/dncp/wp-content/uploads/2025/03/image-9-1024x218.png" alt="" class="wp-image-17920" srcset="https://www.contrataciones.gov.py/dncp/wp-content/uploads/2025/03/image-9-1024x218.png 1024w, https://www.contrataciones.gov.py/dncp/wp-content/uploads/2025/03/image-9-300x64.png 300w, https://www.contrataciones.gov.py/dncp/wp-content/uploads/2025/03/image-9-768x164.png 768w, https://www.contrataciones.gov.py/dncp/wp-content/uploads/2025/03/image-9.png 1174w" sizes="auto, (max-width: 1024px) 100vw, 1024px" /></figure>



<p><strong>Una vez migrada la convocatoria, el SICP mostrará el siguiente mensaje:</strong></p>



<figure class="wp-block-image size-large"><img loading="lazy" decoding="async" width="1024" height="282" src="https://www.contrataciones.gov.py/dncp/wp-content/uploads/2025/03/image-10-1024x282.png" alt="" class="wp-image-17924" srcset="https://www.contrataciones.gov.py/dncp/wp-content/uploads/2025/03/image-10-1024x282.png 1024w, https://www.contrataciones.gov.py/dncp/wp-content/uploads/2025/03/image-10-300x83.png 300w, https://www.contrataciones.gov.py/dncp/wp-content/uploads/2025/03/image-10-768x212.png 768w, https://www.contrataciones.gov.py/dncp/wp-content/uploads/2025/03/image-10.png 1169w" sizes="auto, (max-width: 1024px) 100vw, 1024px" /></figure>



<p>No se podrá realizar la migración del PAC de los procedimientos que se encuentren en estado Planificado.</p>

Artículo 21. Elaboración de PAC. Para la elaboración del PAC, las convocantes deberán tener como base lo establecido en el Proyecto Anual de Contrataciones o Pre-Pac, teniendo en cuenta las disposiciones en materia de MIPYMES y demás normativas legales vigentes, de acuerdo a lo establecido en la Guía de procedimientos de contratación. En casos excepcionales, [&hellip;]
