{"id":18767,"date":"2025-05-28T11:01:54","date_gmt":"2025-05-28T14:01:54","guid":{"rendered":"https:\/\/www.contrataciones.gov.py\/dncp\/?page_id=18767"},"modified":"2026-04-27T12:18:50","modified_gmt":"2026-04-27T15:18:50","slug":"generalidades","status":"publish","type":"page","link":"https:\/\/www.contrataciones.gov.py\/dncp\/guia-de-procedimientos-de-contratacion\/generalidades\/","title":{"rendered":"Generalidades"},"content":{"rendered":"\n<figure class=\"wp-block-image size-large\"><img loading=\"lazy\" decoding=\"async\" width=\"1024\" height=\"217\" src=\"https:\/\/www.contrataciones.gov.py\/dncp\/wp-content\/uploads\/2025\/05\/Generalidades-1024x217.jpg\" alt=\"\" class=\"wp-image-18783\" srcset=\"https:\/\/www.contrataciones.gov.py\/dncp\/wp-content\/uploads\/2025\/05\/Generalidades-1024x217.jpg 1024w, https:\/\/www.contrataciones.gov.py\/dncp\/wp-content\/uploads\/2025\/05\/Generalidades-300x63.jpg 300w, https:\/\/www.contrataciones.gov.py\/dncp\/wp-content\/uploads\/2025\/05\/Generalidades-768x162.jpg 768w, https:\/\/www.contrataciones.gov.py\/dncp\/wp-content\/uploads\/2025\/05\/Generalidades-1536x325.jpg 1536w, https:\/\/www.contrataciones.gov.py\/dncp\/wp-content\/uploads\/2025\/05\/Generalidades.jpg 1920w\" sizes=\"auto, (max-width: 1024px) 100vw, 1024px\" \/><\/figure>\n\n\n\n<h3 class=\"wp-block-heading\">Convocatoria<\/h3>\n\n\n\n<ol start=\"1\" class=\"wp-block-list\">\n<li><strong>TOPE DE CONSULTA:&nbsp;<\/strong>Cuando se prorrogue el plazo de consultas debido a una adenda que modifica el Pliego de Bases y Condiciones (PBC), la convocante solo deber\u00e1 analizar las consultas que se refieran espec\u00edficamente al contenido de la adenda. Las consultas podr\u00e1n realizarse hasta las 12:00 pm. Si durante ese plazo se reciben consultas sobre aspectos del PBC que no fueron modificados, la convocante no est\u00e1 obligada a analizarlas. Sin embargo, deber\u00e1 responder indicando que el oferente debe remitirse a lo ya establecido en el PBC.<\/li>\n\n\n\n<li><strong>CONSULTAS Y RESPUESTAS:\u00a0<\/strong>la aclaraci\u00f3n ser\u00e1 considerada parte integrante del documento cuyo contenido aclare. Las aclaraciones se realizar\u00e1n hasta las 12:00 pm<\/li>\n<\/ol>\n\n\n\n<p>\u3164<\/p>\n\n\n\n<h3 class=\"wp-block-heading\">Identificaci\u00f3n del consultante en consultas electr\u00f3nicas<\/h3>\n\n\n\n<p>En los procedimientos de contrataci\u00f3n convencionales, especiales y excepcionales con difusi\u00f3n previa de car\u00e1cter nacional, r, se requerir\u00e1 la identificaci\u00f3n previa del consultante de conformidad a lo dispuesto en la\u00a0Resoluci\u00f3n DNCP N.\u00ba 1039\/26 \u201cPOR LA CUAL SE REGLAMENTAN DISPOSICIONES APLICABLES A LA FORMULACI\u00d3N DE CONSULTAS EN LOS PROCEDIMIENTOS DE CONTRATACI\u00d3N CONVENCIONALES, ESPECIALES Y EXCEPCIONALES\u201d<\/p>\n\n\n\n<ol class=\"wp-block-list\">\n<li><strong>Car\u00e1cter p\u00fablico de la consulta<\/strong><\/li>\n<\/ol>\n\n\n\n<p>La identificaci\u00f3n del consultante ser\u00e1 de car\u00e1cter p\u00fablico y comprender\u00e1:<\/p>\n\n\n\n<ul class=\"wp-block-list\">\n<li><strong>Inscriptos en el Registro de Proveedores del Estado:<\/strong> nombre, apellido y empresa correspondiente<\/li>\n\n\n\n<li><strong>Identidad Electr\u00f3nica-MITIC<\/strong>: nombre y apellido acompa\u00f1ado de la identificaci\u00f3n de \u201cciudadano\u201d<\/li>\n<\/ul>\n\n\n\n<p>\u3164<\/p>\n\n\n\n<h3 class=\"wp-block-heading\">Procedimiento conforme apartado anterior<\/h3>\n\n\n\n<p>Desde la convocatoria de su inter\u00e9s se debe dar click al bot\u00f3n \u201c<strong>Enviar una Consulta<\/strong>\u201d, el cual estar\u00e1 habilitado cuando el procedimiento a\u00fan cuente con el plazo para realizar consultas.<\/p>\n\n\n\n<figure class=\"wp-block-image size-full\"><img loading=\"lazy\" decoding=\"async\" width=\"885\" height=\"219\" src=\"https:\/\/www.contrataciones.gov.py\/dncp\/wp-content\/uploads\/2026\/04\/image-5.png\" alt=\"\" class=\"wp-image-29526\" srcset=\"https:\/\/www.contrataciones.gov.py\/dncp\/wp-content\/uploads\/2026\/04\/image-5.png 885w, https:\/\/www.contrataciones.gov.py\/dncp\/wp-content\/uploads\/2026\/04\/image-5-300x74.png 300w, https:\/\/www.contrataciones.gov.py\/dncp\/wp-content\/uploads\/2026\/04\/image-5-768x190.png 768w\" sizes=\"auto, (max-width: 885px) 100vw, 885px\" \/><\/figure>\n\n\n\n<p>Una vez que se haya dado click en el bot\u00f3n de <strong>\u201cEnviar una Consulta\u201d<\/strong>, el SICP dirigir\u00e1 la p\u00e1gina para el acceso respectivo, el cu\u00e1l podr\u00e1 ser con el login al Registro de Proveedores del Estado, completando los campos de Usuario y contrase\u00f1a o, a trav\u00e9s de la Identidad Electr\u00f3nica del MITIC, dando click en el acceso correspondiente.<\/p>\n\n\n\n<figure class=\"wp-block-image size-full\"><img loading=\"lazy\" decoding=\"async\" width=\"616\" height=\"581\" src=\"https:\/\/www.contrataciones.gov.py\/dncp\/wp-content\/uploads\/2026\/04\/image-4.png\" alt=\"\" class=\"wp-image-29522\" srcset=\"https:\/\/www.contrataciones.gov.py\/dncp\/wp-content\/uploads\/2026\/04\/image-4.png 616w, https:\/\/www.contrataciones.gov.py\/dncp\/wp-content\/uploads\/2026\/04\/image-4-300x283.png 300w\" sizes=\"auto, (max-width: 616px) 100vw, 616px\" \/><\/figure>\n\n\n\n<p>Al ingresar se desplegar\u00e1 una ventana con los datos de la convocatoria y se deber\u00e1 dar click en la pesta\u00f1a de <strong>\u201cNueva Consulta\u201d<\/strong><img loading=\"lazy\" decoding=\"async\" width=\"100\" height=\"36\" class=\"wp-image-29566\" style=\"width: 100px;\" src=\"https:\/\/www.contrataciones.gov.py\/dncp\/wp-content\/uploads\/2026\/04\/image-10.png\" alt=\"\"><\/p>\n\n\n\n<figure class=\"wp-block-image size-large\"><img loading=\"lazy\" decoding=\"async\" width=\"1024\" height=\"628\" src=\"https:\/\/www.contrataciones.gov.py\/dncp\/wp-content\/uploads\/2026\/04\/image-3-1024x628.png\" alt=\"\" class=\"wp-image-29518\" srcset=\"https:\/\/www.contrataciones.gov.py\/dncp\/wp-content\/uploads\/2026\/04\/image-3-1024x628.png 1024w, https:\/\/www.contrataciones.gov.py\/dncp\/wp-content\/uploads\/2026\/04\/image-3-300x184.png 300w, https:\/\/www.contrataciones.gov.py\/dncp\/wp-content\/uploads\/2026\/04\/image-3-768x471.png 768w, https:\/\/www.contrataciones.gov.py\/dncp\/wp-content\/uploads\/2026\/04\/image-3.png 1130w\" sizes=\"auto, (max-width: 1024px) 100vw, 1024px\" \/><\/figure>\n\n\n\n<p>Una vez clicada la pesta\u00f1a <strong>NUEVA CONSULTA<\/strong> se desplegar\u00e1 la pesta\u00f1a de crear consulta, debiendo el consultante insertar el <strong>TITULO<\/strong> y el contenido de la <strong>CONSULTA<\/strong> propiamente.<\/p>\n\n\n\n<figure class=\"wp-block-image size-full\"><img loading=\"lazy\" decoding=\"async\" width=\"885\" height=\"525\" src=\"https:\/\/www.contrataciones.gov.py\/dncp\/wp-content\/uploads\/2026\/04\/image-6.png\" alt=\"\" class=\"wp-image-29530\" srcset=\"https:\/\/www.contrataciones.gov.py\/dncp\/wp-content\/uploads\/2026\/04\/image-6.png 885w, https:\/\/www.contrataciones.gov.py\/dncp\/wp-content\/uploads\/2026\/04\/image-6-300x178.png 300w, https:\/\/www.contrataciones.gov.py\/dncp\/wp-content\/uploads\/2026\/04\/image-6-768x456.png 768w\" sizes=\"auto, (max-width: 885px) 100vw, 885px\" \/><\/figure>\n\n\n\n<p>Al proceder <strong>GUARDAR<\/strong> la consulta el sistema generar\u00e1 un borrador de consulta, visualizando que el borrador de la consulta se ha guardado exitosamente.<\/p>\n\n\n\n<figure class=\"wp-block-image size-full\"><img loading=\"lazy\" decoding=\"async\" width=\"948\" height=\"555\" src=\"https:\/\/www.contrataciones.gov.py\/dncp\/wp-content\/uploads\/2026\/04\/image-7.png\" alt=\"\" class=\"wp-image-29534\" srcset=\"https:\/\/www.contrataciones.gov.py\/dncp\/wp-content\/uploads\/2026\/04\/image-7.png 948w, https:\/\/www.contrataciones.gov.py\/dncp\/wp-content\/uploads\/2026\/04\/image-7-300x176.png 300w, https:\/\/www.contrataciones.gov.py\/dncp\/wp-content\/uploads\/2026\/04\/image-7-768x450.png 768w\" sizes=\"auto, (max-width: 948px) 100vw, 948px\" \/><\/figure>\n\n\n\n<p class=\"has-vivid-red-color has-text-color has-link-color wp-elements-986428ddf1da7c17cba816d8ac80e284\"><strong>Obs: Contar con un borrador guardado no significa la publicaci\u00f3n autom\u00e1tica de la consulta, la misma requiere de ser \u201cPublicada\u201d por parte del consultante<\/strong>.<\/p>\n\n\n\n<p>Para proceder a la publicaci\u00f3n de la consulta realizada, el usuario deber\u00e1 localizar su consulta y clicar sobre el t\u00edtulo de su consulta de manera a que se despliegue la opci\u00f3n <strong>\u201cPUBLICAR\u201d<\/strong>.<\/p>\n\n\n\n<figure class=\"wp-block-image size-full\"><img loading=\"lazy\" decoding=\"async\" width=\"927\" height=\"378\" src=\"https:\/\/www.contrataciones.gov.py\/dncp\/wp-content\/uploads\/2026\/04\/image-8.png\" alt=\"\" class=\"wp-image-29538\" srcset=\"https:\/\/www.contrataciones.gov.py\/dncp\/wp-content\/uploads\/2026\/04\/image-8.png 927w, https:\/\/www.contrataciones.gov.py\/dncp\/wp-content\/uploads\/2026\/04\/image-8-300x122.png 300w, https:\/\/www.contrataciones.gov.py\/dncp\/wp-content\/uploads\/2026\/04\/image-8-768x313.png 768w\" sizes=\"auto, (max-width: 927px) 100vw, 927px\" \/><\/figure>\n\n\n\n<p><strong>Al dar la orden de PUBLICAR el sistema generar\u00e1 una alerta de PUBLICAR LA CONSULTA, donde deber\u00e1 confirmar o no la presentaci\u00f3n de la consulta. En el caso de confirmar la presentaci\u00f3n el sistema le arrojara un aviso de presentaci\u00f3n exitosa.<\/strong><\/p>\n\n\n\n<figure class=\"wp-block-image size-full\"><img loading=\"lazy\" decoding=\"async\" width=\"885\" height=\"658\" src=\"https:\/\/www.contrataciones.gov.py\/dncp\/wp-content\/uploads\/2026\/04\/image-9.png\" alt=\"\" class=\"wp-image-29542\" srcset=\"https:\/\/www.contrataciones.gov.py\/dncp\/wp-content\/uploads\/2026\/04\/image-9.png 885w, https:\/\/www.contrataciones.gov.py\/dncp\/wp-content\/uploads\/2026\/04\/image-9-300x223.png 300w, https:\/\/www.contrataciones.gov.py\/dncp\/wp-content\/uploads\/2026\/04\/image-9-768x571.png 768w\" sizes=\"auto, (max-width: 885px) 100vw, 885px\" \/><\/figure>\n","protected":false},"excerpt":{"rendered":"Convocatoria \u3164 Identificaci\u00f3n del consultante en consultas electr\u00f3nicas En los procedimientos de contrataci\u00f3n convencionales, especiales y excepcionales con difusi\u00f3n previa de car\u00e1cter nacional, r, se requerir\u00e1 la identificaci\u00f3n previa del consultante de conformidad a lo dispuesto en la\u00a0Resoluci\u00f3n DNCP N.\u00ba 1039\/26 \u201cPOR LA CUAL SE REGLAMENTAN DISPOSICIONES APLICABLES A LA FORMULACI\u00d3N DE CONSULTAS EN LOS [&hellip;]","protected":false},"author":26,"featured_media":0,"parent":17488,"menu_order":1,"comment_status":"closed","ping_status":"closed","template":"","meta":{"footnotes":""},"class_list":["post-18767","page","type-page","status-publish","hentry"],"_links":{"self":[{"href":"https:\/\/www.contrataciones.gov.py\/dncp\/wp-json\/wp\/v2\/pages\/18767","targetHints":{"allow":["GET"]}}],"collection":[{"href":"https:\/\/www.contrataciones.gov.py\/dncp\/wp-json\/wp\/v2\/pages"}],"about":[{"href":"https:\/\/www.contrataciones.gov.py\/dncp\/wp-json\/wp\/v2\/types\/page"}],"author":[{"embeddable":true,"href":"https:\/\/www.contrataciones.gov.py\/dncp\/wp-json\/wp\/v2\/users\/26"}],"replies":[{"embeddable":true,"href":"https:\/\/www.contrataciones.gov.py\/dncp\/wp-json\/wp\/v2\/comments?post=18767"}],"version-history":[{"count":11,"href":"https:\/\/www.contrataciones.gov.py\/dncp\/wp-json\/wp\/v2\/pages\/18767\/revisions"}],"predecessor-version":[{"id":29582,"href":"https:\/\/www.contrataciones.gov.py\/dncp\/wp-json\/wp\/v2\/pages\/18767\/revisions\/29582"}],"up":[{"embeddable":true,"href":"https:\/\/www.contrataciones.gov.py\/dncp\/wp-json\/wp\/v2\/pages\/17488"}],"wp:attachment":[{"href":"https:\/\/www.contrataciones.gov.py\/dncp\/wp-json\/wp\/v2\/media?parent=18767"}],"curies":[{"name":"wp","href":"https:\/\/api.w.org\/{rel}","templated":true}]}}