{"id":19651,"date":"2025-06-12T08:44:31","date_gmt":"2025-06-12T11:44:31","guid":{"rendered":"https:\/\/www.contrataciones.gov.py\/dncp\/?page_id=19651"},"modified":"2025-06-12T10:06:44","modified_gmt":"2025-06-12T13:06:44","slug":"control-para-la-mejora","status":"publish","type":"page","link":"https:\/\/www.contrataciones.gov.py\/dncp\/control-para-la-mejora\/","title":{"rendered":"CONTROL PARA LA MEJORA"},"content":{"rendered":"\n<style>\n .table {\n    width: 100%;\n    border-collapse: collapse;\n  }\n\n  .table th, .table td {\n    border: 1px solid #f2f2f2;\n    padding: 10px;\n    vertical-align: top;\n  }\n\n  .table th {\n    background-color: #f2f2f2;\n    text-align: left;\n  }\n\n  .table tbody tr td:first-child {\n    width: 30%;\n  }\n\n  .table i.fa-download {\n    color: #012533;\n    font-size: 1.2em;\n  }\n\n  .text-center {\n    text-align: center;\n    background-color: #f2f2f2;\n  }\n\n  .table-striped tbody tr:nth-child(even) {\n    background-color: #f2f2f2;\n  }\n\n  .table tbody tr td[colspan=\"3\"] {\n    font-weight: bold;\n    background-color: #f2f2f2;\n    text-align: center;\n  }\n<\/style>\n\n<div class=\"control-table-wrapper\">\n  <figure class=\"wp-block-table\"><table class=\"table table-striped table-bordered table-hover\"><tbody><thead>\n<thead>\n      <tr>\n        <th>Principios<\/th>\n        <th>Descripci\u00f3n<\/th>\n      <\/tr>\n    <\/thead>\n<tbody>\n      <tr>\n        <td rowspan=\"4\" td align=\"left\">Control para la mejora<\/td>\n        <td align=\"left\">An\u00e1lisis cr\u00edtico del sistema de control interno (Uso interno exclusivo de la DNCP) <\/td>\n      <\/tr>\n      <tr>\n        <td align=\"left\">Mejoras cont\u00ednuas (Uso interno exclusivo de la DNCP)<\/td>\n      <\/tr>\n    <\/tbody>\n  <\/table>\n<\/div>\n","protected":false},"excerpt":{"rendered":"Principios Descripci\u00f3n Control para la mejora An\u00e1lisis cr\u00edtico del sistema de control interno (Uso interno exclusivo de la DNCP) Mejoras cont\u00ednuas (Uso interno exclusivo de la DNCP)","protected":false},"author":43,"featured_media":0,"parent":0,"menu_order":0,"comment_status":"closed","ping_status":"closed","template":"","meta":{"footnotes":""},"class_list":["post-19651","page","type-page","status-publish","hentry"],"_links":{"self":[{"href":"https:\/\/www.contrataciones.gov.py\/dncp\/wp-json\/wp\/v2\/pages\/19651","targetHints":{"allow":["GET"]}}],"collection":[{"href":"https:\/\/www.contrataciones.gov.py\/dncp\/wp-json\/wp\/v2\/pages"}],"about":[{"href":"https:\/\/www.contrataciones.gov.py\/dncp\/wp-json\/wp\/v2\/types\/page"}],"author":[{"embeddable":true,"href":"https:\/\/www.contrataciones.gov.py\/dncp\/wp-json\/wp\/v2\/users\/43"}],"replies":[{"embeddable":true,"href":"https:\/\/www.contrataciones.gov.py\/dncp\/wp-json\/wp\/v2\/comments?post=19651"}],"version-history":[{"count":6,"href":"https:\/\/www.contrataciones.gov.py\/dncp\/wp-json\/wp\/v2\/pages\/19651\/revisions"}],"predecessor-version":[{"id":19683,"href":"https:\/\/www.contrataciones.gov.py\/dncp\/wp-json\/wp\/v2\/pages\/19651\/revisions\/19683"}],"wp:attachment":[{"href":"https:\/\/www.contrataciones.gov.py\/dncp\/wp-json\/wp\/v2\/media?parent=19651"}],"curies":[{"name":"wp","href":"https:\/\/api.w.org\/{rel}","templated":true}]}}