{"id":23721,"date":"2025-11-27T09:34:15","date_gmt":"2025-11-27T12:34:15","guid":{"rendered":"https:\/\/www.contrataciones.gov.py\/dncp\/?page_id=23721"},"modified":"2025-11-27T11:23:16","modified_gmt":"2025-11-27T14:23:16","slug":"tienda-virtual","status":"publish","type":"page","link":"https:\/\/www.contrataciones.gov.py\/dncp\/guia-de-uso-de-la-tienda-virtual-para-unidades-compradoras\/tienda-virtual\/","title":{"rendered":"Tienda Virtual"},"content":{"rendered":"\n<figure class=\"wp-block-image size-large\"><img loading=\"lazy\" decoding=\"async\" width=\"1024\" height=\"217\" src=\"https:\/\/www.contrataciones.gov.py\/dncp\/wp-content\/uploads\/2025\/11\/Tienda-Virtual-1024x217.jpg\" alt=\"\" class=\"wp-image-23741\" srcset=\"https:\/\/www.contrataciones.gov.py\/dncp\/wp-content\/uploads\/2025\/11\/Tienda-Virtual-1024x217.jpg 1024w, https:\/\/www.contrataciones.gov.py\/dncp\/wp-content\/uploads\/2025\/11\/Tienda-Virtual-300x63.jpg 300w, https:\/\/www.contrataciones.gov.py\/dncp\/wp-content\/uploads\/2025\/11\/Tienda-Virtual-768x162.jpg 768w, https:\/\/www.contrataciones.gov.py\/dncp\/wp-content\/uploads\/2025\/11\/Tienda-Virtual-1536x325.jpg 1536w, https:\/\/www.contrataciones.gov.py\/dncp\/wp-content\/uploads\/2025\/11\/Tienda-Virtual.jpg 1920w\" sizes=\"auto, (max-width: 1024px) 100vw, 1024px\" \/><\/figure>\n\n\n\n<p class=\"has-text-align-center\">Para realizar compras en la Tienda Virtual, las unidades compradoras deber\u00e1n ingresar al SICP utilizando su usuario y contrase\u00f1a. Una vez dentro del sistema, deber\u00e1n dirigirse a: <strong>M\u00f3dulos > Compras Virtuales > Tienda Virtual.<\/strong><\/p>\n\n\n\n<figure class=\"wp-block-image size-full\"><img loading=\"lazy\" decoding=\"async\" width=\"886\" height=\"334\" src=\"https:\/\/www.contrataciones.gov.py\/dncp\/wp-content\/uploads\/2025\/10\/image-45.png\" alt=\"\" class=\"wp-image-22465\" srcset=\"https:\/\/www.contrataciones.gov.py\/dncp\/wp-content\/uploads\/2025\/10\/image-45.png 886w, https:\/\/www.contrataciones.gov.py\/dncp\/wp-content\/uploads\/2025\/10\/image-45-300x113.png 300w, https:\/\/www.contrataciones.gov.py\/dncp\/wp-content\/uploads\/2025\/10\/image-45-768x290.png 768w\" sizes=\"auto, (max-width: 886px) 100vw, 886px\" \/><\/figure>\n\n\n\n<p>Tambi\u00e9n puede acceder directamente a trav\u00e9s del Portal P\u00fablico, haciendo clic en: <strong>Compras P\u00fablicas &gt; Licitaciones &gt; Tienda Virtual<\/strong>.<\/p>\n\n\n\n<figure class=\"wp-block-image size-full\"><img loading=\"lazy\" decoding=\"async\" width=\"941\" height=\"319\" src=\"https:\/\/www.contrataciones.gov.py\/dncp\/wp-content\/uploads\/2025\/10\/image-46.png\" alt=\"\" class=\"wp-image-22469\" srcset=\"https:\/\/www.contrataciones.gov.py\/dncp\/wp-content\/uploads\/2025\/10\/image-46.png 941w, https:\/\/www.contrataciones.gov.py\/dncp\/wp-content\/uploads\/2025\/10\/image-46-300x102.png 300w, https:\/\/www.contrataciones.gov.py\/dncp\/wp-content\/uploads\/2025\/10\/image-46-768x260.png 768w\" sizes=\"auto, (max-width: 941px) 100vw, 941px\" \/><\/figure>\n\n\n\n<p>El sistema lo redireccionar\u00e1 a una nueva pantalla. All\u00ed deber\u00e1 seleccionar la opci\u00f3n \u201cIniciar Sesi\u00f3n\u201d, ubicada en la parte superior izquierda, e ingresar con el usuario habitual que utiliza en el SICP.<\/p>\n\n\n\n<figure class=\"wp-block-image size-full\"><img loading=\"lazy\" decoding=\"async\" width=\"886\" height=\"418\" src=\"https:\/\/www.contrataciones.gov.py\/dncp\/wp-content\/uploads\/2025\/10\/image-47.png\" alt=\"\" class=\"wp-image-22473\" srcset=\"https:\/\/www.contrataciones.gov.py\/dncp\/wp-content\/uploads\/2025\/10\/image-47.png 886w, https:\/\/www.contrataciones.gov.py\/dncp\/wp-content\/uploads\/2025\/10\/image-47-300x142.png 300w, https:\/\/www.contrataciones.gov.py\/dncp\/wp-content\/uploads\/2025\/10\/image-47-768x362.png 768w\" sizes=\"auto, (max-width: 886px) 100vw, 886px\" \/><\/figure>\n\n\n\n<figure class=\"wp-block-image size-full\"><img loading=\"lazy\" decoding=\"async\" width=\"958\" height=\"484\" src=\"https:\/\/www.contrataciones.gov.py\/dncp\/wp-content\/uploads\/2025\/10\/image-48.png\" alt=\"\" class=\"wp-image-22477\" srcset=\"https:\/\/www.contrataciones.gov.py\/dncp\/wp-content\/uploads\/2025\/10\/image-48.png 958w, https:\/\/www.contrataciones.gov.py\/dncp\/wp-content\/uploads\/2025\/10\/image-48-300x152.png 300w, https:\/\/www.contrataciones.gov.py\/dncp\/wp-content\/uploads\/2025\/10\/image-48-768x388.png 768w\" sizes=\"auto, (max-width: 958px) 100vw, 958px\" \/><\/figure>\n\n\n\n<p>A continuaci\u00f3n, ver\u00e1 que ha ingresado a la Tienda Virtual y que su nombre de usuario aparece en la parte superior central de la pantalla. Es importante asegurarse de estar logueado correctamente al momento de realizar las compras en la plataforma.<\/p>\n\n\n\n<figure class=\"wp-block-image size-full\"><img loading=\"lazy\" decoding=\"async\" width=\"951\" height=\"480\" src=\"https:\/\/www.contrataciones.gov.py\/dncp\/wp-content\/uploads\/2025\/10\/image-49.png\" alt=\"\" class=\"wp-image-22481\" srcset=\"https:\/\/www.contrataciones.gov.py\/dncp\/wp-content\/uploads\/2025\/10\/image-49.png 951w, https:\/\/www.contrataciones.gov.py\/dncp\/wp-content\/uploads\/2025\/10\/image-49-300x151.png 300w, https:\/\/www.contrataciones.gov.py\/dncp\/wp-content\/uploads\/2025\/10\/image-49-768x388.png 768w\" sizes=\"auto, (max-width: 951px) 100vw, 951px\" \/><\/figure>\n\n\n\n<p>En esta secci\u00f3n, podr\u00e1 explorar diferentes opciones para encontrar los productos que necesita adquirir. <\/p>\n\n\n\n<p>La primera forma de b\u00fasqueda es a trav\u00e9s de la barra de men\u00fa, seleccionando la opci\u00f3n <strong>\u201cPRODUCTOS\u201d<\/strong>. Al hacer clic all\u00ed, se desplegar\u00e1n diversas categor\u00edas y subcategor\u00edas de productos. Cabe se\u00f1alar que este orden puede variar con el tiempo, ya que se actualiza conforme se incorporan nuevos art\u00edculos a la Tienda Virtual.<\/p>\n\n\n\n<figure class=\"wp-block-image size-full\"><img loading=\"lazy\" decoding=\"async\" width=\"928\" height=\"574\" src=\"https:\/\/www.contrataciones.gov.py\/dncp\/wp-content\/uploads\/2025\/10\/image-50.png\" alt=\"\" class=\"wp-image-22485\" srcset=\"https:\/\/www.contrataciones.gov.py\/dncp\/wp-content\/uploads\/2025\/10\/image-50.png 928w, https:\/\/www.contrataciones.gov.py\/dncp\/wp-content\/uploads\/2025\/10\/image-50-300x186.png 300w, https:\/\/www.contrataciones.gov.py\/dncp\/wp-content\/uploads\/2025\/10\/image-50-768x475.png 768w\" sizes=\"auto, (max-width: 928px) 100vw, 928px\" \/><\/figure>\n\n\n\n<p>Con esta opci\u00f3n, se podr\u00eda navegar en cada categor\u00eda y sub categor\u00eda hasta encontrar los productos de necesidad.<\/p>\n\n\n\n<p>Tambi\u00e9n puede utilizar el <strong>buscador de cat\u00e1logo<\/strong>, ubicado en el margen superior derecho de la pantalla. En el siguiente ejemplo, realizaremos una b\u00fasqueda ingresando \u201cbol\u00edgrafo\u201d y otros \u00fatiles de oficina.<\/p>\n\n\n\n<figure class=\"wp-block-image size-full\"><img loading=\"lazy\" decoding=\"async\" width=\"913\" height=\"293\" src=\"https:\/\/www.contrataciones.gov.py\/dncp\/wp-content\/uploads\/2025\/10\/image-51.png\" alt=\"\" class=\"wp-image-22493\" srcset=\"https:\/\/www.contrataciones.gov.py\/dncp\/wp-content\/uploads\/2025\/10\/image-51.png 913w, https:\/\/www.contrataciones.gov.py\/dncp\/wp-content\/uploads\/2025\/10\/image-51-300x96.png 300w, https:\/\/www.contrataciones.gov.py\/dncp\/wp-content\/uploads\/2025\/10\/image-51-768x246.png 768w\" sizes=\"auto, (max-width: 913px) 100vw, 913px\" \/><\/figure>\n\n\n\n<p>A continuaci\u00f3n, se presenta una descripci\u00f3n de los elementos que conforman la vista de los productos:<\/p>\n\n\n\n<figure class=\"wp-block-image size-full\"><img loading=\"lazy\" decoding=\"async\" width=\"886\" height=\"580\" src=\"https:\/\/www.contrataciones.gov.py\/dncp\/wp-content\/uploads\/2025\/10\/image-52.png\" alt=\"\" class=\"wp-image-22497\" srcset=\"https:\/\/www.contrataciones.gov.py\/dncp\/wp-content\/uploads\/2025\/10\/image-52.png 886w, https:\/\/www.contrataciones.gov.py\/dncp\/wp-content\/uploads\/2025\/10\/image-52-300x196.png 300w, https:\/\/www.contrataciones.gov.py\/dncp\/wp-content\/uploads\/2025\/10\/image-52-768x503.png 768w\" sizes=\"auto, (max-width: 886px) 100vw, 886px\" \/><\/figure>\n\n\n\n<p>Antes de realizar el pedido, aseg\u00farese de revisar la forma de cotizaci\u00f3n en <strong>\u201cDetalles del producto\u201d. <\/strong>Este dato es clave, ya que algunos productos se venden por paquetes (de 10, 100 unidades, etc.) y el pedido debe ajustarse a dicha presentaci\u00f3n.<\/p>\n\n\n\n<figure class=\"wp-block-image size-large\"><img loading=\"lazy\" decoding=\"async\" width=\"1024\" height=\"467\" src=\"https:\/\/www.contrataciones.gov.py\/dncp\/wp-content\/uploads\/2025\/10\/image-55-1024x467.png\" alt=\"\" class=\"wp-image-22513\" srcset=\"https:\/\/www.contrataciones.gov.py\/dncp\/wp-content\/uploads\/2025\/10\/image-55-1024x467.png 1024w, https:\/\/www.contrataciones.gov.py\/dncp\/wp-content\/uploads\/2025\/10\/image-55-300x137.png 300w, https:\/\/www.contrataciones.gov.py\/dncp\/wp-content\/uploads\/2025\/10\/image-55-768x350.png 768w, https:\/\/www.contrataciones.gov.py\/dncp\/wp-content\/uploads\/2025\/10\/image-55.png 1140w\" sizes=\"auto, (max-width: 1024px) 100vw, 1024px\" \/><\/figure>\n\n\n\n<h4 class=\"wp-block-heading\"><strong>Es importante tener en cuenta que:<\/strong><\/h4>\n\n\n\n<ul class=\"wp-block-list\">\n<li>Todos los productos seleccionados podr\u00e1n guardarse en un mismo carrito; sin embargo, el pedido se dividir\u00e1 seg\u00fan la cantidad de convenios a los que pertenezcan los productos. <em>Por ejemplo: si se agregan 6 productos de limpieza, 10 \u00fatiles de oficina y 8 productos de ferreter\u00eda en un solo carrito, el SICP generar\u00e1 tres solicitudes de cotizaci\u00f3n con numeraciones distintas: una para el convenio de productos de limpieza, otra para \u00fatiles de oficina y una tercera para productos de ferreter\u00eda<\/em>.<\/li>\n\n\n\n<li>Para realizar compras a trav\u00e9s de la Tienda Virtual, es necesario iniciar sesi\u00f3n simult\u00e1neamente en dicha plataforma y en el SICP. Se recomienda adem\u00e1s mantener abierta y actualizada (con F5) la sesi\u00f3n del SICP en una pesta\u00f1a separada, especialmente si se cargar\u00e1n varios productos, a fin de evitar que expire por inactividad y se generen errores de conexi\u00f3n con el m\u00f3dulo de Cotizaciones y la tienda virtual.<\/li>\n<\/ul>\n","protected":false},"excerpt":{"rendered":"Para realizar compras en la Tienda Virtual, las unidades compradoras deber\u00e1n ingresar al SICP utilizando su usuario y contrase\u00f1a. Una vez dentro del sistema, deber\u00e1n dirigirse a: M\u00f3dulos > Compras Virtuales > Tienda Virtual. Tambi\u00e9n puede acceder directamente a trav\u00e9s del Portal P\u00fablico, haciendo clic en: Compras P\u00fablicas &gt; Licitaciones &gt; Tienda Virtual. El sistema [&hellip;]","protected":false},"author":47,"featured_media":0,"parent":24141,"menu_order":2,"comment_status":"closed","ping_status":"closed","template":"","meta":{"footnotes":""},"class_list":["post-23721","page","type-page","status-publish","hentry"],"_links":{"self":[{"href":"https:\/\/www.contrataciones.gov.py\/dncp\/wp-json\/wp\/v2\/pages\/23721","targetHints":{"allow":["GET"]}}],"collection":[{"href":"https:\/\/www.contrataciones.gov.py\/dncp\/wp-json\/wp\/v2\/pages"}],"about":[{"href":"https:\/\/www.contrataciones.gov.py\/dncp\/wp-json\/wp\/v2\/types\/page"}],"author":[{"embeddable":true,"href":"https:\/\/www.contrataciones.gov.py\/dncp\/wp-json\/wp\/v2\/users\/47"}],"replies":[{"embeddable":true,"href":"https:\/\/www.contrataciones.gov.py\/dncp\/wp-json\/wp\/v2\/comments?post=23721"}],"version-history":[{"count":4,"href":"https:\/\/www.contrataciones.gov.py\/dncp\/wp-json\/wp\/v2\/pages\/23721\/revisions"}],"predecessor-version":[{"id":23749,"href":"https:\/\/www.contrataciones.gov.py\/dncp\/wp-json\/wp\/v2\/pages\/23721\/revisions\/23749"}],"up":[{"embeddable":true,"href":"https:\/\/www.contrataciones.gov.py\/dncp\/wp-json\/wp\/v2\/pages\/24141"}],"wp:attachment":[{"href":"https:\/\/www.contrataciones.gov.py\/dncp\/wp-json\/wp\/v2\/media?parent=23721"}],"curies":[{"name":"wp","href":"https:\/\/api.w.org\/{rel}","templated":true}]}}