{"id":24149,"date":"2025-11-27T11:12:16","date_gmt":"2025-11-27T14:12:16","guid":{"rendered":"https:\/\/www.contrataciones.gov.py\/dncp\/?page_id=24149"},"modified":"2025-12-01T08:57:16","modified_gmt":"2025-12-01T11:57:16","slug":"introduccion","status":"publish","type":"page","link":"https:\/\/www.contrataciones.gov.py\/dncp\/guia-de-uso-de-la-tienda-virtual-para-unidades-compradoras\/introduccion\/","title":{"rendered":"Introducci\u00f3n"},"content":{"rendered":"\n<figure class=\"wp-block-image size-full\"><img loading=\"lazy\" decoding=\"async\" width=\"1920\" height=\"406\" src=\"https:\/\/www.contrataciones.gov.py\/dncp\/wp-content\/uploads\/2025\/11\/Introduccion.jpg\" alt=\"\" class=\"wp-image-23005\" srcset=\"https:\/\/www.contrataciones.gov.py\/dncp\/wp-content\/uploads\/2025\/11\/Introduccion.jpg 1920w, https:\/\/www.contrataciones.gov.py\/dncp\/wp-content\/uploads\/2025\/11\/Introduccion-300x63.jpg 300w, https:\/\/www.contrataciones.gov.py\/dncp\/wp-content\/uploads\/2025\/11\/Introduccion-1024x217.jpg 1024w, https:\/\/www.contrataciones.gov.py\/dncp\/wp-content\/uploads\/2025\/11\/Introduccion-768x162.jpg 768w, https:\/\/www.contrataciones.gov.py\/dncp\/wp-content\/uploads\/2025\/11\/Introduccion-1536x325.jpg 1536w\" sizes=\"auto, (max-width: 1920px) 100vw, 1920px\" \/><\/figure>\n\n\n\n<p>El presente material tiene como objetivo orientar a los compradores p\u00fablicos y proveedores sobre el mecanismo de compra disponible a trav\u00e9s de la Tienda Virtual, plataforma electr\u00f3nica que aglomera productos y proveedores seleccionados a trav\u00e9s del procedimiento especial Convenio Marco, Almac\u00e9n de Productos Estrat\u00e9gicos y Commodities.<\/p>\n\n\n\n<p>Para comprender las siguientes secciones, es necesario conocer el siguiente glosario:<\/p>\n\n\n\n<ul class=\"wp-block-list\">\n<li><strong>Oferente:<\/strong> Es aquel que presenta una oferta en los t\u00e9rminos del reglamento vigente, con el objeto de proveer un bien, realizar una obra o suministrar un servicio, objeto de una licitaci\u00f3n.<\/li>\n\n\n\n<li><strong>Oferente seleccionado<\/strong>\u200b: Es aquel que ha cumplido con los requisitos de calificaci\u00f3n, establecida en las bases de la convocatoria y se encuentra en condiciones de proveer productos. \u200b<\/li>\n\n\n\n<li><strong>Pedido o Solicitud de cotizaci\u00f3n\u200b:<\/strong> Es el encargo de los productos a ser adquiridos, hecho por la unidad compradora, en el que se detallan como m\u00ednimo las cantidades requeridas y los PAC afectados, que desea contratar una determinada unidad compradora de la Tienda Virtual.<\/li>\n\n\n\n<li>\u200b<strong>Orden de Compra:<\/strong> Es el pedido confirmado por parte de una unidad compradora al proveedor que gan\u00f3 la competencia en precios en determinado producto o productos.<\/li>\n\n\n\n<li><strong>Proveedor<\/strong>: Ser\u00e1 aquel que cuyos productos posean el precio m\u00e1s bajo luego de la solicitud de cotizaci\u00f3n de las unidades compradoras.<\/li>\n\n\n\n<li><strong>Unidades Compradoras:<\/strong> Organismos, entidades y municipalidades mencionadas en el art. 1\u00ba de la ley N\u00ba 2051\/03 y la Ley N.\u00ba 7021\/22 (para Municipalidades, el uso de la Tienda Virtual es opcional).\u200b<\/li>\n<\/ul>\n\n\n\n<p>\u200e<\/p>\n\n\n\n<h2 class=\"wp-block-heading has-text-align-center\"><strong>Normativa y generalidades<\/strong><\/h2>\n\n\n\n<figure class=\"wp-block-image size-large\"><img loading=\"lazy\" decoding=\"async\" width=\"1024\" height=\"23\" src=\"https:\/\/www.contrataciones.gov.py\/dncp\/wp-content\/uploads\/2025\/11\/Franja-2-1024x23.png\" alt=\"\" class=\"wp-image-24181\" srcset=\"https:\/\/www.contrataciones.gov.py\/dncp\/wp-content\/uploads\/2025\/11\/Franja-2-1024x23.png 1024w, https:\/\/www.contrataciones.gov.py\/dncp\/wp-content\/uploads\/2025\/11\/Franja-2-300x7.png 300w, https:\/\/www.contrataciones.gov.py\/dncp\/wp-content\/uploads\/2025\/11\/Franja-2-768x18.png 768w, https:\/\/www.contrataciones.gov.py\/dncp\/wp-content\/uploads\/2025\/11\/Franja-2-1536x35.png 1536w, https:\/\/www.contrataciones.gov.py\/dncp\/wp-content\/uploads\/2025\/11\/Franja-2.png 1750w\" sizes=\"auto, (max-width: 1024px) 100vw, 1024px\" \/><\/figure>\n\n\n\n<h1 class=\"wp-block-heading has-text-align-center has-text-color has-link-color wp-elements-57e2ff7a4badea141a3c634a823fb05e\" style=\"color:#f18637\">Marco Normativo<\/h1>\n\n\n\n<figure class=\"wp-block-image size-large\"><img loading=\"lazy\" decoding=\"async\" width=\"1024\" height=\"825\" src=\"https:\/\/www.contrataciones.gov.py\/dncp\/wp-content\/uploads\/2025\/12\/Marco-Normativo-1-1024x825.jpg\" alt=\"\" class=\"wp-image-24261\" srcset=\"https:\/\/www.contrataciones.gov.py\/dncp\/wp-content\/uploads\/2025\/12\/Marco-Normativo-1-1024x825.jpg 1024w, https:\/\/www.contrataciones.gov.py\/dncp\/wp-content\/uploads\/2025\/12\/Marco-Normativo-1-300x242.jpg 300w, https:\/\/www.contrataciones.gov.py\/dncp\/wp-content\/uploads\/2025\/12\/Marco-Normativo-1-768x619.jpg 768w, https:\/\/www.contrataciones.gov.py\/dncp\/wp-content\/uploads\/2025\/12\/Marco-Normativo-1-1536x1238.jpg 1536w, https:\/\/www.contrataciones.gov.py\/dncp\/wp-content\/uploads\/2025\/12\/Marco-Normativo-1.jpg 1750w\" sizes=\"auto, (max-width: 1024px) 100vw, 1024px\" \/><\/figure>\n\n\n\n<h2 class=\"wp-block-heading has-text-align-center\"><strong>\u00bfQu\u00e9 es Convenio Marco?<\/strong><\/h2>\n\n\n\n<p>Es un procedimiento de selecci\u00f3n de proveedores de bienes o servicios estandarizables, a ser llevado a cabo por la Direcci\u00f3n Nacional de Contrataciones P\u00fablicas, para la comercializaci\u00f3n de los mismos en una plataforma virtual, disponible para las Instituciones P\u00fablicas.<\/p>\n\n\n\n<p>Esta herramienta busca reducir los costos en la gesti\u00f3n de compras p\u00fablicas y hacer m\u00e1s din\u00e1mico el proceso de adquisici\u00f3n de productos y servicios, principalmente aquellos de caracter\u00edsticas est\u00e1ndares, alto volumen de consumo,&nbsp;necesidad constante o inmediata&nbsp;por parte de las entidades del Estado.<\/p>\n\n\n\n<p>Las transacciones realizadas a trav\u00e9s de esta modalidad, se gestionan a trav\u00e9s de la&nbsp;Tienda Virtual, con el sistema de cotizaciones.<\/p>\n\n\n\n<figure class=\"wp-block-image size-full\"><img loading=\"lazy\" decoding=\"async\" width=\"973\" height=\"525\" src=\"https:\/\/www.contrataciones.gov.py\/dncp\/wp-content\/uploads\/2025\/10\/image-27.png\" alt=\"\" class=\"wp-image-22317\" srcset=\"https:\/\/www.contrataciones.gov.py\/dncp\/wp-content\/uploads\/2025\/10\/image-27.png 973w, https:\/\/www.contrataciones.gov.py\/dncp\/wp-content\/uploads\/2025\/10\/image-27-300x162.png 300w, https:\/\/www.contrataciones.gov.py\/dncp\/wp-content\/uploads\/2025\/10\/image-27-768x414.png 768w\" sizes=\"auto, (max-width: 973px) 100vw, 973px\" \/><\/figure>\n\n\n\n<p><strong>Obligatoriedad de uso<\/strong><\/p>\n\n\n\n<p>Por otra parte, en lo que respecta a la reglamentaci\u00f3n de la Resoluci\u00f3n N.\u00ba 230\/25, el art\u00edculo 124, menciona que los organismos, entidades y sociedades an\u00f3nimas en las que el Estado sea socio mayoritario deber\u00e1n realizar a trav\u00e9s de la Tienda Virtual, la contrataci\u00f3n de los productos y servicios disponibles en la misma, seg\u00fan su necesidad y conforme a su presupuesto aprobado.<\/p>\n\n\n\n<p>Excepcionalmente, se podr\u00e1 realizar un procedimiento de contrataci\u00f3n para satisfacer sus necesidades, cuando:<\/p>\n\n\n\n<ol style=\"list-style-type:lower-alpha\" class=\"wp-block-list\">\n<li>No se encuentre activo en la tienda m\u00e1s de un proveedor;<\/li>\n\n\n\n<li>No se encuentren disponibles los bienes o servicios requeridos en la tienda virtual;<\/li>\n\n\n\n<li>El sistema de adjudicaci\u00f3n no sea por \u00edtem y el porcentaje de incidencia del monto de los \u00edtems que se encuentran en la tienda y componen el Lote\/Total del procedimiento de contrataci\u00f3n, sea menor al 70% del monto del Lote\/Total;<\/li>\n\n\n\n<li>No se reciban tres (03) cotizaciones sucesivas en un mismo \u00edtem o;<\/li>\n\n\n\n<li>Si en tres (03) cotizaciones sucesivas, las mismas superen el presupuesto de la convocante.<\/li>\n<\/ol>\n\n\n\n<p>En tales casos, la convocante deber\u00e1 remitir, junto con el Pliego de Bases y Condiciones, una Declaraci\u00f3n Jurada que contenga una explicaci\u00f3n detallada de la situaci\u00f3n de hecho e individualizaci\u00f3n del inciso en el que se subsume el procedimiento de contrataci\u00f3n a ser comunicado, a los efectos de acreditar la pertinencia para la realizaci\u00f3n del mismo.<\/p>\n\n\n\n<p>Las Municipalidades podr\u00e1n realizar la contrataci\u00f3n de los productos y servicios disponibles en la Tienda Virtual, cuando lo estimen pertinente, salvo que la DNCP disponga su obligatoriedad.<\/p>\n","protected":false},"excerpt":{"rendered":"El presente material tiene como objetivo orientar a los compradores p\u00fablicos y proveedores sobre el mecanismo de compra disponible a trav\u00e9s de la Tienda Virtual, plataforma electr\u00f3nica que aglomera productos y proveedores seleccionados a trav\u00e9s del procedimiento especial Convenio Marco, Almac\u00e9n de Productos Estrat\u00e9gicos y Commodities. Para comprender las siguientes secciones, es necesario conocer el [&hellip;]","protected":false},"author":47,"featured_media":0,"parent":24141,"menu_order":0,"comment_status":"closed","ping_status":"closed","template":"","meta":{"footnotes":""},"class_list":["post-24149","page","type-page","status-publish","hentry"],"_links":{"self":[{"href":"https:\/\/www.contrataciones.gov.py\/dncp\/wp-json\/wp\/v2\/pages\/24149","targetHints":{"allow":["GET"]}}],"collection":[{"href":"https:\/\/www.contrataciones.gov.py\/dncp\/wp-json\/wp\/v2\/pages"}],"about":[{"href":"https:\/\/www.contrataciones.gov.py\/dncp\/wp-json\/wp\/v2\/types\/page"}],"author":[{"embeddable":true,"href":"https:\/\/www.contrataciones.gov.py\/dncp\/wp-json\/wp\/v2\/users\/47"}],"replies":[{"embeddable":true,"href":"https:\/\/www.contrataciones.gov.py\/dncp\/wp-json\/wp\/v2\/comments?post=24149"}],"version-history":[{"count":6,"href":"https:\/\/www.contrataciones.gov.py\/dncp\/wp-json\/wp\/v2\/pages\/24149\/revisions"}],"predecessor-version":[{"id":24265,"href":"https:\/\/www.contrataciones.gov.py\/dncp\/wp-json\/wp\/v2\/pages\/24149\/revisions\/24265"}],"up":[{"embeddable":true,"href":"https:\/\/www.contrataciones.gov.py\/dncp\/wp-json\/wp\/v2\/pages\/24141"}],"wp:attachment":[{"href":"https:\/\/www.contrataciones.gov.py\/dncp\/wp-json\/wp\/v2\/media?parent=24149"}],"curies":[{"name":"wp","href":"https:\/\/api.w.org\/{rel}","templated":true}]}}