{"id":251,"date":"2023-04-20T09:25:09","date_gmt":"2023-04-20T13:25:09","guid":{"rendered":"https:\/\/www.contrataciones.gov.py\/dncp\/?page_id=251"},"modified":"2024-12-05T14:57:12","modified_gmt":"2024-12-05T17:57:12","slug":"proyecto-lift","status":"publish","type":"page","link":"https:\/\/www.contrataciones.gov.py\/dncp\/mipymes\/proyecto-lift\/","title":{"rendered":"Proyecto Lift"},"content":{"rendered":"\n<figure class=\"wp-block-gallery has-nested-images columns-default is-cropped wp-block-gallery-1 is-layout-flex wp-block-gallery-is-layout-flex\">\n<figure class=\"wp-block-image size-large\"><img loading=\"lazy\" decoding=\"async\" width=\"1024\" height=\"217\" data-id=\"12903\" src=\"https:\/\/www.contrataciones.gov.py\/dncp\/wp-content\/uploads\/2024\/12\/actualizacion-de-usuarios-de-Unidades-de-Contratacion_WEB-8-1024x217.jpg\" alt=\"\" class=\"wp-image-12903\" srcset=\"https:\/\/www.contrataciones.gov.py\/dncp\/wp-content\/uploads\/2024\/12\/actualizacion-de-usuarios-de-Unidades-de-Contratacion_WEB-8-1024x217.jpg 1024w, https:\/\/www.contrataciones.gov.py\/dncp\/wp-content\/uploads\/2024\/12\/actualizacion-de-usuarios-de-Unidades-de-Contratacion_WEB-8-300x63.jpg 300w, https:\/\/www.contrataciones.gov.py\/dncp\/wp-content\/uploads\/2024\/12\/actualizacion-de-usuarios-de-Unidades-de-Contratacion_WEB-8-768x162.jpg 768w, https:\/\/www.contrataciones.gov.py\/dncp\/wp-content\/uploads\/2024\/12\/actualizacion-de-usuarios-de-Unidades-de-Contratacion_WEB-8-1536x325.jpg 1536w, https:\/\/www.contrataciones.gov.py\/dncp\/wp-content\/uploads\/2024\/12\/actualizacion-de-usuarios-de-Unidades-de-Contratacion_WEB-8.jpg 1920w\" sizes=\"auto, (max-width: 1024px) 100vw, 1024px\" \/><\/figure>\n<\/figure>\n\n\n\n<p>Esta secci\u00f3n fue creada y desarrollada en marco al <strong>Programa de Aceleraci\u00f3n de Impacto Lift de Open Contracting Partnership (OCP)<\/strong> con la coordinaci\u00f3n de la <strong>Direcci\u00f3n Nacional de Contrataciones P\u00fablicas (DNCP)<\/strong>, la <strong>Asociaci\u00f3n de Emprendedores de Paraguay (ASEPY)<\/strong> y el <strong>Centro de Desarrollo Sostenible (CDS)<\/strong>, con la finalidad de aumentar la participaci\u00f3n de las micro, peque\u00f1as y medianas empresas en la contrataci\u00f3n p\u00fablica.<\/p>\n\n\n\n<p>En este proceso se consiguieron logros hist\u00f3ricos que permitir\u00e1n una mayor participaci\u00f3n de mipymes en compras p\u00fablicas.<\/p>\n\n\n\n<h5 class=\"wp-block-heading\"><strong>Hitos<\/strong><\/h5>\n\n\n\n<ul class=\"wp-block-list\">\n<li><strong>Buscador de oportunidades espec\u00edficas para mipymes<\/strong>: Se trabaj\u00f3 en un buscador creado con tecnolog\u00eda avanzada de an\u00e1lisis de datos, el cual permite encontrar las licitaciones que tienen una mayor probabilidad de ser ofertadas por mipymes.<\/li>\n\n\n\n<li><strong>Menos burocracia para la participaci\u00f3n de <strong>mipymes<\/strong><\/strong>: Se logr\u00f3 interconectar las bases del Ministerio de Industria y Comercio (MIC) y la Direcci\u00f3n Nacional de Contrataciones P\u00fablicas (DNCP), lo que agiliza el tr\u00e1mite de participaci\u00f3n a aquellas empresas que cuentan con c\u00e9dula mipyme, disminuyendo la burocracia y los costos de participaci\u00f3n.<\/li>\n\n\n\n<li><strong>Gu\u00eda para fomentar la contrataci\u00f3n de <strong>mipymes<\/strong><\/strong>: La Direcci\u00f3n Nacional de Contrataciones P\u00fablicas (DNCP), elabor\u00f3 una gu\u00eda con recomendaciones b\u00e1sicas para el fomento de la participaci\u00f3n de micro, peque\u00f1as y medianas empresas (mipymes), en las compras p\u00fablicas. La gu\u00eda sirve para que las Unidades Operativas de Contrataci\u00f3n (UOC) de las diversas instituciones p\u00fablicas puedan contar con informaci\u00f3n relevante respecto a estrategias para el dise\u00f1o de procedimientos que permitan potenciar la participaci\u00f3n de las mipymes en el mercado p\u00fablico.<\/li>\n\n\n\n<li><strong>Pago de anticipos a <strong><strong>mipymes<\/strong><\/strong><\/strong>: Luego de un exhaustivo diagn\u00f3stico de las principales barreras de participaci\u00f3n de mipymes en compras p\u00fablicas, el equipo lift lider\u00f3 la hist\u00f3rica moci\u00f3n para que los entes convocantes deban considerar el pago de anticipos en caso de que una mipyme sea adjudicada en una licitaci\u00f3n <strong>(CIRCULAR DNCP N\u00b0 02\/2023)<\/strong><\/li>\n\n\n\n<li><strong>Programa de mentor\u00edas<\/strong>: La ASEPY y la DNCP lanzaron el primer piloto del programa de mentor\u00edas para compras p\u00fablicas, que logr\u00f3 conectar a 7 emprendedores con mentores con experiencia en la identificaci\u00f3n de oportunidades y preparaci\u00f3n de ofertas para un proceso de compra p\u00fablica por contrataci\u00f3n directa o concurso de ofertas en rubros espec\u00edficos.<\/li>\n<\/ul>\n\n\n\n<p>Adem\u00e1s se logr\u00f3 identificar oportunidades de mejora en la experiencia de participaci\u00f3n en procesos de compras p\u00fablicas, a trav\u00e9s de la documentaci\u00f3n del proceso a cargo de los mentores.<\/p>\n","protected":false},"excerpt":{"rendered":"Esta secci\u00f3n fue creada y desarrollada en marco al Programa de Aceleraci\u00f3n de Impacto Lift de Open Contracting Partnership (OCP) con la coordinaci\u00f3n de la Direcci\u00f3n Nacional de Contrataciones P\u00fablicas (DNCP), la Asociaci\u00f3n de Emprendedores de Paraguay (ASEPY) y el Centro de Desarrollo Sostenible (CDS), con la finalidad de aumentar la participaci\u00f3n de las micro, [&hellip;]","protected":false},"author":8,"featured_media":0,"parent":242,"menu_order":2,"comment_status":"closed","ping_status":"closed","template":"","meta":{"footnotes":""},"class_list":["post-251","page","type-page","status-publish","hentry"],"_links":{"self":[{"href":"https:\/\/www.contrataciones.gov.py\/dncp\/wp-json\/wp\/v2\/pages\/251","targetHints":{"allow":["GET"]}}],"collection":[{"href":"https:\/\/www.contrataciones.gov.py\/dncp\/wp-json\/wp\/v2\/pages"}],"about":[{"href":"https:\/\/www.contrataciones.gov.py\/dncp\/wp-json\/wp\/v2\/types\/page"}],"author":[{"embeddable":true,"href":"https:\/\/www.contrataciones.gov.py\/dncp\/wp-json\/wp\/v2\/users\/8"}],"replies":[{"embeddable":true,"href":"https:\/\/www.contrataciones.gov.py\/dncp\/wp-json\/wp\/v2\/comments?post=251"}],"version-history":[{"count":13,"href":"https:\/\/www.contrataciones.gov.py\/dncp\/wp-json\/wp\/v2\/pages\/251\/revisions"}],"predecessor-version":[{"id":12907,"href":"https:\/\/www.contrataciones.gov.py\/dncp\/wp-json\/wp\/v2\/pages\/251\/revisions\/12907"}],"up":[{"embeddable":true,"href":"https:\/\/www.contrataciones.gov.py\/dncp\/wp-json\/wp\/v2\/pages\/242"}],"wp:attachment":[{"href":"https:\/\/www.contrataciones.gov.py\/dncp\/wp-json\/wp\/v2\/media?parent=251"}],"curies":[{"name":"wp","href":"https:\/\/api.w.org\/{rel}","templated":true}]}}