{"id":26466,"date":"2026-03-27T14:16:54","date_gmt":"2026-03-27T17:16:54","guid":{"rendered":"https:\/\/www.contrataciones.gov.py\/dncp\/?page_id=26466"},"modified":"2026-04-10T11:42:49","modified_gmt":"2026-04-10T14:42:49","slug":"como-vender-al-estado-paraguayo","status":"publish","type":"page","link":"https:\/\/www.contrataciones.gov.py\/dncp\/como-vender-al-estado-paraguayo\/","title":{"rendered":"C\u00f3mo vender al Estado paraguayo"},"content":{"rendered":"\n<figure class=\"wp-block-table\"><table class=\"has-fixed-layout\"><tbody><tr><td><img loading=\"lazy\" decoding=\"async\" width=\"22\" height=\"15\" class=\"wp-image-29442\" style=\"width: 22px;\" src=\"https:\/\/www.contrataciones.gov.py\/dncp\/wp-content\/uploads\/2026\/04\/Espana-6.jpg\" alt=\"\"> <a href=\"https:\/\/www.contrataciones.gov.py\/dncp\/como-vender-al-estado-paraguayo\/como-vender-al-estado-paraguayo-2\/\">Espa\u00f1ol<\/a><\/td><td><img loading=\"lazy\" decoding=\"async\" width=\"26\" height=\"15\" class=\"wp-image-29434\" style=\"width: 26px;\" src=\"https:\/\/www.contrataciones.gov.py\/dncp\/wp-content\/uploads\/2026\/04\/Paraguay-3.jpg\" alt=\"\"><a href=\"https:\/\/www.contrataciones.gov.py\/dncp\/mbaeichapa-rehepymeekuaa-paraguai-estado-pe\/mbaeichapa-rehepymeekuaa-paraguai-estado-pe-2\/\"> Guaran\u00ed<\/a><\/td><td><img loading=\"lazy\" decoding=\"async\" width=\"27\" height=\"15\" class=\"wp-image-29426\" style=\"width: 27px;\" src=\"https:\/\/www.contrataciones.gov.py\/dncp\/wp-content\/uploads\/2026\/04\/USA-4.jpg\" alt=\"\"> <a href=\"https:\/\/www.contrataciones.gov.py\/dncp\/how-to-sell-to-the-paraguayan-state\/how-to-sell-to-the-paraguayan-state\/\">Ingl\u00e9s<\/a><\/td><td><img loading=\"lazy\" decoding=\"async\" width=\"21\" height=\"15\" class=\"wp-image-29446\" style=\"width: 21px;\" src=\"https:\/\/www.contrataciones.gov.py\/dncp\/wp-content\/uploads\/2026\/04\/Brasil-7.jpg\" alt=\"\"><a href=\"https:\/\/www.contrataciones.gov.py\/dncp\/como-vender-para-o-estado-paraguaio\/como-vender-para-o-estado-paraguaio\/\"> Portugu\u00e9s<\/a><\/td><\/tr><\/tbody><\/table><\/figure>\n","protected":false},"excerpt":{"rendered":"Espa\u00f1ol Guaran\u00ed Ingl\u00e9s Portugu\u00e9s","protected":false},"author":47,"featured_media":0,"parent":0,"menu_order":0,"comment_status":"closed","ping_status":"closed","template":"","meta":{"footnotes":""},"class_list":["post-26466","page","type-page","status-publish","hentry"],"_links":{"self":[{"href":"https:\/\/www.contrataciones.gov.py\/dncp\/wp-json\/wp\/v2\/pages\/26466","targetHints":{"allow":["GET"]}}],"collection":[{"href":"https:\/\/www.contrataciones.gov.py\/dncp\/wp-json\/wp\/v2\/pages"}],"about":[{"href":"https:\/\/www.contrataciones.gov.py\/dncp\/wp-json\/wp\/v2\/types\/page"}],"author":[{"embeddable":true,"href":"https:\/\/www.contrataciones.gov.py\/dncp\/wp-json\/wp\/v2\/users\/47"}],"replies":[{"embeddable":true,"href":"https:\/\/www.contrataciones.gov.py\/dncp\/wp-json\/wp\/v2\/comments?post=26466"}],"version-history":[{"count":14,"href":"https:\/\/www.contrataciones.gov.py\/dncp\/wp-json\/wp\/v2\/pages\/26466\/revisions"}],"predecessor-version":[{"id":29458,"href":"https:\/\/www.contrataciones.gov.py\/dncp\/wp-json\/wp\/v2\/pages\/26466\/revisions\/29458"}],"wp:attachment":[{"href":"https:\/\/www.contrataciones.gov.py\/dncp\/wp-json\/wp\/v2\/media?parent=26466"}],"curies":[{"name":"wp","href":"https:\/\/api.w.org\/{rel}","templated":true}]}}