{"id":27082,"date":"2026-03-31T10:34:10","date_gmt":"2026-03-31T13:34:10","guid":{"rendered":"https:\/\/www.contrataciones.gov.py\/dncp\/?page_id=27082"},"modified":"2026-04-10T09:27:45","modified_gmt":"2026-04-10T12:27:45","slug":"informacion-util","status":"publish","type":"page","link":"https:\/\/www.contrataciones.gov.py\/dncp\/como-vender-al-estado-paraguayo\/informacion-util\/","title":{"rendered":"Informaci\u00f3n \u00fatil"},"content":{"rendered":"\n<figure class=\"wp-block-image size-large\"><img loading=\"lazy\" decoding=\"async\" width=\"1024\" height=\"217\" src=\"https:\/\/www.contrataciones.gov.py\/dncp\/wp-content\/uploads\/2026\/03\/Informacion-util-1024x217.jpg\" alt=\"\" class=\"wp-image-27094\" srcset=\"https:\/\/www.contrataciones.gov.py\/dncp\/wp-content\/uploads\/2026\/03\/Informacion-util-1024x217.jpg 1024w, https:\/\/www.contrataciones.gov.py\/dncp\/wp-content\/uploads\/2026\/03\/Informacion-util-300x63.jpg 300w, https:\/\/www.contrataciones.gov.py\/dncp\/wp-content\/uploads\/2026\/03\/Informacion-util-768x162.jpg 768w, https:\/\/www.contrataciones.gov.py\/dncp\/wp-content\/uploads\/2026\/03\/Informacion-util-1536x325.jpg 1536w, https:\/\/www.contrataciones.gov.py\/dncp\/wp-content\/uploads\/2026\/03\/Informacion-util.jpg 1920w\" sizes=\"auto, (max-width: 1024px) 100vw, 1024px\" \/><\/figure>\n\n\n\n<ul class=\"wp-block-list\">\n<li><strong>\u00bfD\u00f3nde encontrar informaci\u00f3n normativa?<\/strong><\/li>\n<\/ul>\n\n\n\n<p>En el apartado \u201cMarco legal\u201d en el portal de la DNCP, una secci\u00f3n dedicada a agrupar y facilitar el acceso a todas las normativas, leyes, resoluciones, decretos, circulares y documentos oficiales que regulan el sistema de compras y contrataciones p\u00fablicas en Paraguay.<\/p>\n\n\n\n<p>Funciona mediante un motor de b\u00fasqueda que permite a los usuarios la utilizaci\u00f3n de diversos filtros.<\/p>\n\n\n\n<p>\u3164<\/p>\n\n\n\n<ul class=\"wp-block-list\">\n<li><strong>\u00bfQu\u00e9 es la estimaci\u00f3n de costos?<\/strong><\/li>\n<\/ul>\n\n\n\n<p>Las instituciones p\u00fablicas deben estimar costos de cada contrato al momento de realizar planificaci\u00f3n, la misma debe ser realizada sobre el valor de cada contrato durante todo el periodo de vigencia, incluidas eventualmente pr\u00f3rrogas o ampliaciones.<\/p>\n\n\n\n<p>Para la estimaci\u00f3n de los costos, las convocantes observar\u00e1n la informaci\u00f3n obtenida en los estudios de mercado y en el c\u00e1lculo del costo del ciclo de vida del suministro p\u00fablico.<\/p>\n\n\n\n<p>\u3164<\/p>\n\n\n\n<ul class=\"wp-block-list\">\n<li><strong>\u00bfQu\u00e9 son las ofertas?<\/strong><\/li>\n<\/ul>\n\n\n\n<p>La oferta es la propuesta que presenta una empresa o persona para vender sus bienes, prestar sus servicios o construir una obra para satisfacer una necesidad p\u00fablica del Estado, cumpliendo con lo que piden las bases concursales o el pliego de bases y condiciones (PBC)<\/p>\n\n\n\n<p>\u3164<\/p>\n\n\n\n<ul class=\"wp-block-list\">\n<li><strong>\u00bfQu\u00e9 son los documentos sustanciales requeridos para la presentaci\u00f3n de ofertas?<\/strong><\/li>\n<\/ul>\n\n\n\n<p>Para vender al Estado, las empresas deben presentar sus ofertas cumpliendo con todos los requisitos establecidos en las normas legales y las disposiciones establecidas en el Pliego de Bases y Condiciones de la licitaci\u00f3n.<\/p>\n\n\n\n<p>Los documentos para presentar oferta se clasifican en documentos sustanciales y formales. Los Documentos sustanciales, son aquellos documentos que obligatoriamente deben presentarse con la oferta en el d\u00eda y hora fijados para la apertura, es decir, los mismos no pueden ser subsanados o corregidos luego de su presentaci\u00f3n, o en el caso que se omita su presentaci\u00f3n, tampoco pueden ser presentados con posterioridad<\/p>\n\n\n\n<p>Constituyen el n\u00facleo esencial de la oferta y garantizan su validez legal y econ\u00f3mica. La omisi\u00f3n, ausencia o incumplimiento de estos documentos genera el rechazo autom\u00e1tico de la oferta.<\/p>\n\n\n\n<p><strong>\u00bfCu\u00e1les son los documentos sustanciales?<\/strong><\/p>\n\n\n\n<figure class=\"wp-block-image size-large is-resized\"><img loading=\"lazy\" decoding=\"async\" width=\"1024\" height=\"517\" src=\"https:\/\/www.contrataciones.gov.py\/dncp\/wp-content\/uploads\/2026\/03\/Documentos-sustanciales-1024x517.png\" alt=\"\" class=\"wp-image-27110\" style=\"aspect-ratio:1.9806941271829637;width:632px;height:auto\" srcset=\"https:\/\/www.contrataciones.gov.py\/dncp\/wp-content\/uploads\/2026\/03\/Documentos-sustanciales-1024x517.png 1024w, https:\/\/www.contrataciones.gov.py\/dncp\/wp-content\/uploads\/2026\/03\/Documentos-sustanciales-300x152.png 300w, https:\/\/www.contrataciones.gov.py\/dncp\/wp-content\/uploads\/2026\/03\/Documentos-sustanciales-768x388.png 768w, https:\/\/www.contrataciones.gov.py\/dncp\/wp-content\/uploads\/2026\/03\/Documentos-sustanciales.png 1146w\" sizes=\"auto, (max-width: 1024px) 100vw, 1024px\" \/><\/figure>\n\n\n\n<p>\u3164<\/p>\n\n\n\n<ul class=\"wp-block-list\">\n<li class=\"has-black-color has-text-color has-link-color wp-elements-61cd205cffcb2dfc0799c44c23b7cd98\"><a><strong>Requisitos importantes a tener en cuenta a la hora de presentar oferta:<\/strong><\/a><\/li>\n<\/ul>\n\n\n\n<ol class=\"wp-block-list\">\n<li>En ofertas f\u00edsicas, los documentos sustanciales deber\u00e1n estar incluidos en la oferta y estar debidamente firmados en todas sus p\u00e1ginas. En el caso de la garant\u00eda de mantenimiento de oferta la misma deber\u00e1 estar debidamente extendida y, para los casos en que se instrumente una garant\u00eda a trav\u00e9s de una \u201cDeclaraci\u00f3n Jurada\u201d, esta deber\u00e1 estar firmada y acompa\u00f1ar su certificaci\u00f3n de firmas.<\/li>\n\n\n\n<li>En ofertas electr\u00f3nicas, al finalizar la carga de la oferta y presentar la misma, todo documento cargado o vinculado a la oferta electr\u00f3nica se considera firmada electr\u00f3nicamente.<\/li>\n<\/ol>\n\n\n\n<p>\u3164<\/p>\n\n\n\n<ul class=\"wp-block-list\">\n<li><strong>\u00bfQu\u00e9 son los documentos formales requeridos para la presentaci\u00f3n de ofertas?<\/strong><\/li>\n<\/ul>\n\n\n\n<p>Los documentos formales son aquellos cuya omisi\u00f3n o error no afecta la validez esencial de la oferta ni altera las condiciones fundamentales (precios unitarios, alcance o calidad)<\/p>\n\n\n\n<p>Pueden ser subsanados a pedido de la convocante dentro del plazo establecido.<\/p>\n\n\n\n<p>\u3164<\/p>\n\n\n\n<ul class=\"wp-block-list\">\n<li><strong>\u00bfCu\u00e1les son los documentos formales?<\/strong><\/li>\n<\/ul>\n\n\n\n<p>La norma no establece un listado taxativo, sino que indica los criterios para identificar si un documento o error puede considerarse formal:<\/p>\n\n\n\n<ol class=\"wp-block-list\">\n<li>No afecta la conformidad sustancial de la oferta.<\/li>\n\n\n\n<li>Puede ser subsanado sin alterar la igualdad entre oferentes.<\/li>\n\n\n\n<li>No modifica precios unitarios ni condiciones esenciales.<\/li>\n<\/ol>\n\n\n\n<p><strong>Como ejemplos podemos mencionar: <\/strong><strong><\/strong><\/p>\n\n\n\n<ol class=\"wp-block-list\">\n<li>Errores de foliado, numeraci\u00f3n o falta de copias.<\/li>\n\n\n\n<li>Constancias o certificados administrativos vencidos que puedan actualizarse.<\/li>\n\n\n\n<li>Errores de transcripci\u00f3n o en la carga de datos que no alteren precios unitarios.<\/li>\n\n\n\n<li>Errores aritm\u00e9ticos en los c\u00e1lculos (se corrigen manteniendo precios unitarios).<\/li>\n<\/ol>\n\n\n\n<p>\u3164<\/p>\n\n\n\n<ul class=\"wp-block-list\">\n<li><strong>\u00bfQui\u00e9nes eval\u00faan las ofertas?<\/strong><\/li>\n<\/ul>\n\n\n\n<p>Las instituciones convocantes cuentan con Comit\u00e9s de Evaluaci\u00f3n de ofertas, cuyos integrantes deben ser designados por la m\u00e1xima autoridad institucional y contar con suficiente idoneidad.<\/p>\n\n\n\n<p>Es criterio de cada instituci\u00f3n integrar un Comit\u00e9 para cada licitaci\u00f3n o contar con un Comit\u00e9 permanente.<\/p>\n\n\n\n<p>La evaluaci\u00f3n de las ofertas debe ser llevada a cabo con base en los criterios y par\u00e1metros establecidos en los pliegos de bases y condiciones y con observancia de las normas legales. No est\u00e1 permitido al Comit\u00e9, evaluar basado en criterios o condiciones no establecidos en los pliegos.<\/p>\n\n\n\n<p>Las ofertas que no cumplan con las condiciones establecidas, ser\u00e1n descalificadas y ello deber\u00e1 constar en el informe de evaluaci\u00f3n y en el acto administrativo de adjudicaci\u00f3n, declaraci\u00f3n desierta o cancelaci\u00f3n, los fundamentos de la decisi\u00f3n.<\/p>\n\n\n\n<p>El informe de evaluaci\u00f3n, no tiene car\u00e1cter vinculante, es decir, la m\u00e1xima autoridad institucional puede o no resolver la adjudicaci\u00f3n siguiendo la recomendaci\u00f3n del Comit\u00e9. No obstante, en caso de apartarse de la recomendaci\u00f3n, ello debe ser debidamente fundado.<\/p>\n\n\n\n<p>\u3164<\/p>\n\n\n\n<ul class=\"wp-block-list\">\n<li><strong>\u00bfQu\u00e9 resultados pueden darse luego de la evaluaci\u00f3n?<\/strong><\/li>\n<\/ul>\n\n\n\n<figure class=\"wp-block-image size-large is-resized\"><img loading=\"lazy\" decoding=\"async\" width=\"1024\" height=\"674\" src=\"https:\/\/www.contrataciones.gov.py\/dncp\/wp-content\/uploads\/2026\/03\/Que-resultados-pueden-darse-luego-de-la-evaluacion-3-1024x674.png\" alt=\"\" class=\"wp-image-28102\" style=\"aspect-ratio:1.6203019982519062;width:593px;height:auto\" srcset=\"https:\/\/www.contrataciones.gov.py\/dncp\/wp-content\/uploads\/2026\/03\/Que-resultados-pueden-darse-luego-de-la-evaluacion-3-1024x674.png 1024w, https:\/\/www.contrataciones.gov.py\/dncp\/wp-content\/uploads\/2026\/03\/Que-resultados-pueden-darse-luego-de-la-evaluacion-3-300x198.png 300w, https:\/\/www.contrataciones.gov.py\/dncp\/wp-content\/uploads\/2026\/03\/Que-resultados-pueden-darse-luego-de-la-evaluacion-3-768x506.png 768w, https:\/\/www.contrataciones.gov.py\/dncp\/wp-content\/uploads\/2026\/03\/Que-resultados-pueden-darse-luego-de-la-evaluacion-3.png 1116w\" sizes=\"auto, (max-width: 1024px) 100vw, 1024px\" \/><\/figure>\n\n\n\n<p>\u3164<\/p>\n\n\n\n<ul class=\"wp-block-list\">\n<li><strong>\u00bfQu\u00e9 es una protesta?<\/strong><\/li>\n<\/ul>\n\n\n\n<p>La protesta es un recurso que puede interponerse contra el pliego de bases y condiciones o contra la adjudicaci\u00f3n, es decir, puede interponerse respecto a cualquier acto administrativo en el marco de un proceso licitatorio.<\/p>\n\n\n\n<p>Es decir, es la presentaci\u00f3n en virtud de la cual las personas interesadas pueden manifestar, denunciar o impugnar ante la DNCP actos que contravengan las disposiciones de esta Ley en cualquier etapa de los procedimientos de contrataci\u00f3n.<\/p>\n\n\n\n<p>\u3164<\/p>\n\n\n\n<ul class=\"wp-block-list\">\n<li><strong>\u00bfC\u00f3mo presentar una protesta?<\/strong><\/li>\n<\/ul>\n\n\n\n<p>La protesta debe ser presentada mediante un formulario disponible en el Sistema de Tr\u00e1mites Jur\u00eddicos Electr\u00f3nicos (STJE), para mayores detalles, los interesados pueden consultar las gu\u00edas disponibles en el portal de la DNCP.<\/p>\n\n\n\n<p>\u3164<\/p>\n\n\n\n<ul class=\"wp-block-list\">\n<li><strong>\u00bfCu\u00e1les son los requisitos m\u00ednimos indispensables para la presentaci\u00f3n de protestas?<\/strong><\/li>\n<\/ul>\n\n\n\n<ol class=\"wp-block-list\">\n<li>Datos de quien formula la protesta: nombre y apellido, domicilio, n\u00famero telef\u00f3nico, direcci\u00f3n de correo electr\u00f3nico e indicaci\u00f3n del car\u00e1cter en que se presenta.<\/li>\n\n\n\n<li>Acreditaci\u00f3n documental fehaciente de la representaci\u00f3n que se invoque.<\/li>\n\n\n\n<li>Denominaci\u00f3n precisa de la convocante.<\/li>\n\n\n\n<li>Datos del procedimiento de contrataci\u00f3n.<\/li>\n\n\n\n<li>Designaci\u00f3n precisa de lo que se impugna.<\/li>\n\n\n\n<li>Acreditaci\u00f3n del inter\u00e9s leg\u00edtimo invocado.<\/li>\n\n\n\n<li>Demostrar que la impugnaci\u00f3n es presentada dentro del plazo previsto.<\/li>\n\n\n\n<li>Los hechos en que se funde la petici\u00f3n, explicados claramente.<\/li>\n\n\n\n<li>El derecho expuesto sucintamente.<\/li>\n\n\n\n<li>La petici\u00f3n en t\u00e9rminos claros y positivos.<\/li>\n\n\n\n<li>Acompa\u00f1ar la prueba documental o indicar la oficina o lugar en que se encuentre y ofrecer las dem\u00e1s pruebas. establecidos en el art. 192 del Decreto N\u00bb 2264\/24.<\/li>\n<\/ol>\n\n\n\n<p>\u3164<\/p>\n\n\n\n<ul class=\"wp-block-list\">\n<li><strong>\u00bfEn qu\u00e9 etapa puede plantearse una protesta?<\/strong><\/li>\n<\/ul>\n\n\n\n<p>La protesta puede presentarse en el marco de un proceso de contrataci\u00f3n:<\/p>\n\n\n\n<ol class=\"wp-block-list\">\n<li>Antes de la presentaci\u00f3n y apertura de ofertas contra condiciones impuestas en el pliego de bases y condiciones (PBC) y convocatoria.<\/li>\n\n\n\n<li>Al finalizar la licitaci\u00f3n contra el resultado de la convocatoria, es decir,&nbsp; contra la Adjudicaci\u00f3n, declaraci\u00f3n desierta, cancelaci\u00f3n o precalificaci\u00f3n.<\/li>\n<\/ol>\n\n\n\n<p>\u3164<\/p>\n\n\n\n<ul class=\"wp-block-list\">\n<li><strong>\u00bfCu\u00e1les son los plazos para la presentaci\u00f3n de protestas?<\/strong><\/li>\n<\/ul>\n\n\n\n<p>En el caso de presentaci\u00f3n de <strong>protesta antes de la presentaci\u00f3n y apertura de ofertas, es decir, contra los pliegos de bases y condiciones<\/strong>, la empresa podr\u00e1 presentar la protesta desde la fecha de publicaci\u00f3n del pliego o la adenda, hasta:<\/p>\n\n\n\n<figure class=\"wp-block-image size-large is-resized\"><img loading=\"lazy\" decoding=\"async\" width=\"1024\" height=\"237\" src=\"https:\/\/www.contrataciones.gov.py\/dncp\/wp-content\/uploads\/2026\/03\/Protestas-antes-de-la-presentacion-1-1024x237.png\" alt=\"\" class=\"wp-image-28110\" style=\"aspect-ratio:4.320848738144993;width:578px;height:auto\" srcset=\"https:\/\/www.contrataciones.gov.py\/dncp\/wp-content\/uploads\/2026\/03\/Protestas-antes-de-la-presentacion-1-1024x237.png 1024w, https:\/\/www.contrataciones.gov.py\/dncp\/wp-content\/uploads\/2026\/03\/Protestas-antes-de-la-presentacion-1-300x69.png 300w, https:\/\/www.contrataciones.gov.py\/dncp\/wp-content\/uploads\/2026\/03\/Protestas-antes-de-la-presentacion-1-768x178.png 768w, https:\/\/www.contrataciones.gov.py\/dncp\/wp-content\/uploads\/2026\/03\/Protestas-antes-de-la-presentacion-1.png 1144w\" sizes=\"auto, (max-width: 1024px) 100vw, 1024px\" \/><\/figure>\n\n\n\n<p>En el caso de la presentaci\u00f3n de <strong>protestas contra el resultado de la licitaci\u00f3n<\/strong>, los oferentes podr\u00e1n protestar:<\/p>\n\n\n\n<figure class=\"wp-block-image size-large is-resized\"><img loading=\"lazy\" decoding=\"async\" width=\"1024\" height=\"237\" src=\"https:\/\/www.contrataciones.gov.py\/dncp\/wp-content\/uploads\/2026\/04\/Protestas-contra-el-resultado-1024x237.png\" alt=\"\" class=\"wp-image-28222\" style=\"aspect-ratio:4.320848738144993;width:579px;height:auto\" srcset=\"https:\/\/www.contrataciones.gov.py\/dncp\/wp-content\/uploads\/2026\/04\/Protestas-contra-el-resultado-1024x237.png 1024w, https:\/\/www.contrataciones.gov.py\/dncp\/wp-content\/uploads\/2026\/04\/Protestas-contra-el-resultado-300x69.png 300w, https:\/\/www.contrataciones.gov.py\/dncp\/wp-content\/uploads\/2026\/04\/Protestas-contra-el-resultado-768x178.png 768w, https:\/\/www.contrataciones.gov.py\/dncp\/wp-content\/uploads\/2026\/04\/Protestas-contra-el-resultado.png 1144w\" sizes=\"auto, (max-width: 1024px) 100vw, 1024px\" \/><\/figure>\n\n\n\n<p>\u3164<\/p>\n\n\n\n<ul class=\"wp-block-list\">\n<li><strong>\u00bfQu\u00e9 son las audiencias informativas?<\/strong><\/li>\n<\/ul>\n\n\n\n<p>Una vez notificado el resultado de una licitaci\u00f3n, cualquier oferente que haya participado tiene la facultad de solicitar una audiencia a fin de que la entidad convocante explique los fundamentos que motivan la decisi\u00f3n respecto al an\u00e1lisis de la oferta.<\/p>\n\n\n\n<figure class=\"wp-block-image size-large is-resized\"><img loading=\"lazy\" decoding=\"async\" width=\"1024\" height=\"207\" src=\"https:\/\/www.contrataciones.gov.py\/dncp\/wp-content\/uploads\/2026\/03\/Audiencias-informativas-2-1024x207.png\" alt=\"\" class=\"wp-image-28130\" style=\"aspect-ratio:4.947542794036444;width:579px;height:auto\" srcset=\"https:\/\/www.contrataciones.gov.py\/dncp\/wp-content\/uploads\/2026\/03\/Audiencias-informativas-2-1024x207.png 1024w, https:\/\/www.contrataciones.gov.py\/dncp\/wp-content\/uploads\/2026\/03\/Audiencias-informativas-2-300x61.png 300w, https:\/\/www.contrataciones.gov.py\/dncp\/wp-content\/uploads\/2026\/03\/Audiencias-informativas-2-768x155.png 768w, https:\/\/www.contrataciones.gov.py\/dncp\/wp-content\/uploads\/2026\/03\/Audiencias-informativas-2.png 1144w\" sizes=\"auto, (max-width: 1024px) 100vw, 1024px\" \/><\/figure>\n\n\n\n<p>La solicitud de audiencia informativa no suspender\u00e1 ni interrumpir\u00e1 el plazo para presentar protestas.<\/p>\n","protected":false},"excerpt":{"rendered":"En el apartado \u201cMarco legal\u201d en el portal de la DNCP, una secci\u00f3n dedicada a agrupar y facilitar el acceso a todas las normativas, leyes, resoluciones, decretos, circulares y documentos oficiales que regulan el sistema de compras y contrataciones p\u00fablicas en Paraguay. Funciona mediante un motor de b\u00fasqueda que permite a los usuarios la utilizaci\u00f3n [&hellip;]","protected":false},"author":47,"featured_media":0,"parent":26466,"menu_order":8,"comment_status":"closed","ping_status":"closed","template":"","meta":{"footnotes":""},"class_list":["post-27082","page","type-page","status-publish","hentry"],"_links":{"self":[{"href":"https:\/\/www.contrataciones.gov.py\/dncp\/wp-json\/wp\/v2\/pages\/27082","targetHints":{"allow":["GET"]}}],"collection":[{"href":"https:\/\/www.contrataciones.gov.py\/dncp\/wp-json\/wp\/v2\/pages"}],"about":[{"href":"https:\/\/www.contrataciones.gov.py\/dncp\/wp-json\/wp\/v2\/types\/page"}],"author":[{"embeddable":true,"href":"https:\/\/www.contrataciones.gov.py\/dncp\/wp-json\/wp\/v2\/users\/47"}],"replies":[{"embeddable":true,"href":"https:\/\/www.contrataciones.gov.py\/dncp\/wp-json\/wp\/v2\/comments?post=27082"}],"version-history":[{"count":29,"href":"https:\/\/www.contrataciones.gov.py\/dncp\/wp-json\/wp\/v2\/pages\/27082\/revisions"}],"predecessor-version":[{"id":28230,"href":"https:\/\/www.contrataciones.gov.py\/dncp\/wp-json\/wp\/v2\/pages\/27082\/revisions\/28230"}],"up":[{"embeddable":true,"href":"https:\/\/www.contrataciones.gov.py\/dncp\/wp-json\/wp\/v2\/pages\/26466"}],"wp:attachment":[{"href":"https:\/\/www.contrataciones.gov.py\/dncp\/wp-json\/wp\/v2\/media?parent=27082"}],"curies":[{"name":"wp","href":"https:\/\/api.w.org\/{rel}","templated":true}]}}