{"id":2876,"date":"2023-05-02T11:09:31","date_gmt":"2023-05-02T15:09:31","guid":{"rendered":"https:\/\/www.contrataciones.gov.py\/dncp\/?page_id=2876"},"modified":"2024-12-05T15:42:17","modified_gmt":"2024-12-05T18:42:17","slug":"equipo-de-trabajo-para-procesos-covid-19","status":"publish","type":"page","link":"https:\/\/www.contrataciones.gov.py\/dncp\/covid-19\/equipo-de-trabajo-para-procesos-covid-19\/","title":{"rendered":"Equipo de Trabajo para Procesos COVID-19"},"content":{"rendered":"\n<figure class=\"wp-block-image size-large\"><img loading=\"lazy\" decoding=\"async\" width=\"1024\" height=\"217\" src=\"https:\/\/www.contrataciones.gov.py\/dncp\/wp-content\/uploads\/2024\/12\/actualizacion-de-usuarios-de-Unidades-de-Contratacion_WEB-13-5-1024x217.jpg\" alt=\"\" class=\"wp-image-13851\" srcset=\"https:\/\/www.contrataciones.gov.py\/dncp\/wp-content\/uploads\/2024\/12\/actualizacion-de-usuarios-de-Unidades-de-Contratacion_WEB-13-5-1024x217.jpg 1024w, https:\/\/www.contrataciones.gov.py\/dncp\/wp-content\/uploads\/2024\/12\/actualizacion-de-usuarios-de-Unidades-de-Contratacion_WEB-13-5-300x63.jpg 300w, https:\/\/www.contrataciones.gov.py\/dncp\/wp-content\/uploads\/2024\/12\/actualizacion-de-usuarios-de-Unidades-de-Contratacion_WEB-13-5-768x162.jpg 768w, https:\/\/www.contrataciones.gov.py\/dncp\/wp-content\/uploads\/2024\/12\/actualizacion-de-usuarios-de-Unidades-de-Contratacion_WEB-13-5-1536x325.jpg 1536w, https:\/\/www.contrataciones.gov.py\/dncp\/wp-content\/uploads\/2024\/12\/actualizacion-de-usuarios-de-Unidades-de-Contratacion_WEB-13-5.jpg 1920w\" sizes=\"auto, (max-width: 1024px) 100vw, 1024px\" \/><\/figure>\n\n\n\n<h4 class=\"wp-block-heading\">Equipo de Trabajo para Procesos COVID-19<\/h4>\n\n\n\n<p>La DNCP ha creado&nbsp;mediante una resoluci\u00f3n&nbsp;un equipo de trabajo que se encargar\u00e1 de tramitar los procesos de contrataci\u00f3n de bienes y\/o servicios relacionados a las medidas preventivas implementadas ante el riesgo de expansi\u00f3n del Coronavirus (COVID-19). El equipo, brindar\u00e1 total atenci\u00f3n a las instituciones, garantizando de esta manera que los mismos se realicen en tiempo y forma.<\/p>\n\n\n\n<p><strong>Para contactar con los integrantes del equipo comunicarse con el Centro de Atenci\u00f3n al Usuario: 415-4000.<\/strong><\/p>\n","protected":false},"excerpt":{"rendered":"Equipo de Trabajo para Procesos COVID-19 La DNCP ha creado&nbsp;mediante una resoluci\u00f3n&nbsp;un equipo de trabajo que se encargar\u00e1 de tramitar los procesos de contrataci\u00f3n de bienes y\/o servicios relacionados a las medidas preventivas implementadas ante el riesgo de expansi\u00f3n del Coronavirus (COVID-19). El equipo, brindar\u00e1 total atenci\u00f3n a las instituciones, garantizando de esta manera que [&hellip;]","protected":false},"author":13,"featured_media":0,"parent":904,"menu_order":2,"comment_status":"closed","ping_status":"closed","template":"","meta":{"footnotes":""},"class_list":["post-2876","page","type-page","status-publish","hentry"],"_links":{"self":[{"href":"https:\/\/www.contrataciones.gov.py\/dncp\/wp-json\/wp\/v2\/pages\/2876","targetHints":{"allow":["GET"]}}],"collection":[{"href":"https:\/\/www.contrataciones.gov.py\/dncp\/wp-json\/wp\/v2\/pages"}],"about":[{"href":"https:\/\/www.contrataciones.gov.py\/dncp\/wp-json\/wp\/v2\/types\/page"}],"author":[{"embeddable":true,"href":"https:\/\/www.contrataciones.gov.py\/dncp\/wp-json\/wp\/v2\/users\/13"}],"replies":[{"embeddable":true,"href":"https:\/\/www.contrataciones.gov.py\/dncp\/wp-json\/wp\/v2\/comments?post=2876"}],"version-history":[{"count":3,"href":"https:\/\/www.contrataciones.gov.py\/dncp\/wp-json\/wp\/v2\/pages\/2876\/revisions"}],"predecessor-version":[{"id":13855,"href":"https:\/\/www.contrataciones.gov.py\/dncp\/wp-json\/wp\/v2\/pages\/2876\/revisions\/13855"}],"up":[{"embeddable":true,"href":"https:\/\/www.contrataciones.gov.py\/dncp\/wp-json\/wp\/v2\/pages\/904"}],"wp:attachment":[{"href":"https:\/\/www.contrataciones.gov.py\/dncp\/wp-json\/wp\/v2\/media?parent=2876"}],"curies":[{"name":"wp","href":"https:\/\/api.w.org\/{rel}","templated":true}]}}