{"id":2927,"date":"2023-05-02T15:18:42","date_gmt":"2023-05-02T19:18:42","guid":{"rendered":"https:\/\/www.contrataciones.gov.py\/dncp\/?page_id=2927"},"modified":"2024-12-05T15:43:57","modified_gmt":"2024-12-05T18:43:57","slug":"tienda-virtual-para-compra-venta-de-productos-covid-19","status":"publish","type":"page","link":"https:\/\/www.contrataciones.gov.py\/dncp\/covid-19\/tienda-virtual-para-compra-venta-de-productos-covid-19\/","title":{"rendered":"Tienda virtual para compra\/venta de productos COVID-19"},"content":{"rendered":"\n<figure class=\"wp-block-image size-large\"><img loading=\"lazy\" decoding=\"async\" width=\"1024\" height=\"217\" src=\"https:\/\/www.contrataciones.gov.py\/dncp\/wp-content\/uploads\/2024\/12\/actualizacion-de-usuarios-de-Unidades-de-Contratacion_WEB-13-10-1024x217.jpg\" alt=\"\" class=\"wp-image-13891\" srcset=\"https:\/\/www.contrataciones.gov.py\/dncp\/wp-content\/uploads\/2024\/12\/actualizacion-de-usuarios-de-Unidades-de-Contratacion_WEB-13-10-1024x217.jpg 1024w, https:\/\/www.contrataciones.gov.py\/dncp\/wp-content\/uploads\/2024\/12\/actualizacion-de-usuarios-de-Unidades-de-Contratacion_WEB-13-10-300x63.jpg 300w, https:\/\/www.contrataciones.gov.py\/dncp\/wp-content\/uploads\/2024\/12\/actualizacion-de-usuarios-de-Unidades-de-Contratacion_WEB-13-10-768x162.jpg 768w, https:\/\/www.contrataciones.gov.py\/dncp\/wp-content\/uploads\/2024\/12\/actualizacion-de-usuarios-de-Unidades-de-Contratacion_WEB-13-10-1536x325.jpg 1536w, https:\/\/www.contrataciones.gov.py\/dncp\/wp-content\/uploads\/2024\/12\/actualizacion-de-usuarios-de-Unidades-de-Contratacion_WEB-13-10.jpg 1920w\" sizes=\"auto, (max-width: 1024px) 100vw, 1024px\" \/><\/figure>\n\n\n\n<h4 class=\"wp-block-heading\">Tienda virtual para compra\/venta de productos COVID-19<\/h4>\n\n\n\n<h5 class=\"wp-block-heading\">DNCP lanza llamado a licitaci\u00f3n para agregar insumos para el combate al COVID-19 en su tienda virtual<\/h5>\n\n\n\n<p>Mediante un llamado a licitaci\u00f3n por v\u00eda de la excepci\u00f3n para Convenio Marco, la Direcci\u00f3n Nacional de Contrataciones P\u00fablicas podr\u00e1 incluir en su tienda virtual \u00edtems de productos de contingencia del COVID-19, dicho llamado ha sido aprobado por la Resoluci\u00f3n N\u00b0 1400\/2020 que faculta a la Coordinaci\u00f3n de Compras Virtuales de la DNCP la coordinaci\u00f3n de dicho proceso.<\/p>\n\n\n\n<p>Este procedimiento permitir\u00e1 a todas las instituciones estatales acceder de manera simple y \u00e1gil a los productos que requieran para hacer frente a la pandemia, ya que la DNCP se encargar\u00e1 en primera instancia de evaluar a las empresas que presenten ofertas y todas las que cumplan con los requisitos del Pliego de Bases y Condiciones, ser\u00e1n incluidas con sus productos en la tienda virtual disponible en el portal de Contrataciones P\u00fablicas.<\/p>\n\n\n\n<p>En la mencionada tienda se encontrar\u00e1n disponibles productos como: alcohol en gel, traje de protecci\u00f3n para riego biol\u00f3gico, cubre calzado, gafas protectoras, cofia descartable, guante quir\u00fargico, guante para reconocimiento, protector facial, mascarilla quir\u00fargica, tapabocas antipart\u00edculas N95, tapabocas com\u00fan, bata, bolsa mortuoria, delantal de alto rendimiento, t\u00fanica exfoliante, pantalones exfoliantes, term\u00f3metro digital y servilletas seca manos. A lo largo de la duraci\u00f3n del Convenio se podr\u00e1n incluir nuevos productos a ser utilizados.<\/p>\n\n\n\n<p>Con esto se busca una mayor celeridad en los procesos y de esta manera evitar que las contratantes inicien nuevas licitaciones para productos que ya se encuentres disponibles para su adquisici\u00f3n directamente desde la tienda.<\/p>\n\n\n\n<p>La DNCP a lo largo de la vigencia del convenio incorporar\u00e1 nuevos oferentes a la tienda virtual, consult\u00e1 las fechas de las nuevas presentaciones y aperturas de ofertas ingresando a:&nbsp;<a href=\"https:\/\/tienda.dncp.gov.py\/content\/7-proveedores-de-la-tienda-virtual\"><u>https:\/\/tienda.dncp.gov.py\/content\/7-proveedores-de-la-tienda-virtual<\/u><\/a><\/p>\n\n\n\n<p>Para mayor informaci\u00f3n&nbsp;<a href=\"https:\/\/www.contrataciones.gov.py\/convenios-marco\/convocatoria\/382392-adquisicion-productos-contingencia-covid-19.html\"><u>ingrese aqu\u00ed<\/u><\/a><\/p>\n\n\n\n<p><strong>Circulaci\u00f3n de oferentes para entrega f\u00edsica de sobres de ofertas en la DNCP:<\/strong><br>Para potenciar una participaci\u00f3n efectiva y hacer el proceso lo m\u00e1s transparente posible, la DNCP ha emitido notas a la Fiscal\u00eda General de Estado, el Ministerio del Interior y la Comandancia de la Polic\u00eda Nacional a fin de solicitar la consideraci\u00f3n del caso para garantizar que los oferentes pueden llegar al sitio en fecha y hora para la entrega de sus ofertas.<\/p>\n\n\n\n<p>Descargue las notas&nbsp;<a href=\"http:\/\/static.dncp.gov.py\/PublishingImages\/Lists\/Banners\/AllItems\/notas_covid.zip\"><u>aqu\u00ed<\/u><\/a><\/p>\n","protected":false},"excerpt":{"rendered":"Tienda virtual para compra\/venta de productos COVID-19 DNCP lanza llamado a licitaci\u00f3n para agregar insumos para el combate al COVID-19 en su tienda virtual Mediante un llamado a licitaci\u00f3n por v\u00eda de la excepci\u00f3n para Convenio Marco, la Direcci\u00f3n Nacional de Contrataciones P\u00fablicas podr\u00e1 incluir en su tienda virtual \u00edtems de productos de contingencia del [&hellip;]","protected":false},"author":13,"featured_media":0,"parent":904,"menu_order":8,"comment_status":"closed","ping_status":"closed","template":"","meta":{"footnotes":""},"class_list":["post-2927","page","type-page","status-publish","hentry"],"_links":{"self":[{"href":"https:\/\/www.contrataciones.gov.py\/dncp\/wp-json\/wp\/v2\/pages\/2927","targetHints":{"allow":["GET"]}}],"collection":[{"href":"https:\/\/www.contrataciones.gov.py\/dncp\/wp-json\/wp\/v2\/pages"}],"about":[{"href":"https:\/\/www.contrataciones.gov.py\/dncp\/wp-json\/wp\/v2\/types\/page"}],"author":[{"embeddable":true,"href":"https:\/\/www.contrataciones.gov.py\/dncp\/wp-json\/wp\/v2\/users\/13"}],"replies":[{"embeddable":true,"href":"https:\/\/www.contrataciones.gov.py\/dncp\/wp-json\/wp\/v2\/comments?post=2927"}],"version-history":[{"count":3,"href":"https:\/\/www.contrataciones.gov.py\/dncp\/wp-json\/wp\/v2\/pages\/2927\/revisions"}],"predecessor-version":[{"id":13895,"href":"https:\/\/www.contrataciones.gov.py\/dncp\/wp-json\/wp\/v2\/pages\/2927\/revisions\/13895"}],"up":[{"embeddable":true,"href":"https:\/\/www.contrataciones.gov.py\/dncp\/wp-json\/wp\/v2\/pages\/904"}],"wp:attachment":[{"href":"https:\/\/www.contrataciones.gov.py\/dncp\/wp-json\/wp\/v2\/media?parent=2927"}],"curies":[{"name":"wp","href":"https:\/\/api.w.org\/{rel}","templated":true}]}}