{"id":2953,"date":"2023-05-02T15:48:36","date_gmt":"2023-05-02T19:48:36","guid":{"rendered":"https:\/\/www.contrataciones.gov.py\/dncp\/?page_id=2953"},"modified":"2024-12-04T11:33:56","modified_gmt":"2024-12-04T14:33:56","slug":"que-contempla-la-ley-7021-2022","status":"publish","type":"page","link":"https:\/\/www.contrataciones.gov.py\/dncp\/ley-7021\/que-contempla-la-ley-7021-2022\/","title":{"rendered":"\u00bfQu\u00e9 contempla la Ley 7021\/2022?"},"content":{"rendered":"\n<figure class=\"wp-block-image size-large\"><img loading=\"lazy\" decoding=\"async\" width=\"1024\" height=\"217\" src=\"https:\/\/www.contrataciones.gov.py\/dncp\/wp-content\/uploads\/2024\/12\/actualizacion-de-usuarios-de-Unidades-de-Contratacion_WEB-3-2-1024x217.jpg\" alt=\"\" class=\"wp-image-13255\" srcset=\"https:\/\/www.contrataciones.gov.py\/dncp\/wp-content\/uploads\/2024\/12\/actualizacion-de-usuarios-de-Unidades-de-Contratacion_WEB-3-2-1024x217.jpg 1024w, https:\/\/www.contrataciones.gov.py\/dncp\/wp-content\/uploads\/2024\/12\/actualizacion-de-usuarios-de-Unidades-de-Contratacion_WEB-3-2-300x63.jpg 300w, https:\/\/www.contrataciones.gov.py\/dncp\/wp-content\/uploads\/2024\/12\/actualizacion-de-usuarios-de-Unidades-de-Contratacion_WEB-3-2-768x162.jpg 768w, https:\/\/www.contrataciones.gov.py\/dncp\/wp-content\/uploads\/2024\/12\/actualizacion-de-usuarios-de-Unidades-de-Contratacion_WEB-3-2-1536x325.jpg 1536w, https:\/\/www.contrataciones.gov.py\/dncp\/wp-content\/uploads\/2024\/12\/actualizacion-de-usuarios-de-Unidades-de-Contratacion_WEB-3-2.jpg 1920w\" sizes=\"auto, (max-width: 1024px) 100vw, 1024px\" \/><\/figure>\n\n\n\n<p>En la nueva ley se contemplan diversos pilares como la creaci\u00f3n de procesos m\u00e1s din\u00e1micos y seguros, la promoci\u00f3n de datos abiertos para todos, la implementaci\u00f3n de compras p\u00fablicas sostenibles, as\u00ed como la inclusi\u00f3n de MIPYMES en el sistema de compras del Estado.<\/p>\n\n\n\n<p><strong>\u00bfQu\u00e9 implica la nueva ley?<\/strong><\/p>\n\n\n\n<ul class=\"wp-block-list\">\n<li>Avance en la seguridad jur\u00eddica<\/li>\n\n\n\n<li>Solidez en los procedimientos de contrataci\u00f3n<\/li>\n\n\n\n<li>Mejora en las inhabilidades de contratar con el Estado y en la tipificaci\u00f3n de sanciones<\/li>\n\n\n\n<li>Mayor enfoque a la rendici\u00f3n de cuentas e informaci\u00f3n p\u00fablica<\/li>\n<\/ul>\n\n\n\n<p><strong>\u00bfQu\u00e9 propone la nueva ley?<\/strong><\/p>\n\n\n\n<ul class=\"wp-block-list\">\n<li>Cambiar el enfoque de las compras hacia el valor por dinero<\/li>\n\n\n\n<li>Aprovechar la econom\u00eda a escala<\/li>\n\n\n\n<li>Fortalecer la participaci\u00f3n ciudadana y la transparencia<\/li>\n\n\n\n<li>Contemplar la dinamizaci\u00f3n de sectores estrat\u00e9gicos<\/li>\n\n\n\n<li>Prevenir los conflictos de intereses<\/li>\n<\/ul>\n","protected":false},"excerpt":{"rendered":"En la nueva ley se contemplan diversos pilares como la creaci\u00f3n de procesos m\u00e1s din\u00e1micos y seguros, la promoci\u00f3n de datos abiertos para todos, la implementaci\u00f3n de compras p\u00fablicas sostenibles, as\u00ed como la inclusi\u00f3n de MIPYMES en el sistema de compras del Estado. \u00bfQu\u00e9 implica la nueva ley? \u00bfQu\u00e9 propone la nueva ley?","protected":false},"author":13,"featured_media":0,"parent":2941,"menu_order":3,"comment_status":"closed","ping_status":"closed","template":"","meta":{"footnotes":""},"class_list":["post-2953","page","type-page","status-publish","hentry"],"_links":{"self":[{"href":"https:\/\/www.contrataciones.gov.py\/dncp\/wp-json\/wp\/v2\/pages\/2953","targetHints":{"allow":["GET"]}}],"collection":[{"href":"https:\/\/www.contrataciones.gov.py\/dncp\/wp-json\/wp\/v2\/pages"}],"about":[{"href":"https:\/\/www.contrataciones.gov.py\/dncp\/wp-json\/wp\/v2\/types\/page"}],"author":[{"embeddable":true,"href":"https:\/\/www.contrataciones.gov.py\/dncp\/wp-json\/wp\/v2\/users\/13"}],"replies":[{"embeddable":true,"href":"https:\/\/www.contrataciones.gov.py\/dncp\/wp-json\/wp\/v2\/comments?post=2953"}],"version-history":[{"count":3,"href":"https:\/\/www.contrataciones.gov.py\/dncp\/wp-json\/wp\/v2\/pages\/2953\/revisions"}],"predecessor-version":[{"id":13259,"href":"https:\/\/www.contrataciones.gov.py\/dncp\/wp-json\/wp\/v2\/pages\/2953\/revisions\/13259"}],"up":[{"embeddable":true,"href":"https:\/\/www.contrataciones.gov.py\/dncp\/wp-json\/wp\/v2\/pages\/2941"}],"wp:attachment":[{"href":"https:\/\/www.contrataciones.gov.py\/dncp\/wp-json\/wp\/v2\/media?parent=2953"}],"curies":[{"name":"wp","href":"https:\/\/api.w.org\/{rel}","templated":true}]}}