{"id":3949,"date":"2023-05-17T15:11:10","date_gmt":"2023-05-17T19:11:10","guid":{"rendered":"https:\/\/www.contrataciones.gov.py\/dncp\/?page_id=3949"},"modified":"2023-06-20T11:52:04","modified_gmt":"2023-06-20T15:52:04","slug":"version-actual-actualizado-a-13-11-2017","status":"publish","type":"page","link":"https:\/\/www.contrataciones.gov.py\/dncp\/terminos-y-condiciones-de-uso\/version-actual-actualizado-a-13-11-2017\/","title":{"rendered":"(Versi\u00f3n Actual) Actualizado a: 13-11-2017"},"content":{"rendered":"\n<h1 class=\"wp-block-heading has-text-align-center\">Aviso Legal<\/h1>\n\n\n\n<p>Bienvenido al portal\u00a0<a href=\"https:\/\/www.contrataciones.gov.py\/\">www.contrataciones.gov.py<\/a><br>Por favor lea los T\u00e9rminos y Condiciones antes de hacer uso de este portal. Al acceder y usar \u00e9ste, usted, el usuario, reconoce haber le\u00eddo y entendido los T\u00e9rminos y Condiciones que se establecen en este documento, y est\u00e1n de acuerdo con los mismos. La Direcci\u00f3n Nacional de Contrataciones P\u00fablicas (DNCP), instituci\u00f3n de regulaci\u00f3n y verificaci\u00f3n de las contrataciones realizadas por el Gobierno de la Rep\u00fablica del Paraguay, pone a disposici\u00f3n de la ciudadan\u00eda toda la informaci\u00f3n sobre las licitaciones del Estado.<\/p>\n\n\n\n<h1 class=\"wp-block-heading has-text-align-center\">T\u00e9rminos y Condiciones<\/h1>\n\n\n\n<p>\u200bEl acceso al Sistema de Informaci\u00f3n de Contrataciones P\u00fablicas\u00a0<a href=\"https:\/\/www.contrataciones.gov.py\/\">www.contrataciones.gov.py<\/a>, en adelante SICP, no implica que la Direcci\u00f3n Nacional de Contrataciones P\u00fablicas, en adelante DNCP, haya comprobado la veracidad, exactitud, adecuaci\u00f3n, idoneidad, exhaustividad y actualidad de la informaci\u00f3n suministrada a trav\u00e9s de nuestro sitio. El contenido de esta p\u00e1gina en cuanto a los procedimientos de contrataci\u00f3n es obtenido directamente de cada entidad licitante; en lo que respecta a los pagos a proveedores, los mismos provienen de las entidades contratantes y del Ministerio de Hacienda seg\u00fan el caso, no pudiendo la DNCP garantizar que el contenido de la informaci\u00f3n se encuentre permanentemente actualizado, atendiendo que el mismo depende de los datos prove\u00eddos por las distintas entidades sujetas al Sistema de Contrataciones del Sector P\u00fablico.Las informaciones contenidas en los documentos que acompa\u00f1an a las licitaciones son digitalizaciones delos documentos remitidos por los organismos del Estado, toda publicaci\u00f3n constituye una recopilaci\u00f3n fiel e integral del documento emitido por la entidad oficial, sin agregados, supresiones o correcciones de ninguna naturaleza. La DNCP no se responsabiliza de las decisiones tomadas a partir de la informaci\u00f3n difundida en el SICP ni delos posibles da\u00f1os y perjuicios producidos al usuario visitante o a terceros con motivo de actuaciones que tengan como \u00fanico fundamento la informaci\u00f3n obtenida en el sitio. La DNCP podr\u00e1 efectuar, en cualquier momento y sin necesidad de previo aviso, modificaciones y actualizaciones sobre la informaci\u00f3n contenida en el SICP o en su configuraci\u00f3n o presentaci\u00f3n.La reutilizaci\u00f3n de los datos difundidos en el SICP se realizar\u00e1, por parte de los usuarios, bajo su propia cuenta y riesgo, correspondi\u00e9ndoles exclusivamente a ellos responder frente a terceros por da\u00f1os que pudieran derivarse de ello. La DNCP no ser\u00e1 responsable del uso o re\u00faso que hagan de la informaci\u00f3n, ni tampoco de los da\u00f1os sufridos o p\u00e9rdidas econ\u00f3micas que, de forma directa o indirecta, produzcan o puedan producir por el uso de la informaci\u00f3n reutilizada.En el SICP se han incluido enlaces a p\u00e1ginas de sitios Web de terceros (\u201clinks\u201d), que se han considerado de inter\u00e9s para los Usuarios; sin embargo cuando nuestras p\u00e1ginas contengan enlaces a p\u00e1ginas externas a la DNCP, ya sea a otras entidades gubernamentales, comerciales o privadas, y el usuario seleccione uno de \u00e9stos la DNCP no asume ninguna responsabilidad derivada de la conexi\u00f3n o contenidos de los enlaces de terceros a los que se hace referencia en el SICP, por lo que el usuario estar\u00e1 sujeto a las normas y condiciones de la p\u00e1gina externa.Los derechos de propiedad intelectual del Sistema de Informaci\u00f3n de Contrataciones P\u00fablicas(<a href=\"https:\/\/www.contrataciones.gov.py\/\">www.contrataciones.gov.py<\/a>), de su dise\u00f1o gr\u00e1fico y los c\u00f3digos que contiene, pertenecen a la Direcci\u00f3n Nacional de Contrataciones P\u00fablicas, salvo que se indique una titularidad diferente.<\/p>\n\n\n\n<h1 class=\"wp-block-heading has-text-align-center\">Pol\u00edtica de Privacidad<\/h1>\n\n\n\n<p>\u200bEl acceso a y\/o uso del SICP implica que todos los visitantes al mismo se adhieren a \u00e9stos T\u00e9rminos y Condiciones, acept\u00e1ndolos, desde ese momento, plenamente y sin reserva alguna, as\u00ed como en su caso, alas Condiciones Particulares que en el futuro puedan complementarlas, sustituirlas o modificarlas en alg\u00fan sentido en relaci\u00f3n con los servicios y contenidos del SICP. Por el solo hecho de ingresar y hacer uso de este Portal (<a href=\"https:\/\/www.contrataciones.gov.py\/\">www.contrataciones.gov.py<\/a>), usted (el \u201cUsuario Visitante\u201d) se adhiere en forma inmediata a todos y cada uno de \u00e9stos T\u00e9rminos y Condiciones. En consecuencia, el Usuario deber\u00e1 leer detenidamente los T\u00e9rminos y Condiciones as\u00ed como las Condiciones Particulares, que pudieran dictarse, antes de acceder y\/o utilizar cualquier servicio del SICP bajo su entera responsabilidad. Es responsabilidad del usuario mantenerse informado acerca de la Pol\u00edtica de Privacidad vigente cada vez que hace uso del SICP. A trav\u00e9s de esta Pol\u00edtica de Privacidad, la Direcci\u00f3n Nacional de Contrataciones P\u00fablicas no est\u00e1 suscribiendo un compromiso contractual con sus usuarios, sino que se difunde s\u00f3lo con fines informativos.<\/p>\n\n\n\n<h1 class=\"wp-block-heading has-text-align-center\">Derecho a la Intimidad<\/h1>\n\n\n\n<p>\u200bLa DNCP no recopilar\u00e1 informaci\u00f3n personal de los usuarios visitantes, sin embargo, se reserva el derecho de recopilar cualquier informaci\u00f3n necesaria para que en caso de sospecha de alguna conducta ilegal en el uso de la informaci\u00f3n de la p\u00e1gina de la DNCP en la Internet se cuente con ella. Para conservar la disponibilidad de los servicios que prestamos, la DNCP supervisar\u00e1 el uso de la red de interconexi\u00f3n, de manera a detectar aquellas situaciones en las cuales se intente modificar el contenido de las p\u00e1ginas o se trate de da\u00f1ar la propiedad utilizada para estos prop\u00f3sitos. As\u00ed tambi\u00e9n la DNCP se reserva el derecho de utilizar cookies para facilitar la navegaci\u00f3n. Adem\u00e1s, la DNCP podr\u00e1 generar estad\u00edsticas y recopilarinformaci\u00f3n relevante a las \u201cvisitas\u201d a nuestras p\u00e1ginas en cuanto a:<\/p>\n\n\n\n<ul class=\"wp-block-list\">\n<li>El dominio de la Internet y n\u00famero de IP de su conexi\u00f3n o acceso;<\/li>\n\n\n\n<li>El tipo de navegador y el sistema operativo (Tipo, Versi\u00f3n e idioma, etc.) que se utiliz\u00f3 para ver las<\/li>\n<\/ul>\n\n\n\n<p>p\u00e1ginas;<\/p>\n\n\n\n<ul class=\"wp-block-list\">\n<li>La fecha y hora de la visita;<\/li>\n\n\n\n<li>Las p\u00e1ginas que se visitaron;<\/li>\n\n\n\n<li>La p\u00e1gina externa que origin\u00f3 la visita:<\/li>\n\n\n\n<li>Ubicaci\u00f3n Geogr\u00e1fica de los usuarios;<\/li>\n\n\n\n<li>Resoluci\u00f3n de la Pantalla, Versi\u00f3n de Flash;<\/li>\n\n\n\n<li>Tipo de dispositivo<\/li>\n<\/ul>\n\n\n\n<p>En lo que respecta a la aplicaci\u00f3n m\u00f3vil \u201cContrataciones PY\u201d, \u00e9sta almacena el identificador de su dispositivo m\u00f3vil a fin de poder enviar las notificaciones sobre los procesos de licitaci\u00f3n en los cuales usted solicite recibir alertas, ya sean estas por cambios en los estados del llamado, publicaci\u00f3n de adendas, y otros cambios.La DNCP, por medio del Sistema de Informaci\u00f3n de las Contrataciones P\u00fablicas (SICP), solo hace uso de este identificador para este prop\u00f3sito y no comparte esta informaci\u00f3n con ninguna otra entidad, empresa o persona.Cuando la informaci\u00f3n se relacione con una confidencia o acci\u00f3n judicial, la misma se considerar\u00e1 y se mantendr\u00e1 en confidencialidad.El SICP contiene opciones tendientes a que el usuario pueda hacer preguntas, solicitar mayor informaci\u00f3n, o enviar comentarios.El uso de esta opci\u00f3n es voluntaria y puede requerir su direcci\u00f3n de correo electr\u00f3nico (e-mail).Utilizaremos la informaci\u00f3n provista a trav\u00e9s del correo electr\u00f3nico \u00fanicamente para aquellos prop\u00f3sitos para los cuales nos contact\u00f3.<\/p>\n","protected":false},"excerpt":{"rendered":"Aviso Legal Bienvenido al portal\u00a0www.contrataciones.gov.pyPor favor lea los T\u00e9rminos y Condiciones antes de hacer uso de este portal. Al acceder y usar \u00e9ste, usted, el usuario, reconoce haber le\u00eddo y entendido los T\u00e9rminos y Condiciones que se establecen en este documento, y est\u00e1n de acuerdo con los mismos. La Direcci\u00f3n Nacional de Contrataciones P\u00fablicas (DNCP), [&hellip;]","protected":false},"author":8,"featured_media":0,"parent":3937,"menu_order":1,"comment_status":"closed","ping_status":"closed","template":"","meta":{"footnotes":""},"class_list":["post-3949","page","type-page","status-publish","hentry"],"_links":{"self":[{"href":"https:\/\/www.contrataciones.gov.py\/dncp\/wp-json\/wp\/v2\/pages\/3949","targetHints":{"allow":["GET"]}}],"collection":[{"href":"https:\/\/www.contrataciones.gov.py\/dncp\/wp-json\/wp\/v2\/pages"}],"about":[{"href":"https:\/\/www.contrataciones.gov.py\/dncp\/wp-json\/wp\/v2\/types\/page"}],"author":[{"embeddable":true,"href":"https:\/\/www.contrataciones.gov.py\/dncp\/wp-json\/wp\/v2\/users\/8"}],"replies":[{"embeddable":true,"href":"https:\/\/www.contrataciones.gov.py\/dncp\/wp-json\/wp\/v2\/comments?post=3949"}],"version-history":[{"count":8,"href":"https:\/\/www.contrataciones.gov.py\/dncp\/wp-json\/wp\/v2\/pages\/3949\/revisions"}],"predecessor-version":[{"id":4207,"href":"https:\/\/www.contrataciones.gov.py\/dncp\/wp-json\/wp\/v2\/pages\/3949\/revisions\/4207"}],"up":[{"embeddable":true,"href":"https:\/\/www.contrataciones.gov.py\/dncp\/wp-json\/wp\/v2\/pages\/3937"}],"wp:attachment":[{"href":"https:\/\/www.contrataciones.gov.py\/dncp\/wp-json\/wp\/v2\/media?parent=3949"}],"curies":[{"name":"wp","href":"https:\/\/api.w.org\/{rel}","templated":true}]}}