{"id":5478,"date":"2023-10-18T15:56:22","date_gmt":"2023-10-18T18:56:22","guid":{"rendered":"https:\/\/www.contrataciones.gov.py\/dncp\/?page_id=5478"},"modified":"2025-03-04T08:19:51","modified_gmt":"2025-03-04T11:19:51","slug":"guia-ofertas-electronicas-ciudadania","status":"publish","type":"page","link":"https:\/\/www.contrataciones.gov.py\/dncp\/guia-ofertas-electronicas\/guia-ofertas-electronicas-ciudadania\/","title":{"rendered":"Gu\u00eda Ofertas Electr\u00f3nicas &#8211; Ciudadan\u00eda"},"content":{"rendered":"\n<figure class=\"wp-block-image size-full\"><img loading=\"lazy\" decoding=\"async\" width=\"1920\" height=\"406\" src=\"https:\/\/www.contrataciones.gov.py\/dncp\/wp-content\/uploads\/2025\/03\/OFERTA-ELECTRONICA-ciudadania.jpg\" alt=\"\" class=\"wp-image-16804\" srcset=\"https:\/\/www.contrataciones.gov.py\/dncp\/wp-content\/uploads\/2025\/03\/OFERTA-ELECTRONICA-ciudadania.jpg 1920w, https:\/\/www.contrataciones.gov.py\/dncp\/wp-content\/uploads\/2025\/03\/OFERTA-ELECTRONICA-ciudadania-300x63.jpg 300w, https:\/\/www.contrataciones.gov.py\/dncp\/wp-content\/uploads\/2025\/03\/OFERTA-ELECTRONICA-ciudadania-1024x217.jpg 1024w, https:\/\/www.contrataciones.gov.py\/dncp\/wp-content\/uploads\/2025\/03\/OFERTA-ELECTRONICA-ciudadania-768x162.jpg 768w, https:\/\/www.contrataciones.gov.py\/dncp\/wp-content\/uploads\/2025\/03\/OFERTA-ELECTRONICA-ciudadania-1536x325.jpg 1536w\" sizes=\"auto, (max-width: 1920px) 100vw, 1920px\" \/><\/figure>\n\n\n\n<p>La presente Gu\u00eda contiene las directrices a seguir por la ciudadan\u00eda para participar en las aperturas de ofertas electr\u00f3nicas de los procedimientos de contrataci\u00f3n que empleen el m\u00f3dulo de ofertas electr\u00f3nicas, en concordancia con las disposiciones reglamentarias dispuestas por Resoluci\u00f3n DNCP N\u00b0 3800\/2023 \u2018\u2019POR LA CUAL SE REGULA LA UTILIZACI\u00d3N DEL M\u00d3DULO DE OFERTAS ELECTR\u00d3NICAS EN LOS PROCEDIMIENTOS DE CONTRATACI\u00d3N\u201d.<\/p>\n\n\n\n<p>1) <strong>\u00bfEn qu\u00e9 consiste la oferta electr\u00f3nica?<\/strong><\/p>\n\n\n\n<p>Es aquella propuesta t\u00e9cnica y econ\u00f3mica presentada por una persona f\u00edsica o jur\u00eddica ante las Entidades Convocantes del Estado reguladas por la Ley N\u00b0 7021\/22 \u2018\u2019De Suministro y Contrataciones P\u00fablicas\u2019\u2019 y el Plan Piloto de la DNCP, con el objeto de vender o transferir un bien, realizar una obra, dar en locaci\u00f3n o suministrar un servicio, a trav\u00e9s de medios electr\u00f3nicos disponibles en la plataforma virtual del Sistema de Informaci\u00f3n de Contrataciones P\u00fablicas (SICP).<\/p>\n\n\n\n<p>Tal como se muestra en la imagen, en los Datos de la Convocatoria de los procedimientos de contrataci\u00f3n que empleen el m\u00f3dulo de ofertas electr\u00f3nicas, podr\u00e1 visualizar la indicaci\u00f3n:<\/p>\n\n\n\n<figure class=\"wp-block-image size-full\"><img loading=\"lazy\" decoding=\"async\" width=\"894\" height=\"422\" src=\"https:\/\/www.contrataciones.gov.py\/dncp\/wp-content\/uploads\/2023\/10\/image-85.png\" alt=\"\" class=\"wp-image-5486\" srcset=\"https:\/\/www.contrataciones.gov.py\/dncp\/wp-content\/uploads\/2023\/10\/image-85.png 894w, https:\/\/www.contrataciones.gov.py\/dncp\/wp-content\/uploads\/2023\/10\/image-85-300x142.png 300w, https:\/\/www.contrataciones.gov.py\/dncp\/wp-content\/uploads\/2023\/10\/image-85-768x363.png 768w\" sizes=\"auto, (max-width: 894px) 100vw, 894px\" \/><\/figure>\n\n\n\n<p>Si Usted desea participar como oferente en estas licitaciones, puede acceder al documento&nbsp;<strong>GUIA DE PRESENTACI\u00d3N DE OFERTAS ELECTR\u00d3NICAS: Proveedores<\/strong>, disponible en el SICP.&nbsp;<\/p>\n\n\n\n<p><strong>1. Buscador de Convocatorias con Ofertas electr\u00f3nicas.<\/strong> Todo ciudadano puede ingresar al SICP eligiendo el perfil correspondiente, haciendo clic en el \u00edcono que representa su perfil, en este caso CIUDADAN\u00cdA.<\/p>\n\n\n\n<figure class=\"wp-block-image size-full\"><img loading=\"lazy\" decoding=\"async\" width=\"605\" height=\"212\" src=\"https:\/\/www.contrataciones.gov.py\/dncp\/wp-content\/uploads\/2023\/10\/image-87.png\" alt=\"\" class=\"wp-image-5494\" srcset=\"https:\/\/www.contrataciones.gov.py\/dncp\/wp-content\/uploads\/2023\/10\/image-87.png 605w, https:\/\/www.contrataciones.gov.py\/dncp\/wp-content\/uploads\/2023\/10\/image-87-300x105.png 300w\" sizes=\"auto, (max-width: 605px) 100vw, 605px\" \/><\/figure>\n\n\n\n<p>Los procedimientos de contrataci\u00f3n en los cuales se utilice el m\u00f3dulo de ofertas electr\u00f3nicas podr\u00e1n ser ubicados en el Portal SICP mediante el Buscador de Licitaciones, ingresando en \u2018<strong>\u2019Criterios de B\u00fasqueda Avanzada\u2019\u2019<\/strong>, donde se despliega la secci\u00f3n \u201c<strong>Caracter\u00edsticas Especiales\u201d <\/strong>que contiene el t\u00e9rmino de \u2018<strong>\u2019Oferta Electr\u00f3nica\u2019\u2019<\/strong>, en el cual que se debe hacer click.<\/p>\n\n\n\n<figure class=\"wp-block-image size-full\"><img loading=\"lazy\" decoding=\"async\" width=\"955\" height=\"459\" src=\"https:\/\/www.contrataciones.gov.py\/dncp\/wp-content\/uploads\/2023\/10\/image-88.png\" alt=\"\" class=\"wp-image-5498\" srcset=\"https:\/\/www.contrataciones.gov.py\/dncp\/wp-content\/uploads\/2023\/10\/image-88.png 955w, https:\/\/www.contrataciones.gov.py\/dncp\/wp-content\/uploads\/2023\/10\/image-88-300x144.png 300w, https:\/\/www.contrataciones.gov.py\/dncp\/wp-content\/uploads\/2023\/10\/image-88-768x369.png 768w\" sizes=\"auto, (max-width: 955px) 100vw, 955px\" \/><\/figure>\n\n\n\n<p>Una vez realizado este paso, se hace click en Buscar y aparece una pantalla como la que se observa a continuaci\u00f3n en la que puede visualizar, todos los Procedimientos de contrataci\u00f3n que utilizan Oferta Electr\u00f3nica.<\/p>\n\n\n\n<figure class=\"wp-block-image size-full\"><img loading=\"lazy\" decoding=\"async\" width=\"911\" height=\"458\" src=\"https:\/\/www.contrataciones.gov.py\/dncp\/wp-content\/uploads\/2023\/10\/image-89.png\" alt=\"\" class=\"wp-image-5502\" srcset=\"https:\/\/www.contrataciones.gov.py\/dncp\/wp-content\/uploads\/2023\/10\/image-89.png 911w, https:\/\/www.contrataciones.gov.py\/dncp\/wp-content\/uploads\/2023\/10\/image-89-300x151.png 300w, https:\/\/www.contrataciones.gov.py\/dncp\/wp-content\/uploads\/2023\/10\/image-89-768x386.png 768w\" sizes=\"auto, (max-width: 911px) 100vw, 911px\" \/><\/figure>\n\n\n\n<p>Es importante recordar que, con la b\u00fasqueda realizada, tiene acceso a todos los procedimientos que utilizan oferta electr\u00f3nica, si est\u00e1 buscando un procedimiento en particular, el buscador le permite introducir datos espec\u00edficos, como ser n\u00famero de Id, nombre del llamado entre otros, completando dichos campos a parte del de Caracter\u00edsticas especiales, el buscador le llevar\u00e1 al procedimiento espec\u00edfico de su inter\u00e9s.<\/p>\n\n\n\n<p><strong>2. Difusi\u00f3n p\u00fablica de documentos de las ofertas en el SICP.<\/strong><\/p>\n\n\n\n<p>Realizada la apertura de las ofertas electr\u00f3nicas, el listado de las ofertas presentadas podr\u00e1 ser visualizado por la ciudadan\u00eda en general a trav\u00e9s de los&nbsp;<strong>Datos de la Convocatoria<\/strong>&nbsp;del procedimiento de contrataci\u00f3n, e ingresando a la casilla de&nbsp;<strong>Ofertas presentadas<\/strong>, como muestra la imagen.&nbsp;<\/p>\n\n\n\n<figure class=\"wp-block-image size-full\"><img loading=\"lazy\" decoding=\"async\" width=\"934\" height=\"541\" src=\"https:\/\/www.contrataciones.gov.py\/dncp\/wp-content\/uploads\/2023\/10\/image-90.png\" alt=\"\" class=\"wp-image-5506\" srcset=\"https:\/\/www.contrataciones.gov.py\/dncp\/wp-content\/uploads\/2023\/10\/image-90.png 934w, https:\/\/www.contrataciones.gov.py\/dncp\/wp-content\/uploads\/2023\/10\/image-90-300x174.png 300w, https:\/\/www.contrataciones.gov.py\/dncp\/wp-content\/uploads\/2023\/10\/image-90-768x445.png 768w\" sizes=\"auto, (max-width: 934px) 100vw, 934px\" \/><\/figure>\n\n\n\n<p><em><strong>Importante: La descarga y visualizaci\u00f3n del contenido de los documentos que componen las ofertas s\u00f3lo podr\u00e1 realizarse a trav\u00e9s de los usuarios habilitados en el SICP, de acuerdo a lo indicado en las Gu\u00eda para Presentaci\u00f3n y Apertura de Ofertas Electr\u00f3nicas.&nbsp;<\/strong><\/em><\/p>\n\n\n\n<p><strong>3. Observaciones sobre las ofertas.&nbsp;<\/strong><\/p>\n\n\n\n<p>Durante el acto de apertura de ofertas y dentro del plazo de revisi\u00f3n de ofertas, toda persona que ingrese a la convocatoria, podr\u00e1 enviar una observaci\u00f3n sobre las ofertas presentadas a trav\u00e9s del SICP, mediante el bot\u00f3n&nbsp;\u201c<strong>Enviar una Observaci\u00f3n\u201d<\/strong>, como se observa en la imagen de arriba. Al hacer clic, el sistema desplegar\u00e1 el siguiente formulario.&nbsp;<\/p>\n\n\n\n<figure class=\"wp-block-image size-full\"><img loading=\"lazy\" decoding=\"async\" width=\"939\" height=\"537\" src=\"https:\/\/www.contrataciones.gov.py\/dncp\/wp-content\/uploads\/2023\/10\/image-91.png\" alt=\"\" class=\"wp-image-5510\" srcset=\"https:\/\/www.contrataciones.gov.py\/dncp\/wp-content\/uploads\/2023\/10\/image-91.png 939w, https:\/\/www.contrataciones.gov.py\/dncp\/wp-content\/uploads\/2023\/10\/image-91-300x172.png 300w, https:\/\/www.contrataciones.gov.py\/dncp\/wp-content\/uploads\/2023\/10\/image-91-768x439.png 768w\" sizes=\"auto, (max-width: 939px) 100vw, 939px\" \/><\/figure>\n\n\n\n<p>Complete los datos solicitados en cada campo, luego haga clic en el bot\u00f3n&nbsp;\u201c<strong>Enviar una observaci\u00f3n\u201d.&nbsp;<\/strong><\/p>\n\n\n\n<p>Para confirmar el env\u00edo, el sistema emitir\u00e1 el mensaje: \u201c<strong>La observaci\u00f3n ha sido enviada correctamente\u201d<\/strong>, en la parte superior de la pantalla, como muestra la siguiente imagen.<\/p>\n\n\n\n<figure class=\"wp-block-image size-full\"><img loading=\"lazy\" decoding=\"async\" width=\"887\" height=\"283\" src=\"https:\/\/www.contrataciones.gov.py\/dncp\/wp-content\/uploads\/2023\/10\/image-92.png\" alt=\"\" class=\"wp-image-5522\" srcset=\"https:\/\/www.contrataciones.gov.py\/dncp\/wp-content\/uploads\/2023\/10\/image-92.png 887w, https:\/\/www.contrataciones.gov.py\/dncp\/wp-content\/uploads\/2023\/10\/image-92-300x96.png 300w, https:\/\/www.contrataciones.gov.py\/dncp\/wp-content\/uploads\/2023\/10\/image-92-768x245.png 768w\" sizes=\"auto, (max-width: 887px) 100vw, 887px\" \/><\/figure>\n\n\n\n<p>En caso de que se haya registrado alg\u00fan error en los datos cargados en el formulario, la observaci\u00f3n no se enviar\u00e1 y el sistema le alertar\u00e1 con una notificaci\u00f3n.<\/p>\n\n\n\n<p>Aseg\u00farese de confirmar los datos cargados en el formulario y que sean los correctos, y vuelva a repetir los pasos mencionados para enviar la observaci\u00f3n.&nbsp;<\/p>\n\n\n\n<p>Esta opci\u00f3n s\u00f3lo estar\u00e1 habilitada durante el periodo del acto de apertura de ofertas, por lo que, una vez transcurrido el lapso de revisi\u00f3n de ofertas establecido por la Convocante, ya no podr\u00e1 enviar observaciones sobre las ofertas y el sistema emitir\u00e1 el siguiente mensaje.&nbsp;<\/p>\n\n\n\n<figure class=\"wp-block-image size-full\"><img loading=\"lazy\" decoding=\"async\" width=\"864\" height=\"281\" src=\"https:\/\/www.contrataciones.gov.py\/dncp\/wp-content\/uploads\/2023\/10\/image-93.png\" alt=\"\" class=\"wp-image-5526\" srcset=\"https:\/\/www.contrataciones.gov.py\/dncp\/wp-content\/uploads\/2023\/10\/image-93.png 864w, https:\/\/www.contrataciones.gov.py\/dncp\/wp-content\/uploads\/2023\/10\/image-93-300x98.png 300w, https:\/\/www.contrataciones.gov.py\/dncp\/wp-content\/uploads\/2023\/10\/image-93-768x250.png 768w\" sizes=\"auto, (max-width: 864px) 100vw, 864px\" \/><\/figure>\n\n\n\n<p><strong>4. Reclamos sobre el uso del Sistema&nbsp;<\/strong><\/p>\n\n\n\n<p>Ante errores que pudieran ocurrir durante el uso del m\u00f3dulo de ofertas electr\u00f3nicas, podr\u00e1 formular sus manifestaciones a trav\u00e9s del&nbsp;<strong>Formulario de Mesa de Ayuda<\/strong>, disponible en el&nbsp;<strong>Men\u00fa Servicios<\/strong>&nbsp;del&nbsp;<strong>SICP.<\/strong><\/p>\n\n\n\n<figure class=\"wp-block-image size-full\"><img loading=\"lazy\" decoding=\"async\" width=\"964\" height=\"580\" src=\"https:\/\/www.contrataciones.gov.py\/dncp\/wp-content\/uploads\/2023\/10\/image-94.png\" alt=\"\" class=\"wp-image-5530\" srcset=\"https:\/\/www.contrataciones.gov.py\/dncp\/wp-content\/uploads\/2023\/10\/image-94.png 964w, https:\/\/www.contrataciones.gov.py\/dncp\/wp-content\/uploads\/2023\/10\/image-94-300x180.png 300w, https:\/\/www.contrataciones.gov.py\/dncp\/wp-content\/uploads\/2023\/10\/image-94-768x462.png 768w\" sizes=\"auto, (max-width: 964px) 100vw, 964px\" \/><\/figure>\n\n\n\n<p><strong>5. Uso Indebido<\/strong><\/p>\n\n\n\n<p><strong>Se les recuerda a los usuarios en general la importancia del buen uso de los mecanismos de participaci\u00f3n ciudadana con los que cuenta el SICP, y que, en caso de detectar su uso indebido, la DNCP se reserva el derecho de aplicar las medidas que correspondan.<\/strong><\/p>\n\n\n\n<p><\/p>\n\n\n\n<p><\/p>\n","protected":false},"excerpt":{"rendered":"La presente Gu\u00eda contiene las directrices a seguir por la ciudadan\u00eda para participar en las aperturas de ofertas electr\u00f3nicas de los procedimientos de contrataci\u00f3n que empleen el m\u00f3dulo de ofertas electr\u00f3nicas, en concordancia con las disposiciones reglamentarias dispuestas por Resoluci\u00f3n DNCP N\u00b0 3800\/2023 \u2018\u2019POR LA CUAL SE REGULA LA UTILIZACI\u00d3N DEL M\u00d3DULO DE OFERTAS ELECTR\u00d3NICAS [&hellip;]","protected":false},"author":26,"featured_media":0,"parent":5262,"menu_order":2,"comment_status":"closed","ping_status":"closed","template":"","meta":{"footnotes":""},"class_list":["post-5478","page","type-page","status-publish","hentry"],"_links":{"self":[{"href":"https:\/\/www.contrataciones.gov.py\/dncp\/wp-json\/wp\/v2\/pages\/5478","targetHints":{"allow":["GET"]}}],"collection":[{"href":"https:\/\/www.contrataciones.gov.py\/dncp\/wp-json\/wp\/v2\/pages"}],"about":[{"href":"https:\/\/www.contrataciones.gov.py\/dncp\/wp-json\/wp\/v2\/types\/page"}],"author":[{"embeddable":true,"href":"https:\/\/www.contrataciones.gov.py\/dncp\/wp-json\/wp\/v2\/users\/26"}],"replies":[{"embeddable":true,"href":"https:\/\/www.contrataciones.gov.py\/dncp\/wp-json\/wp\/v2\/comments?post=5478"}],"version-history":[{"count":6,"href":"https:\/\/www.contrataciones.gov.py\/dncp\/wp-json\/wp\/v2\/pages\/5478\/revisions"}],"predecessor-version":[{"id":16808,"href":"https:\/\/www.contrataciones.gov.py\/dncp\/wp-json\/wp\/v2\/pages\/5478\/revisions\/16808"}],"up":[{"embeddable":true,"href":"https:\/\/www.contrataciones.gov.py\/dncp\/wp-json\/wp\/v2\/pages\/5262"}],"wp:attachment":[{"href":"https:\/\/www.contrataciones.gov.py\/dncp\/wp-json\/wp\/v2\/media?parent=5478"}],"curies":[{"name":"wp","href":"https:\/\/api.w.org\/{rel}","templated":true}]}}