{"id":8310,"date":"2023-12-29T14:56:58","date_gmt":"2023-12-29T17:56:58","guid":{"rendered":"https:\/\/www.contrataciones.gov.py\/dncp\/?page_id=8310"},"modified":"2025-03-04T08:33:11","modified_gmt":"2025-03-04T11:33:11","slug":"guia-de-uso-del-modulo-de-gestion-de-usuarios","status":"publish","type":"page","link":"https:\/\/www.contrataciones.gov.py\/dncp\/guia-de-uso-del-modulo-de-gestion-de-usuarios-2\/guia-de-uso-del-modulo-de-gestion-de-usuarios\/","title":{"rendered":"Gu\u00eda del M\u00f3dulo de Gesti\u00f3n de Usuarios"},"content":{"rendered":"\n<figure class=\"wp-block-image size-full\"><img loading=\"lazy\" decoding=\"async\" width=\"1920\" height=\"406\" src=\"https:\/\/www.contrataciones.gov.py\/dncp\/wp-content\/uploads\/2025\/03\/Modulo-de-gestion-de-usuarios.jpg\" alt=\"\" class=\"wp-image-16980\" srcset=\"https:\/\/www.contrataciones.gov.py\/dncp\/wp-content\/uploads\/2025\/03\/Modulo-de-gestion-de-usuarios.jpg 1920w, https:\/\/www.contrataciones.gov.py\/dncp\/wp-content\/uploads\/2025\/03\/Modulo-de-gestion-de-usuarios-300x63.jpg 300w, https:\/\/www.contrataciones.gov.py\/dncp\/wp-content\/uploads\/2025\/03\/Modulo-de-gestion-de-usuarios-1024x217.jpg 1024w, https:\/\/www.contrataciones.gov.py\/dncp\/wp-content\/uploads\/2025\/03\/Modulo-de-gestion-de-usuarios-768x162.jpg 768w, https:\/\/www.contrataciones.gov.py\/dncp\/wp-content\/uploads\/2025\/03\/Modulo-de-gestion-de-usuarios-1536x325.jpg 1536w\" sizes=\"auto, (max-width: 1920px) 100vw, 1920px\" \/><\/figure>\n\n\n\n<ol class=\"wp-block-list\">\n<li>El usuario Administrador ingresa al SICP<\/li>\n<\/ol>\n\n\n\n<figure class=\"wp-block-image size-full\"><img loading=\"lazy\" decoding=\"async\" width=\"770\" height=\"466\" src=\"https:\/\/www.contrataciones.gov.py\/dncp\/wp-content\/uploads\/2023\/12\/imagen-24.png\" alt=\"\" class=\"wp-image-8318\" srcset=\"https:\/\/www.contrataciones.gov.py\/dncp\/wp-content\/uploads\/2023\/12\/imagen-24.png 770w, https:\/\/www.contrataciones.gov.py\/dncp\/wp-content\/uploads\/2023\/12\/imagen-24-300x182.png 300w, https:\/\/www.contrataciones.gov.py\/dncp\/wp-content\/uploads\/2023\/12\/imagen-24-768x465.png 768w\" sizes=\"auto, (max-width: 770px) 100vw, 770px\" \/><\/figure>\n\n\n\n<p>2. Accede al men\u00fa <strong>M\u00f3dulos\/Usuarios\/B\u00fasqueda de Usuarios y ser\u00e1 redirigido al nuevo m\u00f3dulo de Usuarios.<\/strong><\/p>\n\n\n\n<figure class=\"wp-block-image size-full\"><img loading=\"lazy\" decoding=\"async\" width=\"933\" height=\"305\" src=\"https:\/\/www.contrataciones.gov.py\/dncp\/wp-content\/uploads\/2023\/12\/imagen-25.png\" alt=\"\" class=\"wp-image-8322\" srcset=\"https:\/\/www.contrataciones.gov.py\/dncp\/wp-content\/uploads\/2023\/12\/imagen-25.png 933w, https:\/\/www.contrataciones.gov.py\/dncp\/wp-content\/uploads\/2023\/12\/imagen-25-300x98.png 300w, https:\/\/www.contrataciones.gov.py\/dncp\/wp-content\/uploads\/2023\/12\/imagen-25-768x251.png 768w\" sizes=\"auto, (max-width: 933px) 100vw, 933px\" \/><\/figure>\n\n\n\n<p>3. <strong>El nuevo m\u00f3dulo de gesti\u00f3n de usuarios le pedir\u00e1 ingresar de nuevo su usuario y contrase\u00f1a.<\/strong><\/p>\n\n\n\n<figure class=\"wp-block-image size-full\"><img loading=\"lazy\" decoding=\"async\" width=\"866\" height=\"518\" src=\"https:\/\/www.contrataciones.gov.py\/dncp\/wp-content\/uploads\/2023\/12\/imagen-26.png\" alt=\"\" class=\"wp-image-8326\" srcset=\"https:\/\/www.contrataciones.gov.py\/dncp\/wp-content\/uploads\/2023\/12\/imagen-26.png 866w, https:\/\/www.contrataciones.gov.py\/dncp\/wp-content\/uploads\/2023\/12\/imagen-26-300x179.png 300w, https:\/\/www.contrataciones.gov.py\/dncp\/wp-content\/uploads\/2023\/12\/imagen-26-768x459.png 768w\" sizes=\"auto, (max-width: 866px) 100vw, 866px\" \/><\/figure>\n\n\n\n<p>4. <strong>Seguidamente deber\u00e1 actualizar su contrase\u00f1a y aceptar los nuevos t\u00e9rminos<\/strong><\/p>\n\n\n\n<figure class=\"wp-block-image size-full\"><img loading=\"lazy\" decoding=\"async\" width=\"729\" height=\"481\" src=\"https:\/\/www.contrataciones.gov.py\/dncp\/wp-content\/uploads\/2023\/12\/imagen-27.png\" alt=\"\" class=\"wp-image-8330\" srcset=\"https:\/\/www.contrataciones.gov.py\/dncp\/wp-content\/uploads\/2023\/12\/imagen-27.png 729w, https:\/\/www.contrataciones.gov.py\/dncp\/wp-content\/uploads\/2023\/12\/imagen-27-300x198.png 300w\" sizes=\"auto, (max-width: 729px) 100vw, 729px\" \/><\/figure>\n\n\n\n<p>5. <strong>Luego de cambiar la contrase\u00f1a le mostrar\u00e1 el siguiente mensaje, y finalmente est\u00e1 listo para ingresar al nuevo m\u00f3dulo de Gesti\u00f3n de Usuarios \u201cControl de Accesos\u201d, desde la cual podr\u00e1 gestionar y actualizar sus usuarios secundarios.<\/strong><\/p>\n\n\n\n<figure class=\"wp-block-image size-full\"><img loading=\"lazy\" decoding=\"async\" width=\"637\" height=\"435\" src=\"https:\/\/www.contrataciones.gov.py\/dncp\/wp-content\/uploads\/2023\/12\/imagen-28.png\" alt=\"\" class=\"wp-image-8334\" srcset=\"https:\/\/www.contrataciones.gov.py\/dncp\/wp-content\/uploads\/2023\/12\/imagen-28.png 637w, https:\/\/www.contrataciones.gov.py\/dncp\/wp-content\/uploads\/2023\/12\/imagen-28-300x205.png 300w\" sizes=\"auto, (max-width: 637px) 100vw, 637px\" \/><\/figure>\n\n\n\n<p>6. <strong>Una vez ingresado podr\u00e1 visualizar la pantalla de inicio, y acceder a la opci\u00f3n del men\u00fa \u201cListado de usuarios\u201d del Control de Acceso.<\/strong><\/p>\n\n\n\n<figure class=\"wp-block-image size-full\"><img loading=\"lazy\" decoding=\"async\" width=\"724\" height=\"416\" src=\"https:\/\/www.contrataciones.gov.py\/dncp\/wp-content\/uploads\/2023\/12\/imagen-29.png\" alt=\"\" class=\"wp-image-8338\" srcset=\"https:\/\/www.contrataciones.gov.py\/dncp\/wp-content\/uploads\/2023\/12\/imagen-29.png 724w, https:\/\/www.contrataciones.gov.py\/dncp\/wp-content\/uploads\/2023\/12\/imagen-29-300x172.png 300w\" sizes=\"auto, (max-width: 724px) 100vw, 724px\" \/><\/figure>\n\n\n\n<p>7. <strong>Accediendo al men\u00fa Control de Acceso\/Listado de Usuarios podr\u00e1 gestionar todos los usuarios secundarios a su cargo.<\/strong><\/p>\n\n\n\n<p>Accediendo al bot\u00f3n \u201cEditar usuario\u201d podr\u00e1 ver informaci\u00f3n b\u00e1sica y de contacto del usuario y modificar \u00fanicamente la direcci\u00f3n de correo electr\u00f3nico y asignar los perfiles correspondientes.<\/p>\n\n\n\n<figure class=\"wp-block-image size-full\"><img loading=\"lazy\" decoding=\"async\" width=\"933\" height=\"345\" src=\"https:\/\/www.contrataciones.gov.py\/dncp\/wp-content\/uploads\/2023\/12\/imagen-30.png\" alt=\"\" class=\"wp-image-8342\" srcset=\"https:\/\/www.contrataciones.gov.py\/dncp\/wp-content\/uploads\/2023\/12\/imagen-30.png 933w, https:\/\/www.contrataciones.gov.py\/dncp\/wp-content\/uploads\/2023\/12\/imagen-30-300x111.png 300w, https:\/\/www.contrataciones.gov.py\/dncp\/wp-content\/uploads\/2023\/12\/imagen-30-768x284.png 768w\" sizes=\"auto, (max-width: 933px) 100vw, 933px\" \/><\/figure>\n\n\n\n<p>7.1 <strong>Actualizaci\u00f3n de datos y asignaci\u00f3n de perfiles de usuarios secundarios<\/strong><\/p>\n\n\n\n<p>Desde el listado principal, accediendo al bot\u00f3n \u201cEditar usuario\u201d podr\u00e1 ver informaci\u00f3n b\u00e1sica, informaci\u00f3n de contacto del usuario, y modificar \u00fanicamente la direcci\u00f3n de correo electr\u00f3nico, as\u00ed como asignar los perfiles correspondientes.<\/p>\n\n\n\n<figure class=\"wp-block-image size-full\"><img loading=\"lazy\" decoding=\"async\" width=\"933\" height=\"341\" src=\"https:\/\/www.contrataciones.gov.py\/dncp\/wp-content\/uploads\/2023\/12\/imagen-31.png\" alt=\"\" class=\"wp-image-8346\" srcset=\"https:\/\/www.contrataciones.gov.py\/dncp\/wp-content\/uploads\/2023\/12\/imagen-31.png 933w, https:\/\/www.contrataciones.gov.py\/dncp\/wp-content\/uploads\/2023\/12\/imagen-31-300x110.png 300w, https:\/\/www.contrataciones.gov.py\/dncp\/wp-content\/uploads\/2023\/12\/imagen-31-768x281.png 768w\" sizes=\"auto, (max-width: 933px) 100vw, 933px\" \/><\/figure>\n\n\n\n<p>Los perfiles y permisos est\u00e1n ordenados de acuerdo a los diferentes m\u00f3dulos del sistema, y podr\u00e1n seleccionarse y Grabar.<\/p>\n\n\n\n<figure class=\"wp-block-image size-full\"><img loading=\"lazy\" decoding=\"async\" width=\"933\" height=\"210\" src=\"https:\/\/www.contrataciones.gov.py\/dncp\/wp-content\/uploads\/2023\/12\/imagen-32.png\" alt=\"\" class=\"wp-image-8350\" srcset=\"https:\/\/www.contrataciones.gov.py\/dncp\/wp-content\/uploads\/2023\/12\/imagen-32.png 933w, https:\/\/www.contrataciones.gov.py\/dncp\/wp-content\/uploads\/2023\/12\/imagen-32-300x68.png 300w, https:\/\/www.contrataciones.gov.py\/dncp\/wp-content\/uploads\/2023\/12\/imagen-32-768x173.png 768w\" sizes=\"auto, (max-width: 933px) 100vw, 933px\" \/><\/figure>\n\n\n\n<figure class=\"wp-block-image size-full\"><img loading=\"lazy\" decoding=\"async\" width=\"847\" height=\"270\" src=\"https:\/\/www.contrataciones.gov.py\/dncp\/wp-content\/uploads\/2023\/12\/imagen-33.png\" alt=\"\" class=\"wp-image-8354\" srcset=\"https:\/\/www.contrataciones.gov.py\/dncp\/wp-content\/uploads\/2023\/12\/imagen-33.png 847w, https:\/\/www.contrataciones.gov.py\/dncp\/wp-content\/uploads\/2023\/12\/imagen-33-300x96.png 300w, https:\/\/www.contrataciones.gov.py\/dncp\/wp-content\/uploads\/2023\/12\/imagen-33-768x245.png 768w\" sizes=\"auto, (max-width: 847px) 100vw, 847px\" \/><\/figure>\n\n\n\n<p>Es importante recordar que una cuenta de correo electr\u00f3nico solo puede estar asociada a un \u00fanico usuario. Por lo que, si no visualiza a un usuario secundario de su unidad, es probable que el mismo utilice una direcci\u00f3n de correo electr\u00f3nico que ya se encuentre en uso y deber\u00e1 seguir los pasos del numeral 8 de la presente gu\u00eda para \u201cAgregar nuevo usuario secundario\u201d.<\/p>\n\n\n\n<p>8. <strong>Agregar nuevo usuario secundario<\/strong> <\/p>\n\n\n\n<p>Desde el men\u00fa \u201cControl de Acceso\u201d, podr\u00e1 acceder a la opci\u00f3n \u201c<strong>Acciones<\/strong>\u201d y luego \u201c<strong>Agregar Nuevo<\/strong>\u201d se desplegar\u00e1 un men\u00fa de b\u00fasqueda de usuarios en los registros de la DNCP y de la Polic\u00eda Nacional del Paraguay.<\/p>\n\n\n\n<figure class=\"wp-block-image size-full\"><img loading=\"lazy\" decoding=\"async\" width=\"932\" height=\"245\" src=\"https:\/\/www.contrataciones.gov.py\/dncp\/wp-content\/uploads\/2023\/12\/imagen-34.png\" alt=\"\" class=\"wp-image-8358\" srcset=\"https:\/\/www.contrataciones.gov.py\/dncp\/wp-content\/uploads\/2023\/12\/imagen-34.png 932w, https:\/\/www.contrataciones.gov.py\/dncp\/wp-content\/uploads\/2023\/12\/imagen-34-300x79.png 300w, https:\/\/www.contrataciones.gov.py\/dncp\/wp-content\/uploads\/2023\/12\/imagen-34-768x202.png 768w\" sizes=\"auto, (max-width: 932px) 100vw, 932px\" \/><\/figure>\n\n\n\n<p>El usuario administrador deber\u00e1 seleccionar los par\u00e1metros conforme los siguientes casos:<\/p>\n\n\n\n<ol style=\"list-style-type:lower-alpha\" class=\"wp-block-list\">\n<li>Ciudadano natural paraguayo: deber\u00e1 indicar nacionalidad paraguaya y el tipo de documento debe ser CI<\/li>\n\n\n\n<li>Extranjero con cedula de identidad paraguaya: deber\u00e1 indicar la nacionalidad de origen y el tipo de documento debe ser CI para luego cargar el n\u00famero de documento de identidad del usuario que se desea agregar, finalmente accediendo al bot\u00f3n \u201cBuscar\u201d &nbsp;le mostrar\u00e1 los datos del usuario, de todos esos datos, \u00fanicamente se puede modificar la direcci\u00f3n de correo electr\u00f3nico, debiendo asegurarse que la misma no est\u00e1 vinculado a otro usuario activo de la entidad.<\/li>\n<\/ol>\n\n\n\n<figure class=\"wp-block-image size-full\"><img loading=\"lazy\" decoding=\"async\" width=\"857\" height=\"270\" src=\"https:\/\/www.contrataciones.gov.py\/dncp\/wp-content\/uploads\/2023\/12\/imagen-35.png\" alt=\"\" class=\"wp-image-8362\" srcset=\"https:\/\/www.contrataciones.gov.py\/dncp\/wp-content\/uploads\/2023\/12\/imagen-35.png 857w, https:\/\/www.contrataciones.gov.py\/dncp\/wp-content\/uploads\/2023\/12\/imagen-35-300x95.png 300w, https:\/\/www.contrataciones.gov.py\/dncp\/wp-content\/uploads\/2023\/12\/imagen-35-768x242.png 768w\" sizes=\"auto, (max-width: 857px) 100vw, 857px\" \/><\/figure>\n\n\n\n<p>Adem\u00e1s, dentro de la misma visualizaci\u00f3n podr\u00e1 asignar los perfiles que considere necesario para el nuevo usuario secundario y Grabar.<\/p>\n\n\n\n<figure class=\"wp-block-image size-full\"><img loading=\"lazy\" decoding=\"async\" width=\"865\" height=\"183\" src=\"https:\/\/www.contrataciones.gov.py\/dncp\/wp-content\/uploads\/2023\/12\/imagen-36.png\" alt=\"\" class=\"wp-image-8366\" srcset=\"https:\/\/www.contrataciones.gov.py\/dncp\/wp-content\/uploads\/2023\/12\/imagen-36.png 865w, https:\/\/www.contrataciones.gov.py\/dncp\/wp-content\/uploads\/2023\/12\/imagen-36-300x63.png 300w, https:\/\/www.contrataciones.gov.py\/dncp\/wp-content\/uploads\/2023\/12\/imagen-36-768x162.png 768w\" sizes=\"auto, (max-width: 865px) 100vw, 865px\" \/><\/figure>\n\n\n\n<p>Posterior a ello, el Administrador visualizar\u00e1 como \u201cNo Habilitado\u201d hasta tanto el nuevo usuario secundario valide su correo electr\u00f3nico.<\/p>\n\n\n\n<figure class=\"wp-block-image size-full\"><img loading=\"lazy\" decoding=\"async\" width=\"933\" height=\"285\" src=\"https:\/\/www.contrataciones.gov.py\/dncp\/wp-content\/uploads\/2023\/12\/imagen-37.png\" alt=\"\" class=\"wp-image-8370\" srcset=\"https:\/\/www.contrataciones.gov.py\/dncp\/wp-content\/uploads\/2023\/12\/imagen-37.png 933w, https:\/\/www.contrataciones.gov.py\/dncp\/wp-content\/uploads\/2023\/12\/imagen-37-300x92.png 300w, https:\/\/www.contrataciones.gov.py\/dncp\/wp-content\/uploads\/2023\/12\/imagen-37-768x235.png 768w\" sizes=\"auto, (max-width: 933px) 100vw, 933px\" \/><\/figure>\n\n\n\n<p>En el correo electr\u00f3nico declarado por el Administrador, el usuario secundario recibir\u00e1 un enlace que le permitir\u00e1 asignar su contrase\u00f1a, y as\u00ed validar su cuenta de correo. La elecci\u00f3n de la contrase\u00f1a deber\u00e1 cumplir con los requisitos m\u00ednimos.<\/p>\n\n\n\n<figure class=\"wp-block-image size-full\"><img loading=\"lazy\" decoding=\"async\" width=\"521\" height=\"211\" src=\"https:\/\/www.contrataciones.gov.py\/dncp\/wp-content\/uploads\/2023\/12\/imagen-38.png\" alt=\"\" class=\"wp-image-8374\" srcset=\"https:\/\/www.contrataciones.gov.py\/dncp\/wp-content\/uploads\/2023\/12\/imagen-38.png 521w, https:\/\/www.contrataciones.gov.py\/dncp\/wp-content\/uploads\/2023\/12\/imagen-38-300x121.png 300w\" sizes=\"auto, (max-width: 521px) 100vw, 521px\" \/><\/figure>\n\n\n\n<figure class=\"wp-block-image size-full\"><img loading=\"lazy\" decoding=\"async\" width=\"383\" height=\"297\" src=\"https:\/\/www.contrataciones.gov.py\/dncp\/wp-content\/uploads\/2023\/12\/imagen-39.png\" alt=\"\" class=\"wp-image-8378\" srcset=\"https:\/\/www.contrataciones.gov.py\/dncp\/wp-content\/uploads\/2023\/12\/imagen-39.png 383w, https:\/\/www.contrataciones.gov.py\/dncp\/wp-content\/uploads\/2023\/12\/imagen-39-300x233.png 300w\" sizes=\"auto, (max-width: 383px) 100vw, 383px\" \/><\/figure>\n\n\n\n<p>Finalmente, el nuevo usuario secundario se encuentra \u201cHabilitado\u201d.<\/p>\n\n\n\n<figure class=\"wp-block-image size-full\"><img loading=\"lazy\" decoding=\"async\" width=\"913\" height=\"275\" src=\"https:\/\/www.contrataciones.gov.py\/dncp\/wp-content\/uploads\/2023\/12\/imagen-40.png\" alt=\"\" class=\"wp-image-8382\" srcset=\"https:\/\/www.contrataciones.gov.py\/dncp\/wp-content\/uploads\/2023\/12\/imagen-40.png 913w, https:\/\/www.contrataciones.gov.py\/dncp\/wp-content\/uploads\/2023\/12\/imagen-40-300x90.png 300w, https:\/\/www.contrataciones.gov.py\/dncp\/wp-content\/uploads\/2023\/12\/imagen-40-768x231.png 768w\" sizes=\"auto, (max-width: 913px) 100vw, 913px\" \/><\/figure>\n","protected":false},"excerpt":{"rendered":"2. Accede al men\u00fa M\u00f3dulos\/Usuarios\/B\u00fasqueda de Usuarios y ser\u00e1 redirigido al nuevo m\u00f3dulo de Usuarios. 3. El nuevo m\u00f3dulo de gesti\u00f3n de usuarios le pedir\u00e1 ingresar de nuevo su usuario y contrase\u00f1a. 4. Seguidamente deber\u00e1 actualizar su contrase\u00f1a y aceptar los nuevos t\u00e9rminos 5. Luego de cambiar la contrase\u00f1a le mostrar\u00e1 el siguiente mensaje, y [&hellip;]","protected":false},"author":26,"featured_media":0,"parent":8410,"menu_order":0,"comment_status":"closed","ping_status":"closed","template":"","meta":{"footnotes":""},"class_list":["post-8310","page","type-page","status-publish","hentry"],"_links":{"self":[{"href":"https:\/\/www.contrataciones.gov.py\/dncp\/wp-json\/wp\/v2\/pages\/8310","targetHints":{"allow":["GET"]}}],"collection":[{"href":"https:\/\/www.contrataciones.gov.py\/dncp\/wp-json\/wp\/v2\/pages"}],"about":[{"href":"https:\/\/www.contrataciones.gov.py\/dncp\/wp-json\/wp\/v2\/types\/page"}],"author":[{"embeddable":true,"href":"https:\/\/www.contrataciones.gov.py\/dncp\/wp-json\/wp\/v2\/users\/26"}],"replies":[{"embeddable":true,"href":"https:\/\/www.contrataciones.gov.py\/dncp\/wp-json\/wp\/v2\/comments?post=8310"}],"version-history":[{"count":6,"href":"https:\/\/www.contrataciones.gov.py\/dncp\/wp-json\/wp\/v2\/pages\/8310\/revisions"}],"predecessor-version":[{"id":16984,"href":"https:\/\/www.contrataciones.gov.py\/dncp\/wp-json\/wp\/v2\/pages\/8310\/revisions\/16984"}],"up":[{"embeddable":true,"href":"https:\/\/www.contrataciones.gov.py\/dncp\/wp-json\/wp\/v2\/pages\/8410"}],"wp:attachment":[{"href":"https:\/\/www.contrataciones.gov.py\/dncp\/wp-json\/wp\/v2\/media?parent=8310"}],"curies":[{"name":"wp","href":"https:\/\/api.w.org\/{rel}","templated":true}]}}