{"id":910,"date":"2023-04-26T17:49:10","date_gmt":"2023-04-26T21:49:10","guid":{"rendered":"https:\/\/www.contrataciones.gov.py\/dncp\/?page_id=910"},"modified":"2024-12-05T12:10:36","modified_gmt":"2024-12-05T15:10:36","slug":"reconsideraciones-electronicas","status":"publish","type":"page","link":"https:\/\/www.contrataciones.gov.py\/dncp\/tramites-juridicos-electronicos\/reconsideraciones-electronicas\/","title":{"rendered":"Reconsideraciones Electr\u00f3nicas"},"content":{"rendered":"\n<figure class=\"wp-block-image size-large\"><img loading=\"lazy\" decoding=\"async\" width=\"1024\" height=\"217\" src=\"https:\/\/www.contrataciones.gov.py\/dncp\/wp-content\/uploads\/2024\/12\/actualizacion-de-usuarios-de-Unidades-de-Contratacion_WEB-9-4-1024x217.jpg\" alt=\"\" class=\"wp-image-13531\" srcset=\"https:\/\/www.contrataciones.gov.py\/dncp\/wp-content\/uploads\/2024\/12\/actualizacion-de-usuarios-de-Unidades-de-Contratacion_WEB-9-4-1024x217.jpg 1024w, https:\/\/www.contrataciones.gov.py\/dncp\/wp-content\/uploads\/2024\/12\/actualizacion-de-usuarios-de-Unidades-de-Contratacion_WEB-9-4-300x63.jpg 300w, https:\/\/www.contrataciones.gov.py\/dncp\/wp-content\/uploads\/2024\/12\/actualizacion-de-usuarios-de-Unidades-de-Contratacion_WEB-9-4-768x162.jpg 768w, https:\/\/www.contrataciones.gov.py\/dncp\/wp-content\/uploads\/2024\/12\/actualizacion-de-usuarios-de-Unidades-de-Contratacion_WEB-9-4-1536x325.jpg 1536w, https:\/\/www.contrataciones.gov.py\/dncp\/wp-content\/uploads\/2024\/12\/actualizacion-de-usuarios-de-Unidades-de-Contratacion_WEB-9-4.jpg 1920w\" sizes=\"auto, (max-width: 1024px) 100vw, 1024px\" \/><\/figure>\n\n\n\n<p>El M\u00f3dulo de Reconsideraciones correspondiente al Sistema de Tr\u00e1mites Jur\u00eddico Electr\u00f3nico espec\u00edficamente consiste en la herramienta a trav\u00e9s de la cual, las partes en un procedimiento electr\u00f3nico podr\u00e1n interponer recurso de reconsideraci\u00f3n, as\u00ed como contestar el recurso interpuesto, realizar las presentaciones adicionales que consideren pertinentes y realizar el seguimiento de sus procedimientos jur\u00eddicos electr\u00f3nicos sustanciados ante la Direcci\u00f3n Jur\u00eddica de la DNCP, a trav\u00e9s del link proporcionado, sin necesidad de realizar sus presentaciones a trav\u00e9s de mesa de entrada f\u00edsica, lo que implica un ahorro de tiempo, dinero y mayores facilidades para el usuario.<\/p>\n\n\n\n<p><a href=\"https:\/\/www.contrataciones.gov.py\/stje\/solicitud-cambio-correo-contacto\/reconsideracion.html\" data-type=\"URL\" data-id=\"https:\/\/www.contrataciones.gov.py\/stje\/solicitud-cambio-correo-contacto\/reconsideracion.html\"><u>Formulario de Cambio de Correo de Contacto<\/u><\/a><\/p>\n\n\n\n<p>Si usted tiene alg\u00fan inconveniente con el uso del sistema de tr\u00e1mite jur\u00eddico electr\u00f3nico de Reconsideraciones por favor deje sus comentarios aqu\u00ed, realice una descripci\u00f3n detallada del problema y agregue el print de pantalla correspondiente.<\/p>\n\n\n\n<p><a href=\"https:\/\/www.contrataciones.gov.py\/mesa-de-ayuda.html?destino=18\" data-type=\"URL\" data-id=\"https:\/\/www.contrataciones.gov.py\/mesa-de-ayuda.html?destino=18\"><u>Reclamos sobre el uso del Sistema de Reconsideraciones<\/u><\/a><\/p>\n\n\n\n<h4 class=\"wp-block-heading\"><strong>Normas Vinculadas<\/strong><\/h4>\n\n\n\n\r\n<div class=\"table-responsive\">\r\n<table class=\"table table-striped table-bordered table-hover\">\r\n\t<thead>\r\n\t  <tr>\r\n\t\t<th>Descripci\u00f3n<\/th>\r\n\t\t<th class=\"text-center\">Descarga<\/th>\r\n\t  <\/tr>\r\n\t<\/thead>\r\n\t<tbody>\r\n\t\t\t\t\t<tr>\r\n\t\t\t\t<td>RESOLUCION DNCP N\u00b0 572\/20 POR LA CUAL SE ABROGA LA RESOLUCI\u00d3N DNCP N\u00ba 5702\/2019 Y SE REGLAMENTA LOS PROCEDIMIENTOS SUSTANCIADOS EN LA DIRECCI\u00d3N JUR\u00cdDICA DE LA DIRECCI\u00d3N NACIONAL DE CONTRATACIONES P\u00daBLICAS<\/td>\r\n\t\t\t\t<td class=\"center\"><p class=\"text-center\"><a target=\"blank\" href=\"https:\/\/www.contrataciones.gov.py\/t\/download\/NormasManuales\/40\"><i class=\"fa fa-download\"><\/i><\/a><\/p><\/td>\r\n\t\t\t<\/tbody>\r\n<\/table>\n\n\n\n\n\n<h4 class=\"wp-block-heading\"><strong>Manuales de Uso<\/strong><\/h4>\n\n\n\n\r\n<div class=\"table-responsive\">\r\n<table class=\"table table-striped table-bordered table-hover\">\r\n\t<thead>\r\n\t  <tr>\r\n\t\t<th>Descripci\u00f3n<\/th>\r\n\t\t<th class=\"text-center\">Descarga<\/th>\r\n\t  <\/tr>\r\n\t<\/thead>\r\n\t<tbody>\r\n\t\t\t\t\t<tr>\r\n\t\t\t\t<td>Guia de Reclamos del STJE<\/td>\r\n\t\t\t\t<td class=\"center\"><p class=\"text-center\"><a target=\"blank\" href=\"https:\/\/www.contrataciones.gov.py\/t\/download\/NormasManuales\/30\"><i class=\"fa fa-download\"><\/i><\/a><\/p><\/td>\r\n\t\t\t\t\t<tr>\r\n\t\t\t\t<td>Manual del Usuario para Reconsideraciones<\/td>\r\n\t\t\t\t<td class=\"center\"><p class=\"text-center\"><a target=\"blank\" href=\"https:\/\/www.contrataciones.gov.py\/t\/download\/NormasManuales\/24\"><i class=\"fa fa-download\"><\/i><\/a><\/p><\/td>\r\n\t\t\t<\/tbody>\r\n<\/table>\n\n\n\n\n\n<h4 class=\"wp-block-heading\"><strong>Avisos<\/strong><\/h4>\n\n\n\n<p>Los formularios de \u201ccambio de correo electr\u00f3nico\u201d y \u201caceptaci\u00f3n del uso del sistema\u201d no constituyen la v\u00eda id\u00f3nea para la presentaci\u00f3n del recurso de reconsideraci\u00f3n de forma electr\u00f3nica.<br>La misma debe ser presentada conforme lo establecido en el art. 4 de la Resoluci\u00f3n DNCP N\u00b0 1403\/18, y conforme a las indicaciones contenidas en el Manual del Usuario, aprobado a trav\u00e9s de la citada resoluci\u00f3n.<\/p>\n\n\n\n<p>Ante errores del sistema, favor utilizar el mecanismo de \u201cmesa de ayuda\u201d. Para acceder a \u201cmesa de ayuda\u201d, debe ingresar primeramente al sitio web www.contrataciones.gov.py, luego dar clic a la pesta\u00f1a \u201cservicio\u201d.<br>El sistema desplegar\u00e1 una lista de opciones, debi\u00e9ndose seleccionar la pesta\u00f1a \u201cmesa de ayuda\u201d. Una vez seleccionada la opci\u00f3n \u201cmesa de ayuda\u201d, se desplegar\u00e1 el formulario correspondiente, cargue correctamente todos los datos.<br>En el campo \u201cDestino\u201d debe seleccionar la opci\u00f3n \u201creclamos sobre el uso del sistema de reconsideraciones\u201d. En el campo \u201cconsulta\/sugerencia\u201d debe realizar una descripci\u00f3n detallada del problema.<br>Tambi\u00e9n encontrar\u00e1 un acceso directo en esta p\u00e1gina, en el formulario descrito como: \u201cMesa de Ayuda \u2013 Reclamos sobre el uso del Sistema de Reconsideraciones\u201d.<\/p>\n\n\n\n<p><\/p>\n","protected":false},"excerpt":{"rendered":"El M\u00f3dulo de Reconsideraciones correspondiente al Sistema de Tr\u00e1mites Jur\u00eddico Electr\u00f3nico espec\u00edficamente consiste en la herramienta a trav\u00e9s de la cual, las partes en un procedimiento electr\u00f3nico podr\u00e1n interponer recurso de reconsideraci\u00f3n, as\u00ed como contestar el recurso interpuesto, realizar las presentaciones adicionales que consideren pertinentes y realizar el seguimiento de sus procedimientos jur\u00eddicos electr\u00f3nicos sustanciados [&hellip;]","protected":false},"author":8,"featured_media":0,"parent":701,"menu_order":4,"comment_status":"closed","ping_status":"closed","template":"","meta":{"footnotes":""},"class_list":["post-910","page","type-page","status-publish","hentry"],"_links":{"self":[{"href":"https:\/\/www.contrataciones.gov.py\/dncp\/wp-json\/wp\/v2\/pages\/910","targetHints":{"allow":["GET"]}}],"collection":[{"href":"https:\/\/www.contrataciones.gov.py\/dncp\/wp-json\/wp\/v2\/pages"}],"about":[{"href":"https:\/\/www.contrataciones.gov.py\/dncp\/wp-json\/wp\/v2\/types\/page"}],"author":[{"embeddable":true,"href":"https:\/\/www.contrataciones.gov.py\/dncp\/wp-json\/wp\/v2\/users\/8"}],"replies":[{"embeddable":true,"href":"https:\/\/www.contrataciones.gov.py\/dncp\/wp-json\/wp\/v2\/comments?post=910"}],"version-history":[{"count":8,"href":"https:\/\/www.contrataciones.gov.py\/dncp\/wp-json\/wp\/v2\/pages\/910\/revisions"}],"predecessor-version":[{"id":13535,"href":"https:\/\/www.contrataciones.gov.py\/dncp\/wp-json\/wp\/v2\/pages\/910\/revisions\/13535"}],"up":[{"embeddable":true,"href":"https:\/\/www.contrataciones.gov.py\/dncp\/wp-json\/wp\/v2\/pages\/701"}],"wp:attachment":[{"href":"https:\/\/www.contrataciones.gov.py\/dncp\/wp-json\/wp\/v2\/media?parent=910"}],"curies":[{"name":"wp","href":"https:\/\/api.w.org\/{rel}","templated":true}]}}